{"id":724036,"date":"2025-08-27T19:28:43","date_gmt":"2025-08-27T16:28:43","guid":{"rendered":"https:\/\/roveyayinevi.com.tr\/index.php\/urun\/edebiyat-eylemi-ve-nuri-pakdil\/"},"modified":"2026-04-16T02:31:54","modified_gmt":"2026-04-15T23:31:54","slug":"edebiyat-eylemi-ve-nuri-pakdil","status":"publish","type":"product","link":"https:\/\/roveyayinevi.com.tr\/index.php\/urun\/edebiyat-eylemi-ve-nuri-pakdil\/","title":{"rendered":"Edebiyat Eylemi ve Nuri Pakdil"},"content":{"rendered":"<p>T\u00fcrk edebiyat\u0131n\u0131n ya\u015fayan en \u00f6nemli de\u011ferlerinden \u00f6d\u00fcll\u00fc \u00f6yk\u00fcc\u00fc ve denemeci H\u00fcseyin Su\u2019dan b\u00fcy\u00fck usta Nuri Pakdil\u2019le ilgili bir an\u0131t, bir \u00f6l\u00fcms\u00fcz eser&#8230; Nuri Pakdil; hi\u00e7 ku\u015fkusuz yaln\u0131z T\u00fcrk edebiyat\u0131n\u0131n de\u011fil, son bir as\u0131rl\u0131k tarihimizin ve b\u00fct\u00fcn bir T\u00fcrkiye serencam\u0131n\u0131n g\u00f6z ard\u0131 edilemez fig\u00fcrlerinden bir dava adam\u0131, bir klas duru\u015f efendisi, bir b\u00fcy\u00fck usta. Edebiyat Eylemi ve Nuri Pakdil\u2019de \u00fcstat hakk\u0131nda d\u00fczenlenmi\u015f be\u015f ilmi toplant\u0131da tebli\u011f edilen bildirilerin derlemesini bulacaks\u0131n\u0131z. Edebiyat Eylemi ve Nuri Pakdil\u2019i v\u00fccuda getiren b\u00fct\u00fcn bildiriler Nuri Pakdil\u2019i bizzat tan\u0131yan, bizzat rahle-i tedrisat\u0131ndan ge\u00e7erek terbiyesini alm\u0131\u015f; ya\u015fant\u0131s\u0131na, duru\u015funa, kavgas\u0131na \u00f6n saflardan tan\u0131kl\u0131k etmi\u015f yahut kendi \u015fahsiyetini O\u2019nun n\u00fcfuzuyla bulmu\u015f, edebiyat ve akademi \u00e7evrelerine O\u2019nun dergileriyle, O\u2019nun y\u00f6nlendirmesiyle girmi\u015f isimler taraf\u0131ndan tebli\u011f edildi. Bu a\u00e7\u0131dan elinizdeki derleme; duru\u015fuyla, m\u00fccadelesiyle, ya\u015fant\u0131s\u0131yla, \u015fahsiyetiyle, eserleriyle insan\u0131 -bir zamanlar Yahya Kemal\u2019in \u0130bn\u00fclemin i\u00e7in dedi\u011fi \u00fczere- \u201cHezar g\u0131pta o devr-i kad\u00eem efendisine \/ Ne kendi kimseye benzer, ne kimse kendisine!\u201d diye hayk\u0131rtan b\u00fcy\u00fck \u00fcstad\u0131 etrafl\u0131ca tan\u0131mak, miras\u0131n\u0131 y\u00fcklenmek ve lay\u0131k\u0131yla hat\u0131rlamak i\u00e7in ka\u00e7\u0131r\u0131lmamas\u0131 gereken bir f\u0131rsat. \u201cHat\u0131rlamayan insan kendisini gelece\u011fe de ge\u00e7mi\u015fe de kapat\u0131r. Hat\u0131rlamayan insan kendinde, kendisiyle k\u00f6rle\u015fir.\u201d diyen H\u00fcseyin Su\u2019nun \u00e7abas\u0131yla gelece\u011fe de ge\u00e7mi\u015fe de kapanmamak, k\u00f6rle\u015fmemek i\u00e7in kolektif ve klas bir hat\u0131rlama eylemi&#8230; <\/p>\n","protected":false},"excerpt":{"rendered":"<p>T\u00fcrk edebiyat\u0131n\u0131n ya\u015fayan en \u00f6nemli de\u011ferlerinden \u00f6d\u00fcll\u00fc \u00f6yk\u00fcc\u00fc ve denemeci H\u00fcseyin Su\u2019dan b\u00fcy\u00fck usta Nuri Pakdil\u2019le ilgili bir an\u0131t, bir \u00f6l\u00fcms\u00fcz eser&#8230; Nuri Pakdil; hi\u00e7 ku\u015fkusuz<span class=\"excerpt-hellip\"> [\u2026]<\/span><\/p>\n","protected":false},"featured_media":0,"template":"","meta":{"_monsterinsights_skip_tracking":false,"_monsterinsights_sitenote_active":false,"_monsterinsights_sitenote_note":"","_monsterinsights_sitenote_category":0},"product_brand":[],"product_cat":[13072,12291],"product_tag":[],"class_list":{"0":"post-724036","1":"product","2":"type-product","3":"status-publish","5":"product_cat-arastirma-inceleme-referans","6":"product_cat-edebiyat","7":"pa_cilt-ciltsiz","8":"pa_tur-kitap","9":"pa_yayinevi-ketebe-yayinlari","10":"pa_yazar-huseyin-su","12":"first","13":"instock","14":"sale","15":"shipping-taxable","16":"purchasable","17":"product-type-simple"},"_links":{"self":[{"href":"https:\/\/roveyayinevi.com.tr\/index.php\/wp-json\/wp\/v2\/product\/724036","targetHints":{"allow":["GET"]}}],"collection":[{"href":"https:\/\/roveyayinevi.com.tr\/index.php\/wp-json\/wp\/v2\/product"}],"about":[{"href":"https:\/\/roveyayinevi.com.tr\/index.php\/wp-json\/wp\/v2\/types\/product"}],"wp:attachment":[{"href":"https:\/\/roveyayinevi.com.tr\/index.php\/wp-json\/wp\/v2\/media?parent=724036"}],"wp:term":[{"taxonomy":"product_brand","embeddable":true,"href":"https:\/\/roveyayinevi.com.tr\/index.php\/wp-json\/wp\/v2\/product_brand?post=724036"},{"taxonomy":"product_cat","embeddable":true,"href":"https:\/\/roveyayinevi.com.tr\/index.php\/wp-json\/wp\/v2\/product_cat?post=724036"},{"taxonomy":"product_tag","embeddable":true,"href":"https:\/\/roveyayinevi.com.tr\/index.php\/wp-json\/wp\/v2\/product_tag?post=724036"}],"curies":[{"name":"wp","href":"https:\/\/api.w.org\/{rel}","templated":true}]}}