{"id":724029,"date":"2025-08-27T19:28:32","date_gmt":"2025-08-27T16:28:32","guid":{"rendered":"https:\/\/roveyayinevi.com.tr\/index.php\/urun\/imparatorlugun-oteki-yuzleri-toplumsal-hiyerarsi-ve-duzen-karsisinda-siradan-hayatlar\/"},"modified":"2026-04-16T02:31:54","modified_gmt":"2026-04-15T23:31:54","slug":"imparatorlugun-oteki-yuzleri-toplumsal-hiyerarsi-ve-duzen-karsisinda-siradan-hayatlar","status":"publish","type":"product","link":"https:\/\/roveyayinevi.com.tr\/index.php\/urun\/imparatorlugun-oteki-yuzleri-toplumsal-hiyerarsi-ve-duzen-karsisinda-siradan-hayatlar\/","title":{"rendered":"\u0130mparatorlu\u011fun \u00d6teki Y\u00fczleri: Toplumsal Hiyerar\u015fi ve D\u00fczen Kar\u015f\u0131s\u0131nda S\u0131radan Hayatlar"},"content":{"rendered":"<p>\u0130mparatorlu\u011fun \u00d6teki Y\u00fczleri, y\u00fczy\u0131llar \u00f6ncesinin mahkeme kay\u0131tlar\u0131n\u0131 temel alarak, geni\u015f imparatorluk topraklar\u0131nda ve uzun bir zaman aral\u0131\u011f\u0131nda \u201csahnenin d\u0131\u015f\u0131nda kalm\u0131\u015f\u201d insanlar\u0131n ya\u015famlar\u0131n\u0131n izini s\u00fcr\u00fcyor. Bu yolculukta kar\u015f\u0131m\u0131za renkli ve hayli s\u0131ra d\u0131\u015f\u0131 kahramanlar \u00e7\u0131k\u0131yor: Ba\u015far\u0131s\u0131z intihar te\u015febb\u00fcsleriyle \u201cyaramaz ve haramzade\u201d Deli \u015eaban, Bursa\u2019n\u0131n Evciler k\u00f6y\u00fcnde ahaliyi can\u0131ndan bezdiren Divane Hamza, kocalar\u0131n\u0131 \u00f6ld\u00fcrt\u00fcp evinin bir odas\u0131n\u0131n zeminine g\u00f6md\u00fcren Konyal\u0131 M\u00e2ryem, m\u00fcderris olaca\u011f\u0131m derken korsanlar\u0131n eline esir d\u00fc\u015fen \u00dcsk\u00fcpl\u00fc Alaeddin, Venedikli simsar Nicol\u00f2 Algarotti ve di\u011ferleri\u2026Kitab\u0131n yazarlar\u0131 belgelere dayanmakla birlikte, bu belgelerin hik\u00e2yeleri tamamlamad\u0131\u011f\u0131 noktalarda kimi kez tahminler y\u00fcr\u00fct\u00fcyor, kimi kez de sorduklar\u0131 sorularla okurun ve ara\u015ft\u0131rmac\u0131lar\u0131n hayal g\u00fcc\u00fcn\u00fc harekete ge\u00e7iriyor. Mikro-tarih bak\u0131\u015f\u0131, tarihyaz\u0131m\u0131nda g\u00fcnden g\u00fcne yerini g\u00fc\u00e7lendiriyor ve bu sayede Osmanl\u0131 tarih literat\u00fcr\u00fcnde \u201cs\u0131radan\u201d say\u0131lan insanlar\u0131n adlar\u0131 metinlere birer birer kaydediliyor.Kitaba kapsaml\u0131 bir sunu\u015f yaz\u0131s\u0131yla katk\u0131da bulunan Suraiya Faroqhi, bir yandan makalelerin foto\u011fraf\u0131n\u0131 \u00e7ekerken, bir yandan da tarihyaz\u0131m\u0131nda kaynak kullan\u0131m\u0131 sorunlar\u0131n\u0131 de\u011ferlendiriyor.F\u0131rat Ya\u015fa, D\u00fczce \u00dcniversitesi Tarih B\u00f6l\u00fcm\u00fc\u2019nde \u00f6\u011fretim \u00fcyesi.<\/p>\n","protected":false},"excerpt":{"rendered":"<p>\u0130mparatorlu\u011fun \u00d6teki Y\u00fczleri, y\u00fczy\u0131llar \u00f6ncesinin mahkeme kay\u0131tlar\u0131n\u0131 temel alarak, geni\u015f imparatorluk topraklar\u0131nda ve uzun bir zaman aral\u0131\u011f\u0131nda \u201csahnenin d\u0131\u015f\u0131nda kalm\u0131\u015f\u201d insanlar\u0131n ya\u015famlar\u0131n\u0131n izini s\u00fcr\u00fcyor. Bu yolculukta<span class=\"excerpt-hellip\"> [\u2026]<\/span><\/p>\n","protected":false},"featured_media":0,"template":"","meta":{"_monsterinsights_skip_tracking":false,"_monsterinsights_sitenote_active":false,"_monsterinsights_sitenote_note":"","_monsterinsights_sitenote_category":0},"product_brand":[],"product_cat":[12370,12304],"product_tag":[],"class_list":{"0":"post-724029","1":"product","2":"type-product","3":"status-publish","5":"product_cat-arastirma-inceleme","6":"product_cat-tarih","7":"pa_cilt-ciltsiz","8":"pa_tur-kitap","9":"pa_yayinevi-koc-universitesi-yayinlari","10":"pa_yazar-firat-yasa","12":"first","13":"instock","14":"sale","15":"shipping-taxable","16":"purchasable","17":"product-type-simple"},"_links":{"self":[{"href":"https:\/\/roveyayinevi.com.tr\/index.php\/wp-json\/wp\/v2\/product\/724029","targetHints":{"allow":["GET"]}}],"collection":[{"href":"https:\/\/roveyayinevi.com.tr\/index.php\/wp-json\/wp\/v2\/product"}],"about":[{"href":"https:\/\/roveyayinevi.com.tr\/index.php\/wp-json\/wp\/v2\/types\/product"}],"wp:attachment":[{"href":"https:\/\/roveyayinevi.com.tr\/index.php\/wp-json\/wp\/v2\/media?parent=724029"}],"wp:term":[{"taxonomy":"product_brand","embeddable":true,"href":"https:\/\/roveyayinevi.com.tr\/index.php\/wp-json\/wp\/v2\/product_brand?post=724029"},{"taxonomy":"product_cat","embeddable":true,"href":"https:\/\/roveyayinevi.com.tr\/index.php\/wp-json\/wp\/v2\/product_cat?post=724029"},{"taxonomy":"product_tag","embeddable":true,"href":"https:\/\/roveyayinevi.com.tr\/index.php\/wp-json\/wp\/v2\/product_tag?post=724029"}],"curies":[{"name":"wp","href":"https:\/\/api.w.org\/{rel}","templated":true}]}}