{"id":724021,"date":"2025-08-27T19:28:26","date_gmt":"2025-08-27T16:28:26","guid":{"rendered":"https:\/\/roveyayinevi.com.tr\/index.php\/urun\/milliyetcilik-2\/"},"modified":"2026-04-16T02:31:54","modified_gmt":"2026-04-15T23:31:54","slug":"milliyetcilik-2","status":"publish","type":"product","link":"https:\/\/roveyayinevi.com.tr\/index.php\/urun\/milliyetcilik-2\/","title":{"rendered":"Milliyet\u00e7ilik"},"content":{"rendered":"<p>Modernle\u015fme ve kapitalizm toplumsal yap\u0131larda derin \u00e7atlaklar olu\u015fturmu\u015flar, bir\u00e7ok yap\u0131n\u0131n radikal bi\u00e7imde d\u00f6n\u00fc\u015fmesinin zeminini haz\u0131rlam\u0131\u015flard\u0131r. D\u00f6n\u00fc\u015fen yap\u0131lar aras\u0131nda milletlerin de oldu\u011fu rahatl\u0131kla s\u00f6ylenebilir. Milliyet\u00e7ilik \u015f\u00fcphesiz modern bir fikirdir. Ancak modern \u00f6ncesi d\u00f6nemde milliyet\u00e7ili\u011fin ba\u015flang\u0131\u00e7 formlar\u0131 mevcuttur. Sistematik bir d\u00fcnya g\u00f6r\u00fc\u015f\u00fc olmasa da bir duyguda\u015fl\u0131k s\u00f6z konusudur.Elinizdeki kitap, bir fikir ya da bir duygu olarak milliyet\u00e7ili\u011fin temel vurgular\u0131 \u00fczerine odaklanarak kavram etraf\u0131nda y\u00fcr\u00fct\u00fclen tart\u0131\u015fmalar\u0131n k\u0131sa bir \u00f6zetini yap\u0131yor. Kitapta T\u00fcrkiye\u2019de milliyet\u00e7ili\u011fin olu\u015fumu geli\u015fimi ve evrimi ele al\u0131n\u0131yor. Bu h\u00e2liyle kitap milliyet\u00e7ilik hakk\u0131nda bilgi sahibi olmak isteyenler i\u00e7in bir giri\u015f mahiyetindedir.<\/p>\n","protected":false},"excerpt":{"rendered":"<p>Modernle\u015fme ve kapitalizm toplumsal yap\u0131larda derin \u00e7atlaklar olu\u015fturmu\u015flar, bir\u00e7ok yap\u0131n\u0131n radikal bi\u00e7imde d\u00f6n\u00fc\u015fmesinin zeminini haz\u0131rlam\u0131\u015flard\u0131r. D\u00f6n\u00fc\u015fen yap\u0131lar aras\u0131nda milletlerin de oldu\u011fu rahatl\u0131kla s\u00f6ylenebilir. Milliyet\u00e7ilik \u015f\u00fcphesiz modern<span class=\"excerpt-hellip\"> [\u2026]<\/span><\/p>\n","protected":false},"featured_media":0,"template":"","meta":{"_monsterinsights_skip_tracking":false,"_monsterinsights_sitenote_active":false,"_monsterinsights_sitenote_note":"","_monsterinsights_sitenote_category":0},"product_brand":[],"product_cat":[12370,12304],"product_tag":[],"class_list":{"0":"post-724021","1":"product","2":"type-product","3":"status-publish","5":"product_cat-arastirma-inceleme","6":"product_cat-tarih","7":"pa_cilt-ciltsiz","8":"pa_tur-kitap","9":"pa_yayinevi-ketebe-yayinlari","10":"pa_yazar-oner-bucukcu","12":"first","13":"instock","14":"sale","15":"shipping-taxable","16":"purchasable","17":"product-type-simple"},"_links":{"self":[{"href":"https:\/\/roveyayinevi.com.tr\/index.php\/wp-json\/wp\/v2\/product\/724021","targetHints":{"allow":["GET"]}}],"collection":[{"href":"https:\/\/roveyayinevi.com.tr\/index.php\/wp-json\/wp\/v2\/product"}],"about":[{"href":"https:\/\/roveyayinevi.com.tr\/index.php\/wp-json\/wp\/v2\/types\/product"}],"wp:attachment":[{"href":"https:\/\/roveyayinevi.com.tr\/index.php\/wp-json\/wp\/v2\/media?parent=724021"}],"wp:term":[{"taxonomy":"product_brand","embeddable":true,"href":"https:\/\/roveyayinevi.com.tr\/index.php\/wp-json\/wp\/v2\/product_brand?post=724021"},{"taxonomy":"product_cat","embeddable":true,"href":"https:\/\/roveyayinevi.com.tr\/index.php\/wp-json\/wp\/v2\/product_cat?post=724021"},{"taxonomy":"product_tag","embeddable":true,"href":"https:\/\/roveyayinevi.com.tr\/index.php\/wp-json\/wp\/v2\/product_tag?post=724021"}],"curies":[{"name":"wp","href":"https:\/\/api.w.org\/{rel}","templated":true}]}}