{"id":724019,"date":"2025-08-27T19:28:25","date_gmt":"2025-08-27T16:28:25","guid":{"rendered":"https:\/\/roveyayinevi.com.tr\/index.php\/urun\/kuyu-4\/"},"modified":"2026-04-16T02:31:54","modified_gmt":"2026-04-15T23:31:54","slug":"kuyu-4","status":"publish","type":"product","link":"https:\/\/roveyayinevi.com.tr\/index.php\/urun\/kuyu-4\/","title":{"rendered":"Kuyu"},"content":{"rendered":"<p>\u201c\u00c7i\u00e7eklerin annemin hastal\u0131\u011f\u0131 y\u00fcz\u00fcnden mi soldu\u011funu yoksa \u00e7i\u00e7eklerin solmas\u0131 y\u00fcz\u00fcnden mi annemin hastaland\u0131\u011f\u0131n\u0131 asla \u00f6\u011frenemedim. Fakat nehrin k\u0131y\u0131s\u0131ndaki eve yerle\u015fmeden bir hafta \u00f6nce annem yata\u011fa d\u00fc\u015ft\u00fc ve bu s\u0131rada \u00e7i\u00e7ekler sanki don onlar\u0131 yakm\u0131\u015f gibi soldular.T\u00fcm bu ya\u015fananlar, annemin iyile\u015fmesini bekleyip beklememe ya da hasta halde al\u0131p yola \u00e7\u0131kma konusunda ne yapaca\u011f\u0131n\u0131 bilmeden bah\u00e7ede dolanan babam\u0131n daha da \u00e7ok can\u0131n\u0131 s\u0131kt\u0131. Belki de annemin sa\u011fl\u0131\u011f\u0131n\u0131n d\u00fczelmesini bekleyecekti ama babam\u0131n annemi hasta halde al\u0131p, ata bindirip gitmemizi h\u0131zland\u0131ran, beklenmedik bir \u015fey daha oldu.Babam\u0131n at\u0131n \u00fczerindeki hasta annem ile yeni eve do\u011fru yola \u00e7\u0131kmas\u0131n\u0131n sebebi kuyunun dibindeki k\u0131rm\u0131z\u0131 benekli bal\u0131klar\u0131n \u00f6lmesiydi. Yani annemin hastalanmas\u0131ndan ve kuyunun etraf\u0131ndaki \u00e7i\u00e7eklerin solmas\u0131ndan birka\u00e7 g\u00fcn sonra kuyunun dibinden k\u00f6t\u00fc bir koku gelmeye ba\u015flad\u0131. Babam bu kokuya sebep olan \u015feyin ne oldu\u011fu g\u00f6rmek i\u00e7in gitti\u011finde sararmaya ba\u015flayan ve uzaktan soluk bez par\u00e7ac\u0131klar\u0131na benzeyen bal\u0131klar\u0131 g\u00f6rd\u00fc.\u201d<\/p>\n","protected":false},"excerpt":{"rendered":"<p>\u201c\u00c7i\u00e7eklerin annemin hastal\u0131\u011f\u0131 y\u00fcz\u00fcnden mi soldu\u011funu yoksa \u00e7i\u00e7eklerin solmas\u0131 y\u00fcz\u00fcnden mi annemin hastaland\u0131\u011f\u0131n\u0131 asla \u00f6\u011frenemedim. Fakat nehrin k\u0131y\u0131s\u0131ndaki eve yerle\u015fmeden bir hafta \u00f6nce annem yata\u011fa d\u00fc\u015ft\u00fc<span class=\"excerpt-hellip\"> [\u2026]<\/span><\/p>\n","protected":false},"featured_media":0,"template":"","meta":{"_monsterinsights_skip_tracking":false,"_monsterinsights_sitenote_active":false,"_monsterinsights_sitenote_note":"","_monsterinsights_sitenote_category":0},"product_brand":[],"product_cat":[12291,12711],"product_tag":[],"class_list":{"0":"post-724019","1":"product","2":"type-product","3":"status-publish","5":"product_cat-edebiyat","6":"product_cat-roman-oyku","7":"pa_cilt-ciltsiz","8":"pa_tur-kitap","9":"pa_yayinevi-ketebe-yayinlari","10":"pa_yazar-kim-mehmeti","12":"first","13":"instock","14":"sale","15":"shipping-taxable","16":"purchasable","17":"product-type-simple"},"_links":{"self":[{"href":"https:\/\/roveyayinevi.com.tr\/index.php\/wp-json\/wp\/v2\/product\/724019","targetHints":{"allow":["GET"]}}],"collection":[{"href":"https:\/\/roveyayinevi.com.tr\/index.php\/wp-json\/wp\/v2\/product"}],"about":[{"href":"https:\/\/roveyayinevi.com.tr\/index.php\/wp-json\/wp\/v2\/types\/product"}],"wp:attachment":[{"href":"https:\/\/roveyayinevi.com.tr\/index.php\/wp-json\/wp\/v2\/media?parent=724019"}],"wp:term":[{"taxonomy":"product_brand","embeddable":true,"href":"https:\/\/roveyayinevi.com.tr\/index.php\/wp-json\/wp\/v2\/product_brand?post=724019"},{"taxonomy":"product_cat","embeddable":true,"href":"https:\/\/roveyayinevi.com.tr\/index.php\/wp-json\/wp\/v2\/product_cat?post=724019"},{"taxonomy":"product_tag","embeddable":true,"href":"https:\/\/roveyayinevi.com.tr\/index.php\/wp-json\/wp\/v2\/product_tag?post=724019"}],"curies":[{"name":"wp","href":"https:\/\/api.w.org\/{rel}","templated":true}]}}