{"id":724012,"date":"2025-08-27T19:28:19","date_gmt":"2025-08-27T16:28:19","guid":{"rendered":"https:\/\/roveyayinevi.com.tr\/index.php\/urun\/tarihten-gelecege-iletisim-teknolojileri\/"},"modified":"2026-04-16T02:31:54","modified_gmt":"2026-04-15T23:31:54","slug":"tarihten-gelecege-iletisim-teknolojileri","status":"publish","type":"product","link":"https:\/\/roveyayinevi.com.tr\/index.php\/urun\/tarihten-gelecege-iletisim-teknolojileri\/","title":{"rendered":"Tarihten Gelece\u011fe \u0130leti\u015fim Teknolojileri"},"content":{"rendered":"<p>Bu \u00e7al\u0131\u015fma, ileti\u015fim teknolojilerini toplumsal ba\u011flam\u0131yla ve ele\u015ftirel bir perspektifle irdelemeyi ama\u00e7lamaktad\u0131r. \u0130leti\u015fim alan\u0131, akademik ve toplumsal ele\u015ftirinin g\u00f6rece daha yayg\u0131n yap\u0131ld\u0131\u011f\u0131 bir alan olarak de\u011ferlendirilebilir. Ancak, ayn\u0131 \u015feyi ileti\u015fim teknolojileri i\u00e7in s\u00f6ylemek pek olanakl\u0131 g\u00f6r\u00fcnm\u00fcyor. Teknoloji ve \u00f6zellikle de ileti\u015fim teknolojileri alan\u0131, mitlerin ve mistifikasyonlar\u0131n toplumsal ele\u015ftiriyi \u00f6nemli \u00f6l\u00e7\u00fcde k\u0131s\u0131tlad\u0131\u011f\u0131 bir alan. Bu nedenle, ileti\u015fim teknolojilerini toplumsal ba\u011flam\u0131yla ve ele\u015ftirel perspektifle irdeleme amac\u0131n\u0131n \u00e7ok da kolay ger\u00e7ekle\u015ftirilemeyecek bir ama\u00e7 oldu\u011funu kabul etmek gerek.Bu \u00e7al\u0131\u015fmayla, T\u00fcrkiye\u2019de de h\u0131zla zenginle\u015fmekte olan ileti\u015fim literat\u00fcr\u00fcne, toplumsal ve ele\u015ftirel bir perspektifle teknoloji vurgusu yaparak katk\u0131da bulunulabilece\u011fi umulmaktad\u0131r. \u00c7al\u0131\u015fma, T\u00fcrkiye\u2019de ileti\u015fim teknolojileri literat\u00fcr\u00fcn\u00fcn geli\u015fmesine y\u00f6nelik bir sosyal bilimci katk\u0131s\u0131 olarak de\u011ferlendirilmelidir. Ancak, gelecek ku\u015fak akademisyenlerin ileti\u015fim teknolojileri \u00e7al\u0131\u015fma alan\u0131nda sosyal bilim-fen\/do\u011fa bilimi ayr\u0131m\u0131n\u0131 marjinalle\u015ftirecek yeni ve daha nitelikli katk\u0131lar sunabilece\u011fini umuyorum.<\/p>\n","protected":false},"excerpt":{"rendered":"<p>Bu \u00e7al\u0131\u015fma, ileti\u015fim teknolojilerini toplumsal ba\u011flam\u0131yla ve ele\u015ftirel bir perspektifle irdelemeyi ama\u00e7lamaktad\u0131r. \u0130leti\u015fim alan\u0131, akademik ve toplumsal ele\u015ftirinin g\u00f6rece daha yayg\u0131n yap\u0131ld\u0131\u011f\u0131 bir alan olarak de\u011ferlendirilebilir.<span class=\"excerpt-hellip\"> [\u2026]<\/span><\/p>\n","protected":false},"featured_media":0,"template":"","meta":{"_monsterinsights_skip_tracking":false,"_monsterinsights_sitenote_active":false,"_monsterinsights_sitenote_note":"","_monsterinsights_sitenote_category":0},"product_brand":[],"product_cat":[15983,13488],"product_tag":[],"class_list":{"0":"post-724012","1":"product","2":"type-product","3":"status-publish","5":"product_cat-iletisim-ve-medya","6":"product_cat-toplum-ve-insan","7":"pa_cilt-ciltsiz","8":"pa_tur-kitap","9":"pa_yayinevi-siyasal-kitabevi","10":"pa_yazar-umit-atabek","12":"first","13":"instock","14":"sale","15":"shipping-taxable","16":"purchasable","17":"product-type-simple"},"_links":{"self":[{"href":"https:\/\/roveyayinevi.com.tr\/index.php\/wp-json\/wp\/v2\/product\/724012","targetHints":{"allow":["GET"]}}],"collection":[{"href":"https:\/\/roveyayinevi.com.tr\/index.php\/wp-json\/wp\/v2\/product"}],"about":[{"href":"https:\/\/roveyayinevi.com.tr\/index.php\/wp-json\/wp\/v2\/types\/product"}],"wp:attachment":[{"href":"https:\/\/roveyayinevi.com.tr\/index.php\/wp-json\/wp\/v2\/media?parent=724012"}],"wp:term":[{"taxonomy":"product_brand","embeddable":true,"href":"https:\/\/roveyayinevi.com.tr\/index.php\/wp-json\/wp\/v2\/product_brand?post=724012"},{"taxonomy":"product_cat","embeddable":true,"href":"https:\/\/roveyayinevi.com.tr\/index.php\/wp-json\/wp\/v2\/product_cat?post=724012"},{"taxonomy":"product_tag","embeddable":true,"href":"https:\/\/roveyayinevi.com.tr\/index.php\/wp-json\/wp\/v2\/product_tag?post=724012"}],"curies":[{"name":"wp","href":"https:\/\/api.w.org\/{rel}","templated":true}]}}