{"id":724001,"date":"2025-08-27T19:28:10","date_gmt":"2025-08-27T16:28:10","guid":{"rendered":"https:\/\/roveyayinevi.com.tr\/index.php\/urun\/edebiyat-ve-toplumsal-cinsiyet\/"},"modified":"2026-04-16T02:31:53","modified_gmt":"2026-04-15T23:31:53","slug":"edebiyat-ve-toplumsal-cinsiyet","status":"publish","type":"product","link":"https:\/\/roveyayinevi.com.tr\/index.php\/urun\/edebiyat-ve-toplumsal-cinsiyet\/","title":{"rendered":"Edebiyat ve Toplumsal Cinsiyet"},"content":{"rendered":"<p>Roman ki\u015fileri insanlar gibi kad\u0131nlardan do\u011fmazlar; yazar\u0131n hen\u00fcz hi\u00e7 kimse taraf\u0131ndan ke\u015ffedilmedi\u011fini ya da hakk\u0131nda \u00f6nemli bir \u015fey s\u00f6ylenmedi\u011fini d\u00fc\u015f\u00fcnd\u00fc\u011f\u00fc temel bir insani olas\u0131l\u0131\u011f\u0131 bir f\u0131nd\u0131k kabu\u011funun i\u00e7ine s\u0131\u011fd\u0131ran bir durum, c\u00fcmle ya da e\u011fretilemeden do\u011farlar\u2026 Roman yazar\u0131n itiraflar\u0131 de\u011fildir; bir tuzak haline gelmi\u015f d\u00fcnyam\u0131zda ya\u015fanan insan ya\u015fam\u0131n\u0131n ara\u015ft\u0131r\u0131lmas\u0131d\u0131r\u2026Varolman\u0131n Dayan\u0131lmaz Hafifli\u011fiKundera<\/p>\n","protected":false},"excerpt":{"rendered":"<p>Roman ki\u015fileri insanlar gibi kad\u0131nlardan do\u011fmazlar; yazar\u0131n hen\u00fcz hi\u00e7 kimse taraf\u0131ndan ke\u015ffedilmedi\u011fini ya da hakk\u0131nda \u00f6nemli bir \u015fey s\u00f6ylenmedi\u011fini d\u00fc\u015f\u00fcnd\u00fc\u011f\u00fc temel bir insani olas\u0131l\u0131\u011f\u0131 bir f\u0131nd\u0131k<span class=\"excerpt-hellip\"> [\u2026]<\/span><\/p>\n","protected":false},"featured_media":0,"template":"","meta":{"_monsterinsights_skip_tracking":false,"_monsterinsights_sitenote_active":false,"_monsterinsights_sitenote_note":"","_monsterinsights_sitenote_category":0},"product_brand":[],"product_cat":[13072,12291],"product_tag":[],"class_list":{"0":"post-724001","1":"product","2":"type-product","3":"status-publish","5":"product_cat-arastirma-inceleme-referans","6":"product_cat-edebiyat","7":"pa_cilt-ciltsiz","8":"pa_tur-kitap","9":"pa_yayinevi-gece-kitapligi","10":"pa_yazar-aziz-seker","12":"first","13":"instock","14":"sale","15":"shipping-taxable","16":"purchasable","17":"product-type-simple"},"_links":{"self":[{"href":"https:\/\/roveyayinevi.com.tr\/index.php\/wp-json\/wp\/v2\/product\/724001","targetHints":{"allow":["GET"]}}],"collection":[{"href":"https:\/\/roveyayinevi.com.tr\/index.php\/wp-json\/wp\/v2\/product"}],"about":[{"href":"https:\/\/roveyayinevi.com.tr\/index.php\/wp-json\/wp\/v2\/types\/product"}],"wp:attachment":[{"href":"https:\/\/roveyayinevi.com.tr\/index.php\/wp-json\/wp\/v2\/media?parent=724001"}],"wp:term":[{"taxonomy":"product_brand","embeddable":true,"href":"https:\/\/roveyayinevi.com.tr\/index.php\/wp-json\/wp\/v2\/product_brand?post=724001"},{"taxonomy":"product_cat","embeddable":true,"href":"https:\/\/roveyayinevi.com.tr\/index.php\/wp-json\/wp\/v2\/product_cat?post=724001"},{"taxonomy":"product_tag","embeddable":true,"href":"https:\/\/roveyayinevi.com.tr\/index.php\/wp-json\/wp\/v2\/product_tag?post=724001"}],"curies":[{"name":"wp","href":"https:\/\/api.w.org\/{rel}","templated":true}]}}