{"id":723965,"date":"2025-08-27T19:27:42","date_gmt":"2025-08-27T16:27:42","guid":{"rendered":"https:\/\/roveyayinevi.com.tr\/index.php\/urun\/gurultu-caginda-sessizlik\/"},"modified":"2026-04-16T02:31:53","modified_gmt":"2026-04-15T23:31:53","slug":"gurultu-caginda-sessizlik","status":"publish","type":"product","link":"https:\/\/roveyayinevi.com.tr\/index.php\/urun\/gurultu-caginda-sessizlik\/","title":{"rendered":"G\u00fcr\u00fclt\u00fc \u00c7a\u011f\u0131nda Sessizlik"},"content":{"rendered":"<p>Norve\u00e7li k\u00e2\u015fif Erling Kagge\u2019den sessizlik \u00fczerine b\u00fcy\u00fcleyici bir anlat\u0131\u2026Kagge G\u00fcr\u00fclt\u00fc \u00c7a\u011f\u0131nda Sessizlik\u2019te \u015fehrin g\u00fcr\u00fclt\u00fcs\u00fcnden, kalabal\u0131klardan, teknolojiyle \u00e7evrelenmi\u015f hayatlar\u0131m\u0131zdan ve yorulmak nedir bilmeyen zihinlerimizden s\u0131yr\u0131l\u0131p sessizli\u011fe nas\u0131l s\u0131\u011f\u0131nabilece\u011fimizi anlat\u0131yor. Sessizlik nedir? Nerede, nas\u0131l bulunur? Ve neden \u00f6nemlidir? Kagge bu sorular\u0131n cevaplar\u0131n\u0131 bulmak i\u00e7in kendi deneyimlerinden yola \u00e7\u0131karak bizlere d\u00fcnyay\u0131 d\u0131\u015far\u0131da b\u0131rakman\u0131n keyfini \u00f6\u011fretiyor, sessizli\u011fin g\u00fcc\u00fcn\u00fc hissetmemiz i\u00e7in \u00e7a\u011fr\u0131da bulunuyor.<\/p>\n","protected":false},"excerpt":{"rendered":"<p>Norve\u00e7li k\u00e2\u015fif Erling Kagge\u2019den sessizlik \u00fczerine b\u00fcy\u00fcleyici bir anlat\u0131\u2026Kagge G\u00fcr\u00fclt\u00fc \u00c7a\u011f\u0131nda Sessizlik\u2019te \u015fehrin g\u00fcr\u00fclt\u00fcs\u00fcnden, kalabal\u0131klardan, teknolojiyle \u00e7evrelenmi\u015f hayatlar\u0131m\u0131zdan ve yorulmak nedir bilmeyen zihinlerimizden s\u0131yr\u0131l\u0131p sessizli\u011fe nas\u0131l<span class=\"excerpt-hellip\"> [\u2026]<\/span><\/p>\n","protected":false},"featured_media":0,"template":"","meta":{"_monsterinsights_skip_tracking":false,"_monsterinsights_sitenote_active":false,"_monsterinsights_sitenote_note":"","_monsterinsights_sitenote_category":0},"product_brand":[],"product_cat":[12291,12711],"product_tag":[],"class_list":{"0":"post-723965","1":"product","2":"type-product","3":"status-publish","5":"product_cat-edebiyat","6":"product_cat-roman-oyku","7":"pa_cilt-ciltsiz","8":"pa_tur-kitap","9":"pa_yayinevi-alfa-yayinlari","10":"pa_yazar-erling-kagge","12":"first","13":"instock","14":"sale","15":"shipping-taxable","16":"purchasable","17":"product-type-simple"},"_links":{"self":[{"href":"https:\/\/roveyayinevi.com.tr\/index.php\/wp-json\/wp\/v2\/product\/723965","targetHints":{"allow":["GET"]}}],"collection":[{"href":"https:\/\/roveyayinevi.com.tr\/index.php\/wp-json\/wp\/v2\/product"}],"about":[{"href":"https:\/\/roveyayinevi.com.tr\/index.php\/wp-json\/wp\/v2\/types\/product"}],"wp:attachment":[{"href":"https:\/\/roveyayinevi.com.tr\/index.php\/wp-json\/wp\/v2\/media?parent=723965"}],"wp:term":[{"taxonomy":"product_brand","embeddable":true,"href":"https:\/\/roveyayinevi.com.tr\/index.php\/wp-json\/wp\/v2\/product_brand?post=723965"},{"taxonomy":"product_cat","embeddable":true,"href":"https:\/\/roveyayinevi.com.tr\/index.php\/wp-json\/wp\/v2\/product_cat?post=723965"},{"taxonomy":"product_tag","embeddable":true,"href":"https:\/\/roveyayinevi.com.tr\/index.php\/wp-json\/wp\/v2\/product_tag?post=723965"}],"curies":[{"name":"wp","href":"https:\/\/api.w.org\/{rel}","templated":true}]}}