{"id":723938,"date":"2025-08-27T19:27:19","date_gmt":"2025-08-27T16:27:19","guid":{"rendered":"https:\/\/roveyayinevi.com.tr\/index.php\/urun\/attila-kumandan-8\/"},"modified":"2026-04-16T02:31:52","modified_gmt":"2026-04-15T23:31:52","slug":"attila-kumandan-8","status":"publish","type":"product","link":"https:\/\/roveyayinevi.com.tr\/index.php\/urun\/attila-kumandan-8\/","title":{"rendered":"Attila &#8211; Kumandan 8"},"content":{"rendered":"<p>B\u00fcy\u00fck Hun \u0130mparatorlu\u011fu \u00f6nce b\u00f6l\u00fcnm\u00fc\u015f sonra da da\u011f\u0131lm\u0131\u015ft\u0131r. Devlet gelene\u011fi kazanan T\u00fcrk boylar\u0131 yeni bir bayrak alt\u0131nda toplanmak i\u00e7in Balamir\u2019in \u00f6nderli\u011finde bat\u0131ya do\u011fru ilerlemi\u015flerdir. Ancak bu topraklar\u0131 yurt edinmek hi\u00e7 kolay olmayacakt\u0131r.Barbar kavimler, Do\u011fu ve Bat\u0131 Roma \u0130mparatorluklar\u0131 her f\u0131rsatta sald\u0131rarak yeni kom\u015fular\u0131n\u0131 yok edebileceklerini sanmaktad\u0131rlar.Avrupa Hun \u0130mparatorlu\u011fu\u2019nun kurulu\u015funa, adaletin Avrupa\u2019da in\u015fas\u0131na, azim ve kararl\u0131l\u0131kla tarihin yaz\u0131l\u0131\u015f\u0131na tan\u0131k olman i\u00e7in Attila seni bekliyor.<\/p>\n","protected":false},"excerpt":{"rendered":"<p>B\u00fcy\u00fck Hun \u0130mparatorlu\u011fu \u00f6nce b\u00f6l\u00fcnm\u00fc\u015f sonra da da\u011f\u0131lm\u0131\u015ft\u0131r. Devlet gelene\u011fi kazanan T\u00fcrk boylar\u0131 yeni bir bayrak alt\u0131nda toplanmak i\u00e7in Balamir\u2019in \u00f6nderli\u011finde bat\u0131ya do\u011fru ilerlemi\u015flerdir. Ancak bu<span class=\"excerpt-hellip\"> [\u2026]<\/span><\/p>\n","protected":false},"featured_media":0,"template":"","meta":{"_monsterinsights_skip_tracking":false,"_monsterinsights_sitenote_active":false,"_monsterinsights_sitenote_note":"","_monsterinsights_sitenote_category":0},"product_brand":[],"product_cat":[12291,12745],"product_tag":[],"class_list":{"0":"post-723938","1":"product","2":"type-product","3":"status-publish","5":"product_cat-edebiyat","6":"product_cat-tarihi-roman","7":"pa_cilt-ciltsiz","8":"pa_tur-kitap","9":"pa_yayinevi-acayip-kitaplar","10":"pa_yazar-yigit-recep-efe","12":"first","13":"instock","14":"sale","15":"shipping-taxable","16":"purchasable","17":"product-type-simple"},"_links":{"self":[{"href":"https:\/\/roveyayinevi.com.tr\/index.php\/wp-json\/wp\/v2\/product\/723938","targetHints":{"allow":["GET"]}}],"collection":[{"href":"https:\/\/roveyayinevi.com.tr\/index.php\/wp-json\/wp\/v2\/product"}],"about":[{"href":"https:\/\/roveyayinevi.com.tr\/index.php\/wp-json\/wp\/v2\/types\/product"}],"wp:attachment":[{"href":"https:\/\/roveyayinevi.com.tr\/index.php\/wp-json\/wp\/v2\/media?parent=723938"}],"wp:term":[{"taxonomy":"product_brand","embeddable":true,"href":"https:\/\/roveyayinevi.com.tr\/index.php\/wp-json\/wp\/v2\/product_brand?post=723938"},{"taxonomy":"product_cat","embeddable":true,"href":"https:\/\/roveyayinevi.com.tr\/index.php\/wp-json\/wp\/v2\/product_cat?post=723938"},{"taxonomy":"product_tag","embeddable":true,"href":"https:\/\/roveyayinevi.com.tr\/index.php\/wp-json\/wp\/v2\/product_tag?post=723938"}],"curies":[{"name":"wp","href":"https:\/\/api.w.org\/{rel}","templated":true}]}}