{"id":723935,"date":"2025-08-27T19:27:17","date_gmt":"2025-08-27T16:27:17","guid":{"rendered":"https:\/\/roveyayinevi.com.tr\/index.php\/urun\/karanligin-rengi\/"},"modified":"2026-04-16T02:31:52","modified_gmt":"2026-04-15T23:31:52","slug":"karanligin-rengi","status":"publish","type":"product","link":"https:\/\/roveyayinevi.com.tr\/index.php\/urun\/karanligin-rengi\/","title":{"rendered":"Karanl\u0131\u011f\u0131n Rengi"},"content":{"rendered":"<p>Danny, onu amans\u0131z bir maceraya s\u00fcr\u00fckleyen taroyu g\u00f6merek normal hayat\u0131na geri d\u00f6nm\u00fc\u015ft\u00fcr.Sihir ve gizemi art\u0131k arkas\u0131nda b\u0131rakt\u0131\u011f\u0131n\u0131 d\u00fc\u015f\u00fcn\u00fcr ama yan\u0131ld\u0131\u011f\u0131n\u0131 anlamas\u0131 uzun s\u00fcrmeyecektir.F\u0131rt\u0131nalar Kitab\u0131\u2019n\u0131 bulurken Danny\u2019ye yard\u0131m eden Tom, karanl\u0131k bir g\u00fcc\u00fcn esiri olmu\u015ftur.Tom\u2019u bulmak ve insanl\u0131\u011f\u0131 yok etmeye \u00e7al\u0131\u015fan k\u00f6t\u00fcl\u00fc\u011fe engel olmak i\u00e7in zaman daralmaktad\u0131r.Bu \u00f6l\u00fcmc\u00fcl g\u00f6revde Cath isimli tuhaf bir k\u0131z Danny\u2019ye e\u015flik edecektir.Kald\u0131\u011f\u0131 yerden devam eden bu fantastik macerada Danny\u2019nin karanl\u0131k g\u00fc\u00e7le ve kar\u015f\u0131s\u0131na \u00e7\u0131kan t\u00fcm zorluklarla olan m\u00fccadelesine sen de kat\u0131l!<\/p>\n","protected":false},"excerpt":{"rendered":"<p>Danny, onu amans\u0131z bir maceraya s\u00fcr\u00fckleyen taroyu g\u00f6merek normal hayat\u0131na geri d\u00f6nm\u00fc\u015ft\u00fcr.Sihir ve gizemi art\u0131k arkas\u0131nda b\u0131rakt\u0131\u011f\u0131n\u0131 d\u00fc\u015f\u00fcn\u00fcr ama yan\u0131ld\u0131\u011f\u0131n\u0131 anlamas\u0131 uzun s\u00fcrmeyecektir.F\u0131rt\u0131nalar Kitab\u0131\u2019n\u0131 bulurken Danny\u2019ye<span class=\"excerpt-hellip\"> [\u2026]<\/span><\/p>\n","protected":false},"featured_media":0,"template":"","meta":{"_monsterinsights_skip_tracking":false,"_monsterinsights_sitenote_active":false,"_monsterinsights_sitenote_note":"","_monsterinsights_sitenote_category":0},"product_brand":[],"product_cat":[12275,12274],"product_tag":[],"class_list":{"0":"post-723935","1":"product","2":"type-product","3":"status-publish","5":"product_cat-6-12-yas-kitaplari","6":"product_cat-cocuk-ve-genclik-kitaplari","7":"pa_cilt-ciltsiz","8":"pa_tur-kitap","9":"pa_yayinevi-acayip-kitaplar","10":"pa_yazar-ruth-hatfield","12":"first","13":"instock","14":"sale","15":"shipping-taxable","16":"purchasable","17":"product-type-simple"},"_links":{"self":[{"href":"https:\/\/roveyayinevi.com.tr\/index.php\/wp-json\/wp\/v2\/product\/723935","targetHints":{"allow":["GET"]}}],"collection":[{"href":"https:\/\/roveyayinevi.com.tr\/index.php\/wp-json\/wp\/v2\/product"}],"about":[{"href":"https:\/\/roveyayinevi.com.tr\/index.php\/wp-json\/wp\/v2\/types\/product"}],"wp:attachment":[{"href":"https:\/\/roveyayinevi.com.tr\/index.php\/wp-json\/wp\/v2\/media?parent=723935"}],"wp:term":[{"taxonomy":"product_brand","embeddable":true,"href":"https:\/\/roveyayinevi.com.tr\/index.php\/wp-json\/wp\/v2\/product_brand?post=723935"},{"taxonomy":"product_cat","embeddable":true,"href":"https:\/\/roveyayinevi.com.tr\/index.php\/wp-json\/wp\/v2\/product_cat?post=723935"},{"taxonomy":"product_tag","embeddable":true,"href":"https:\/\/roveyayinevi.com.tr\/index.php\/wp-json\/wp\/v2\/product_tag?post=723935"}],"curies":[{"name":"wp","href":"https:\/\/api.w.org\/{rel}","templated":true}]}}