{"id":723921,"date":"2025-08-27T19:27:05","date_gmt":"2025-08-27T16:27:05","guid":{"rendered":"https:\/\/roveyayinevi.com.tr\/index.php\/urun\/git\/"},"modified":"2026-04-16T02:31:52","modified_gmt":"2026-04-15T23:31:52","slug":"git","status":"publish","type":"product","link":"https:\/\/roveyayinevi.com.tr\/index.php\/urun\/git\/","title":{"rendered":"Git"},"content":{"rendered":"<p>&#8220;Bozk\u0131r\u0131no\u011flu&#8221; mahlas\u0131yla tan\u0131nan ve kamuoyunca ya\u015fayan efsane \u015fairden biri se\u00e7ilen Yavuz Katranc\u0131&#8217;n\u0131n \u015fiirlerini toplad\u0131\u011f\u0131 ilk kitab\u0131n\u0131n ad\u0131: Git&#8230; Git&#8217;te; a\u015fk\u0131, \u00f6zlemi, arkada\u015fl\u0131\u011f\u0131, dostlu\u011fu, gurbeti, aile sevgisini, do\u011fay\u0131 anlatan y\u00fcze yak\u0131n birbirinden de\u011ferli \u015fiirler bulunmaktad\u0131r. Y\u00fcre\u011finde f\u0131rt\u0131nalar koparan duygular\u0131n\u0131 en g\u00fczel ve vurucu bi\u00e7imde yaz\u0131ya d\u00f6ken &#8220;Bozk\u0131r\u0131no\u011flu&#8221; Yavuz Katranc\u0131 adeta \u015fiirlerinde okuyucusunu kelimelerle in\u015fa etti\u011fi sahnesinde duygudan duyguya ge\u00e7iriyor ve metaforlarla yeni duygu ve d\u00fc\u015f\u00fcncelere kap\u0131lar ve k\u00f6pr\u00fcler in\u015fa ediyor. Yukar\u0131da sayd\u0131\u011f\u0131m\u0131z nedenlerden dolay\u0131 &#8220;Git&#8221; isimli \u015fiir kitab\u0131m\u0131z\u0131 \u00e7ok seveceksiniz&#8230; Eminiz ki, ba\u015fucu kitaplar\u0131n\u0131zdan birisi olacak&#8230; Keyifli okumalar&#8230; Biliyorum g\u00f6zya\u015flar\u0131n kurumad\u0131, A\u011flama desem de. Ka\u00e7 mendil t\u00fckettin isyan etsen de. Bu son demek isterdim, \u0130nanc\u0131m beni engellese de. Son diyorum son, Kadere boyun e\u011fsek de. Bu ka\u00e7\u0131nc\u0131 dert saymaya kalksak Kurutmaya g\u00fcc\u00fc yeter mi g\u00fcne\u015fin, G\u00f6zya\u015flar\u0131m\u0131z\u0131 assak. <\/p>\n","protected":false},"excerpt":{"rendered":"<p>&#8220;Bozk\u0131r\u0131no\u011flu&#8221; mahlas\u0131yla tan\u0131nan ve kamuoyunca ya\u015fayan efsane \u015fairden biri se\u00e7ilen Yavuz Katranc\u0131&#8217;n\u0131n \u015fiirlerini toplad\u0131\u011f\u0131 ilk kitab\u0131n\u0131n ad\u0131: Git&#8230; Git&#8217;te; a\u015fk\u0131, \u00f6zlemi, arkada\u015fl\u0131\u011f\u0131, dostlu\u011fu, gurbeti, aile sevgisini,<span class=\"excerpt-hellip\"> [\u2026]<\/span><\/p>\n","protected":false},"featured_media":0,"template":"","meta":{"_monsterinsights_skip_tracking":false,"_monsterinsights_sitenote_active":false,"_monsterinsights_sitenote_note":"","_monsterinsights_sitenote_category":0},"product_brand":[],"product_cat":[12291,12509],"product_tag":[],"class_list":{"0":"post-723921","1":"product","2":"type-product","3":"status-publish","5":"product_cat-edebiyat","6":"product_cat-siir","7":"pa_cilt-ciltsiz","8":"pa_tur-kitap","9":"pa_yayinevi-us-yayinlari","10":"pa_yazar-yavuz-katranci","12":"first","13":"instock","14":"sale","15":"shipping-taxable","16":"purchasable","17":"product-type-simple"},"_links":{"self":[{"href":"https:\/\/roveyayinevi.com.tr\/index.php\/wp-json\/wp\/v2\/product\/723921","targetHints":{"allow":["GET"]}}],"collection":[{"href":"https:\/\/roveyayinevi.com.tr\/index.php\/wp-json\/wp\/v2\/product"}],"about":[{"href":"https:\/\/roveyayinevi.com.tr\/index.php\/wp-json\/wp\/v2\/types\/product"}],"wp:attachment":[{"href":"https:\/\/roveyayinevi.com.tr\/index.php\/wp-json\/wp\/v2\/media?parent=723921"}],"wp:term":[{"taxonomy":"product_brand","embeddable":true,"href":"https:\/\/roveyayinevi.com.tr\/index.php\/wp-json\/wp\/v2\/product_brand?post=723921"},{"taxonomy":"product_cat","embeddable":true,"href":"https:\/\/roveyayinevi.com.tr\/index.php\/wp-json\/wp\/v2\/product_cat?post=723921"},{"taxonomy":"product_tag","embeddable":true,"href":"https:\/\/roveyayinevi.com.tr\/index.php\/wp-json\/wp\/v2\/product_tag?post=723921"}],"curies":[{"name":"wp","href":"https:\/\/api.w.org\/{rel}","templated":true}]}}