{"id":723894,"date":"2025-08-27T19:26:44","date_gmt":"2025-08-27T16:26:44","guid":{"rendered":"https:\/\/roveyayinevi.com.tr\/index.php\/urun\/neoliberalizm-matematik-egitimi-ve-sinif-mucadelesi\/"},"modified":"2026-04-16T02:31:51","modified_gmt":"2026-04-15T23:31:51","slug":"neoliberalizm-matematik-egitimi-ve-sinif-mucadelesi","status":"publish","type":"product","link":"https:\/\/roveyayinevi.com.tr\/index.php\/urun\/neoliberalizm-matematik-egitimi-ve-sinif-mucadelesi\/","title":{"rendered":"Neoliberalizm, Matematik E\u011fitimi ve S\u0131n\u0131f M\u00fccadelesi"},"content":{"rendered":"<p>Avc\u0131\u2019n\u0131n ara\u015ft\u0131rma y\u00f6ntemi, \u00f6\u011fretmen ve \u00f6\u011frenciler aras\u0131nda ele\u015ftirel bir ili\u015fki kurmak i\u00e7in neoliberal bir matematik dersinde zemin bulma veya yaratmaya y\u00f6nelik taviz vermeyen vurgusu \u00e7er\u00e7evesinde, daha fazla dikkate al\u0131nmaya ve d\u00fc\u015f\u00fcnmeye de\u011fer bir \u00f6zellik g\u00f6stermektedir.Ger\u00e7ekten de onun y\u00f6ntemi, ara\u015ft\u0131rma temalar\u0131n\u0131n \u00f6\u011frencinin ya\u015fam d\u00fcnyas\u0131nda yer alm\u0131\u015f olmas\u0131 anlam\u0131nda, matematik e\u011fitimine ele\u015ftirel yakla\u015f\u0131m\u0131yla tutarl\u0131d\u0131r; ara\u015ft\u0131rma s\u00fcreci, ana ak\u0131m m\u00fcfredat i\u00e7inde pop\u00fcler g\u00f6r\u00fclmeyen fikirleri memnuniyetle kar\u015f\u0131lam\u0131\u015ft\u0131r; \u00f6\u011frenciler sayesinde kat\u0131l\u0131mc\u0131 yakla\u015f\u0131m, onlar\u0131n ele\u015ftirel ba\u011flanma ve kat\u0131l\u0131mlar\u0131n\u0131 sa\u011flayabilmek i\u00e7in kolayla\u015ft\u0131r\u0131lm\u0131\u015ft\u0131r; d\u00fc\u015f\u00fcn\u00fcm (reflection) ve \u00f6z-de\u011ferlendirme s\u00fcre\u00e7leri, geleneksel bankac\u0131 e\u011fitme kar\u015f\u0131 etkili bir se\u00e7enek olu\u015fturmu\u015ftur. En \u00f6nemlisi de kat\u0131l\u0131mc\u0131 yakla\u015f\u0131m\u0131n, matematik dersinin geli\u015fimini, ili\u015fkilerin yatay dinamikler, i\u015fbirli\u011fi, birlikte \u00e7al\u0131\u015fma (collaboration) ve kar\u015f\u0131l\u0131kl\u0131 sayg\u0131 (ki bunlar\u0131n hepsi, demokratik topluluklar\u0131n kilit \u00f6nemdeki ele\u015ftirel ilkeleridir) \u00fczerine temellendi\u011fi ger\u00e7ek bir topluluk olarak desteklemesidir.\u201cAntonia Darder\u201d<\/p>\n","protected":false},"excerpt":{"rendered":"<p>Avc\u0131\u2019n\u0131n ara\u015ft\u0131rma y\u00f6ntemi, \u00f6\u011fretmen ve \u00f6\u011frenciler aras\u0131nda ele\u015ftirel bir ili\u015fki kurmak i\u00e7in neoliberal bir matematik dersinde zemin bulma veya yaratmaya y\u00f6nelik taviz vermeyen vurgusu \u00e7er\u00e7evesinde, daha<span class=\"excerpt-hellip\"> [\u2026]<\/span><\/p>\n","protected":false},"featured_media":0,"template":"","meta":{"_monsterinsights_skip_tracking":false,"_monsterinsights_sitenote_active":false,"_monsterinsights_sitenote_note":"","_monsterinsights_sitenote_category":0},"product_brand":[],"product_cat":[13590,12337],"product_tag":[],"class_list":{"0":"post-723894","1":"product","2":"type-product","3":"status-publish","5":"product_cat-arastirma-inceleme-politika-siyaset","6":"product_cat-politika-siyaset","7":"pa_cilt-ciltsiz","8":"pa_tur-kitap","9":"pa_yayinevi-toz-yayinlari","10":"pa_yazar-bulent-avci","12":"first","13":"instock","14":"sale","15":"shipping-taxable","16":"purchasable","17":"product-type-simple"},"_links":{"self":[{"href":"https:\/\/roveyayinevi.com.tr\/index.php\/wp-json\/wp\/v2\/product\/723894","targetHints":{"allow":["GET"]}}],"collection":[{"href":"https:\/\/roveyayinevi.com.tr\/index.php\/wp-json\/wp\/v2\/product"}],"about":[{"href":"https:\/\/roveyayinevi.com.tr\/index.php\/wp-json\/wp\/v2\/types\/product"}],"wp:attachment":[{"href":"https:\/\/roveyayinevi.com.tr\/index.php\/wp-json\/wp\/v2\/media?parent=723894"}],"wp:term":[{"taxonomy":"product_brand","embeddable":true,"href":"https:\/\/roveyayinevi.com.tr\/index.php\/wp-json\/wp\/v2\/product_brand?post=723894"},{"taxonomy":"product_cat","embeddable":true,"href":"https:\/\/roveyayinevi.com.tr\/index.php\/wp-json\/wp\/v2\/product_cat?post=723894"},{"taxonomy":"product_tag","embeddable":true,"href":"https:\/\/roveyayinevi.com.tr\/index.php\/wp-json\/wp\/v2\/product_tag?post=723894"}],"curies":[{"name":"wp","href":"https:\/\/api.w.org\/{rel}","templated":true}]}}