{"id":723882,"date":"2025-08-27T19:26:34","date_gmt":"2025-08-27T16:26:34","guid":{"rendered":"https:\/\/roveyayinevi.com.tr\/index.php\/urun\/jacobin-odasi\/"},"modified":"2026-04-16T02:31:51","modified_gmt":"2026-04-15T23:31:51","slug":"jacobin-odasi","status":"publish","type":"product","link":"https:\/\/roveyayinevi.com.tr\/index.php\/urun\/jacobin-odasi\/","title":{"rendered":"Jacob&#8217;\u0131n Odas\u0131"},"content":{"rendered":"<p>\u201cJacob\u2019\u0131n Odas\u0131 imk\u00e2ns\u0131z\u0131 ger\u00e7ekle\u015ftirdi. Bu kitapla birlikte edebiyat yepyeni bir \u00fcslup kazand\u0131.\u201d-E. M. ForsterVirginia Woolf\u2019un biricik ve deneysel \u00fcslubunu g\u00f6stermeye ba\u015flad\u0131\u011f\u0131 b\u00fcy\u00fck romanlar\u0131n\u0131n ilki olarak kabul edilen Jacob\u2019\u0131n Odas\u0131, edebiyatta modernizmin erken d\u00f6nem \u015faheserlerinden.Kitap boyunca \u00e7o\u011funlukla di\u011fer karakterlerin bak\u0131\u015f a\u00e7\u0131lar\u0131yla anlat\u0131lan Jacob Flanders gen\u00e7 ve hassas bir adamd\u0131r. \u00c7ocuklu\u011fundan Cambridge\u2019deki okul y\u0131llar\u0131na, Londra\u2019daki ili\u015fkilerinden Yunanistan\u2019a yapt\u0131\u011f\u0131 geziye kadar hayat\u0131n\u0131n \u00f6nemli par\u00e7alar\u0131n\u0131n anlat\u0131ld\u0131\u011f\u0131 romanda Jacob her zaman daha iyinin, daha \u00f6nemlinin pe\u015finden gider. Ama yolun sonunda onu bekleyen sava\u015f, kaderini tamamen de\u011fi\u015ftirecektir.<\/p>\n","protected":false},"excerpt":{"rendered":"<p>\u201cJacob\u2019\u0131n Odas\u0131 imk\u00e2ns\u0131z\u0131 ger\u00e7ekle\u015ftirdi. Bu kitapla birlikte edebiyat yepyeni bir \u00fcslup kazand\u0131.\u201d-E. M. ForsterVirginia Woolf\u2019un biricik ve deneysel \u00fcslubunu g\u00f6stermeye ba\u015flad\u0131\u011f\u0131 b\u00fcy\u00fck romanlar\u0131n\u0131n ilki olarak kabul<span class=\"excerpt-hellip\"> [\u2026]<\/span><\/p>\n","protected":false},"featured_media":0,"template":"","meta":{"_monsterinsights_skip_tracking":false,"_monsterinsights_sitenote_active":false,"_monsterinsights_sitenote_note":"","_monsterinsights_sitenote_category":0},"product_brand":[],"product_cat":[12291,12866],"product_tag":[],"class_list":{"0":"post-723882","1":"product","2":"type-product","3":"status-publish","5":"product_cat-edebiyat","6":"product_cat-ingiliz-edebiyati","7":"pa_cilt-ciltsiz","8":"pa_tur-kitap","9":"pa_yayinevi-ithaki-yayinlari","10":"pa_yazar-virginia-woolf","12":"first","13":"instock","14":"sale","15":"shipping-taxable","16":"purchasable","17":"product-type-simple"},"_links":{"self":[{"href":"https:\/\/roveyayinevi.com.tr\/index.php\/wp-json\/wp\/v2\/product\/723882","targetHints":{"allow":["GET"]}}],"collection":[{"href":"https:\/\/roveyayinevi.com.tr\/index.php\/wp-json\/wp\/v2\/product"}],"about":[{"href":"https:\/\/roveyayinevi.com.tr\/index.php\/wp-json\/wp\/v2\/types\/product"}],"wp:attachment":[{"href":"https:\/\/roveyayinevi.com.tr\/index.php\/wp-json\/wp\/v2\/media?parent=723882"}],"wp:term":[{"taxonomy":"product_brand","embeddable":true,"href":"https:\/\/roveyayinevi.com.tr\/index.php\/wp-json\/wp\/v2\/product_brand?post=723882"},{"taxonomy":"product_cat","embeddable":true,"href":"https:\/\/roveyayinevi.com.tr\/index.php\/wp-json\/wp\/v2\/product_cat?post=723882"},{"taxonomy":"product_tag","embeddable":true,"href":"https:\/\/roveyayinevi.com.tr\/index.php\/wp-json\/wp\/v2\/product_tag?post=723882"}],"curies":[{"name":"wp","href":"https:\/\/api.w.org\/{rel}","templated":true}]}}