{"id":723872,"date":"2025-08-27T19:26:25","date_gmt":"2025-08-27T16:26:25","guid":{"rendered":"https:\/\/roveyayinevi.com.tr\/index.php\/urun\/cilgin-icatlar-ciltli\/"},"modified":"2026-04-16T02:31:50","modified_gmt":"2026-04-15T23:31:50","slug":"cilgin-icatlar-ciltli","status":"publish","type":"product","link":"https:\/\/roveyayinevi.com.tr\/index.php\/urun\/cilgin-icatlar-ciltli\/","title":{"rendered":"\u00c7\u0131lg\u0131n \u0130catlar (Ciltli)"},"content":{"rendered":"<p>Tekerlek olmasayd\u0131 ne olurdu? Peki ya ate\u015f, k\u00e2\u011f\u0131t, araba, saat, g\u00f6zl\u00fck? Hepsi tarih i\u00e7inde tekeeer teker icat edildi ve bug\u00fcnk\u00fc medeniyetler olu\u015ftu. Peki, ama nas\u0131l? \u0130\u015fte bu sorunun cevab\u0131 esprili bir dille elinizdeki kitapta. \u00c7\u0131lg\u0131n \u0130catlar: Bol e\u011flenceli, k\u0131p\u0131r k\u0131p\u0131r \u00e7izgili ve \u00e7ok komik bir kitap. \u0130yi okumalar.<\/p>\n","protected":false},"excerpt":{"rendered":"<p>Tekerlek olmasayd\u0131 ne olurdu? Peki ya ate\u015f, k\u00e2\u011f\u0131t, araba, saat, g\u00f6zl\u00fck? Hepsi tarih i\u00e7inde tekeeer teker icat edildi ve bug\u00fcnk\u00fc medeniyetler olu\u015ftu. Peki, ama nas\u0131l? \u0130\u015fte<span class=\"excerpt-hellip\"> [\u2026]<\/span><\/p>\n","protected":false},"featured_media":0,"template":"","meta":{"_monsterinsights_skip_tracking":false,"_monsterinsights_sitenote_active":false,"_monsterinsights_sitenote_note":"","_monsterinsights_sitenote_category":0},"product_brand":[],"product_cat":[13829,12274],"product_tag":[],"class_list":{"0":"post-723872","1":"product","2":"type-product","3":"status-publish","5":"product_cat-bilimsel-kitaplar","6":"product_cat-cocuk-ve-genclik-kitaplari","7":"pa_cilt-ciltli","8":"pa_tur-kitap","9":"pa_yayinevi-nesil-genc","10":"pa_yazar-yusuf-asal","12":"first","13":"instock","14":"sale","15":"shipping-taxable","16":"purchasable","17":"product-type-simple"},"_links":{"self":[{"href":"https:\/\/roveyayinevi.com.tr\/index.php\/wp-json\/wp\/v2\/product\/723872","targetHints":{"allow":["GET"]}}],"collection":[{"href":"https:\/\/roveyayinevi.com.tr\/index.php\/wp-json\/wp\/v2\/product"}],"about":[{"href":"https:\/\/roveyayinevi.com.tr\/index.php\/wp-json\/wp\/v2\/types\/product"}],"wp:attachment":[{"href":"https:\/\/roveyayinevi.com.tr\/index.php\/wp-json\/wp\/v2\/media?parent=723872"}],"wp:term":[{"taxonomy":"product_brand","embeddable":true,"href":"https:\/\/roveyayinevi.com.tr\/index.php\/wp-json\/wp\/v2\/product_brand?post=723872"},{"taxonomy":"product_cat","embeddable":true,"href":"https:\/\/roveyayinevi.com.tr\/index.php\/wp-json\/wp\/v2\/product_cat?post=723872"},{"taxonomy":"product_tag","embeddable":true,"href":"https:\/\/roveyayinevi.com.tr\/index.php\/wp-json\/wp\/v2\/product_tag?post=723872"}],"curies":[{"name":"wp","href":"https:\/\/api.w.org\/{rel}","templated":true}]}}