{"id":723868,"date":"2025-08-27T19:26:22","date_gmt":"2025-08-27T16:26:22","guid":{"rendered":"https:\/\/roveyayinevi.com.tr\/index.php\/urun\/yokdil-ingilizce-fen-bilimleri\/"},"modified":"2026-04-07T02:40:30","modified_gmt":"2026-04-06T23:40:30","slug":"yokdil-ingilizce-fen-bilimleri","status":"publish","type":"product","link":"https:\/\/roveyayinevi.com.tr\/index.php\/urun\/yokdil-ingilizce-fen-bilimleri\/","title":{"rendered":"Y\u00d6KD\u0130L \u0130ngilizce &#8211; Fen Bilimleri"},"content":{"rendered":"<p>Y\u00f6kdil ingilizce fen bilimleri s\u0131nav\u0131ndan hedefledi\u011finiz puan\u0131 alman\u0131z i\u00e7in gerekli s\u0131nav stratejileri ve soru \u00e7\u00f6z\u00fcm teknikleri i\u00e7ermektedir. \u0130ngilizcedeki t\u00fcm c\u00fcmle yap\u0131lar\u0131 ve istisnai c\u00fcmle yap\u0131lar\u0131 anla\u015f\u0131l\u0131r bir \u015fekilde sunulmaktad\u0131r.  Bu yap\u0131larla ilgili y\u00fczlerce al\u0131\u015ft\u0131rma ve cevap anahtar\u0131 a\u00e7\u0131klamal\u0131 olarak yer almaktad\u0131r.  Kitapta fen blimleri alan s\u0131navlar\u0131nda en \u00e7ok tercihedilen kelimelere yer verilmi\u015ftir. Y\u00fczlerce soru ,ipu\u00e7lar\u0131yla, test \u00e7\u00f6zme teknikleri ile birlikte \u00e7\u00f6z\u00fcm yollar\u0131 t\u00fcrk\u00e7e olarak anlat\u0131lmaktad\u0131r. <\/p>\n","protected":false},"excerpt":{"rendered":"<p>Y\u00f6kdil ingilizce fen bilimleri s\u0131nav\u0131ndan hedefledi\u011finiz puan\u0131 alman\u0131z i\u00e7in gerekli s\u0131nav stratejileri ve soru \u00e7\u00f6z\u00fcm teknikleri i\u00e7ermektedir. \u0130ngilizcedeki t\u00fcm c\u00fcmle yap\u0131lar\u0131 ve istisnai c\u00fcmle yap\u0131lar\u0131 anla\u015f\u0131l\u0131r<span class=\"excerpt-hellip\"> [\u2026]<\/span><\/p>\n","protected":false},"featured_media":0,"template":"","meta":{"_monsterinsights_skip_tracking":false,"_monsterinsights_sitenote_active":false,"_monsterinsights_sitenote_note":"","_monsterinsights_sitenote_category":0},"product_brand":[],"product_cat":[12566,13473],"product_tag":[],"class_list":{"0":"post-723868","1":"product","2":"type-product","3":"status-publish","5":"product_cat-egitim","6":"product_cat-sinavlara-hazirlik-okula-yardimci-kaynaklar","7":"pa_cilt-ciltsiz","8":"pa_tur-kitap","9":"pa_yayinevi-astana-yayinlari","10":"pa_yazar-kenan-oren","12":"first","13":"instock","14":"sale","15":"shipping-taxable","16":"purchasable","17":"product-type-simple"},"_links":{"self":[{"href":"https:\/\/roveyayinevi.com.tr\/index.php\/wp-json\/wp\/v2\/product\/723868","targetHints":{"allow":["GET"]}}],"collection":[{"href":"https:\/\/roveyayinevi.com.tr\/index.php\/wp-json\/wp\/v2\/product"}],"about":[{"href":"https:\/\/roveyayinevi.com.tr\/index.php\/wp-json\/wp\/v2\/types\/product"}],"wp:attachment":[{"href":"https:\/\/roveyayinevi.com.tr\/index.php\/wp-json\/wp\/v2\/media?parent=723868"}],"wp:term":[{"taxonomy":"product_brand","embeddable":true,"href":"https:\/\/roveyayinevi.com.tr\/index.php\/wp-json\/wp\/v2\/product_brand?post=723868"},{"taxonomy":"product_cat","embeddable":true,"href":"https:\/\/roveyayinevi.com.tr\/index.php\/wp-json\/wp\/v2\/product_cat?post=723868"},{"taxonomy":"product_tag","embeddable":true,"href":"https:\/\/roveyayinevi.com.tr\/index.php\/wp-json\/wp\/v2\/product_tag?post=723868"}],"curies":[{"name":"wp","href":"https:\/\/api.w.org\/{rel}","templated":true}]}}