{"id":723866,"date":"2025-08-27T19:26:20","date_gmt":"2025-08-27T16:26:20","guid":{"rendered":"https:\/\/roveyayinevi.com.tr\/index.php\/urun\/ilham-perileri-mozart\/"},"modified":"2026-04-16T02:31:50","modified_gmt":"2026-04-15T23:31:50","slug":"ilham-perileri-mozart","status":"publish","type":"product","link":"https:\/\/roveyayinevi.com.tr\/index.php\/urun\/ilham-perileri-mozart\/","title":{"rendered":"\u0130lham Perileri: Mozart"},"content":{"rendered":"<p>\u00c7ocuklar i\u00e7in \u00e7e\u015fitli m\u00fczikaller d\u00fczenleyen, Susam Soka\u011f\u0131\u2019n\u0131n metin yazarlar\u0131ndan Ayfer Arta\u00e7, \u00e7ocuklara sanat\u0131 sevdirecek \u0130lham Perileri serisinin bu ilk kitab\u0131nda Mozart ve klasik m\u00fczik hakk\u0131nda hem bilgiler veriyor hem de \u00e7ocuklar\u0131 masals\u0131 bir d\u00fcnyaya davet ediyor.Lorza ve Perus, Periler \u00dclkesi\u2019nde ya\u015fayan iki ilham perisiydi. Do\u011fu\u015ftan yetenekli \u00e7ocuklara ilham verirlerdi. Bir g\u00fcn bir \u00e7ocuk do\u011fdu ve Periler \u00dclkesi renklendi. Herkes enstr\u00fcmanlar \u00e7ald\u0131, \u015fark\u0131lar s\u00f6yledi, dans etti. Lorza\u2019yla Perus ve di\u011fer periler, m\u00fczik dehas\u0131 olan o \u00e7ocu\u011fa ilham vermek i\u00e7in hemen yola koyuldular.O \u00e7ocuk kim miydi? Mozart\u2019t\u0131\u2026Bu Kitapta M\u00fczik Sakl\u0131!Kitapta yer alan karekodlar\u0131 okutup Mozart&#8217;\u0131n sizin i\u00e7in se\u00e7ti\u011fimiz bestelerini dinleyebilirsiniz.<\/p>\n","protected":false},"excerpt":{"rendered":"<p>\u00c7ocuklar i\u00e7in \u00e7e\u015fitli m\u00fczikaller d\u00fczenleyen, Susam Soka\u011f\u0131\u2019n\u0131n metin yazarlar\u0131ndan Ayfer Arta\u00e7, \u00e7ocuklara sanat\u0131 sevdirecek \u0130lham Perileri serisinin bu ilk kitab\u0131nda Mozart ve klasik m\u00fczik hakk\u0131nda hem<span class=\"excerpt-hellip\"> [\u2026]<\/span><\/p>\n","protected":false},"featured_media":0,"template":"","meta":{"_monsterinsights_skip_tracking":false,"_monsterinsights_sitenote_active":false,"_monsterinsights_sitenote_note":"","_monsterinsights_sitenote_category":0},"product_brand":[],"product_cat":[12274,12518],"product_tag":[],"class_list":{"0":"post-723866","1":"product","2":"type-product","3":"status-publish","5":"product_cat-cocuk-ve-genclik-kitaplari","6":"product_cat-okul-oncesi-kitaplar","7":"pa_cilt-ciltsiz","8":"pa_tur-kitap","9":"pa_yayinevi-ucanfil-ozel-urun","10":"pa_yazar-ayfer-v-artac","12":"first","13":"instock","14":"sale","15":"shipping-taxable","16":"purchasable","17":"product-type-simple"},"_links":{"self":[{"href":"https:\/\/roveyayinevi.com.tr\/index.php\/wp-json\/wp\/v2\/product\/723866","targetHints":{"allow":["GET"]}}],"collection":[{"href":"https:\/\/roveyayinevi.com.tr\/index.php\/wp-json\/wp\/v2\/product"}],"about":[{"href":"https:\/\/roveyayinevi.com.tr\/index.php\/wp-json\/wp\/v2\/types\/product"}],"wp:attachment":[{"href":"https:\/\/roveyayinevi.com.tr\/index.php\/wp-json\/wp\/v2\/media?parent=723866"}],"wp:term":[{"taxonomy":"product_brand","embeddable":true,"href":"https:\/\/roveyayinevi.com.tr\/index.php\/wp-json\/wp\/v2\/product_brand?post=723866"},{"taxonomy":"product_cat","embeddable":true,"href":"https:\/\/roveyayinevi.com.tr\/index.php\/wp-json\/wp\/v2\/product_cat?post=723866"},{"taxonomy":"product_tag","embeddable":true,"href":"https:\/\/roveyayinevi.com.tr\/index.php\/wp-json\/wp\/v2\/product_tag?post=723866"}],"curies":[{"name":"wp","href":"https:\/\/api.w.org\/{rel}","templated":true}]}}