{"id":723863,"date":"2025-08-27T19:26:18","date_gmt":"2025-08-27T16:26:18","guid":{"rendered":"https:\/\/roveyayinevi.com.tr\/index.php\/urun\/kemalist-devrimin-niteligi\/"},"modified":"2026-04-16T02:31:50","modified_gmt":"2026-04-15T23:31:50","slug":"kemalist-devrimin-niteligi","status":"publish","type":"product","link":"https:\/\/roveyayinevi.com.tr\/index.php\/urun\/kemalist-devrimin-niteligi\/","title":{"rendered":"Kemalist Devrim&#8217;in Niteli\u011fi"},"content":{"rendered":"<p>&#8211; Kemalistler sosyalizme nas\u0131l bakt\u0131?- Toprak a\u011falanyla yeterince m\u00fccadele edildi mi?- Kemalist Devrim&#8217;in i\u015f\u00e7i s\u0131n\u0131f\u0131na ili\u015fkin tavr\u0131 nas\u0131ld\u0131?- D\u00f6nemin kom\u00fcnistleri Kemalist Devrim&#8217;i nas\u0131l de\u011ferlendirdi?Kemalist Devrim&#8217;in s\u0131n\u0131fsal karakterini inceleyen Y\u0131ld\u0131r\u0131m Ko\u00e7, sol literat\u00fcrdeki &#8220;burjuva devrim&#8221; yakla\u015f\u0131m\u0131n\u0131 TKP ve Komintern belgelerine dayanarak tart\u0131\u015f\u0131yor, s\u00f6m\u00fcrge ve yar\u0131 s\u00f6m\u00fcrge \u00fclkelerdeki demokratik devrim ve milliyet\u00e7ilik ili\u015fkisini ortaya koyarak bir senteze ula\u015f\u0131yor. Mustafa Suphi&#8217;nin katledilmesini de ayr\u0131nt\u0131l\u0131 bi\u00e7imde de\u011ferlendiren Ko\u00e7, bu olaydan Mustafa Kemal&#8217;i sorumlu tutan yakla\u015f\u0131mlar\u0131 de\u011fi\u015fik kaynak ve belgelere dayanarak \u00e7\u00fcr\u00fct\u00fcyor.&#8221;T\u00fcrkiye demokratik devrimi, kapitalizmin geli\u015fmesinin \u00f6n\u00fcndeki engelleri kald\u0131rmak isteyen bir burjuvazinin \u00f6nderli\u011finde ve program\u0131yla de\u011fil, emperyalizme ve onun i\u015fbirlik\u00e7ilerine kar\u015f\u0131 can, namus (de\u011ferler) ve mal kayg\u0131s\u0131yla, ba\u011f\u0131ms\u0131z ya\u015fayabilme g\u00fcd\u00fcs\u00fcyle hareket eden insanlann (sivil-asker ayd\u0131nlar\u0131n, memurlann ve k\u00fc\u00e7\u00fck burjuvazinin) \u00f6nderli\u011fi ve program\u0131yla geli\u015fti. Kurtulu\u015f Sava\u015f\u0131&#8217;n\u0131n zaferle sonu\u00e7lanmas\u0131 sonras\u0131nda da ba\u011f\u0131ms\u0131z bir devletin korunmas\u0131 ve geli\u015ftirilmesi i\u00e7in milliyet\u00e7i bir \u00e7izgi izlendi. Bu nedenle T\u00fcrkiye&#8217;deki s\u00fcrece &#8216;milli demokratik devrim&#8217; diyoruz.&#8221;<\/p>\n","protected":false},"excerpt":{"rendered":"<p>&#8211; Kemalistler sosyalizme nas\u0131l bakt\u0131?- Toprak a\u011falanyla yeterince m\u00fccadele edildi mi?- Kemalist Devrim&#8217;in i\u015f\u00e7i s\u0131n\u0131f\u0131na ili\u015fkin tavr\u0131 nas\u0131ld\u0131?- D\u00f6nemin kom\u00fcnistleri Kemalist Devrim&#8217;i nas\u0131l de\u011ferlendirdi?Kemalist Devrim&#8217;in s\u0131n\u0131fsal<span class=\"excerpt-hellip\"> [\u2026]<\/span><\/p>\n","protected":false},"featured_media":0,"template":"","meta":{"_monsterinsights_skip_tracking":false,"_monsterinsights_sitenote_active":false,"_monsterinsights_sitenote_note":"","_monsterinsights_sitenote_category":0},"product_brand":[],"product_cat":[12337,14543],"product_tag":[],"class_list":{"0":"post-723863","1":"product","2":"type-product","3":"status-publish","5":"product_cat-politika-siyaset","6":"product_cat-turkiye-siyaseti-ve-politikasi","7":"pa_cilt-ciltsiz","8":"pa_tur-kitap","9":"pa_yayinevi-kaynak-yayinlari","10":"pa_yazar-yildirim-koc","12":"first","13":"instock","14":"sale","15":"shipping-taxable","16":"purchasable","17":"product-type-simple"},"_links":{"self":[{"href":"https:\/\/roveyayinevi.com.tr\/index.php\/wp-json\/wp\/v2\/product\/723863","targetHints":{"allow":["GET"]}}],"collection":[{"href":"https:\/\/roveyayinevi.com.tr\/index.php\/wp-json\/wp\/v2\/product"}],"about":[{"href":"https:\/\/roveyayinevi.com.tr\/index.php\/wp-json\/wp\/v2\/types\/product"}],"wp:attachment":[{"href":"https:\/\/roveyayinevi.com.tr\/index.php\/wp-json\/wp\/v2\/media?parent=723863"}],"wp:term":[{"taxonomy":"product_brand","embeddable":true,"href":"https:\/\/roveyayinevi.com.tr\/index.php\/wp-json\/wp\/v2\/product_brand?post=723863"},{"taxonomy":"product_cat","embeddable":true,"href":"https:\/\/roveyayinevi.com.tr\/index.php\/wp-json\/wp\/v2\/product_cat?post=723863"},{"taxonomy":"product_tag","embeddable":true,"href":"https:\/\/roveyayinevi.com.tr\/index.php\/wp-json\/wp\/v2\/product_tag?post=723863"}],"curies":[{"name":"wp","href":"https:\/\/api.w.org\/{rel}","templated":true}]}}