{"id":723861,"date":"2025-08-27T19:26:17","date_gmt":"2025-08-27T16:26:17","guid":{"rendered":"https:\/\/roveyayinevi.com.tr\/index.php\/urun\/yeme-bozukluklari-ve-bilissel-davranisci-terapi\/"},"modified":"2026-04-16T02:31:50","modified_gmt":"2026-04-15T23:31:50","slug":"yeme-bozukluklari-ve-bilissel-davranisci-terapi","status":"publish","type":"product","link":"https:\/\/roveyayinevi.com.tr\/index.php\/urun\/yeme-bozukluklari-ve-bilissel-davranisci-terapi\/","title":{"rendered":"Yeme Bozukluklar\u0131 ve Bili\u015fsel Davran\u0131\u015f\u00e7\u0131 Terapi"},"content":{"rendered":"<p>\u2018Yeme Bozukluklar\u0131 ve Bili\u015fsel Davran\u0131\u015f\u00e7\u0131 Terapi\u2019, uygulama yapan uzmanlar da g\u00f6zetilerek haz\u0131rlanm\u0131\u015f pratik ve \u00e7ok yararl\u0131 bir k\u0131lavuz&#8230;Bu kitap, yeme bozuklu\u011fu ile ilgili olarak hastalara nas\u0131l yard\u0131m edilece\u011fi ve nas\u0131l fark yarat\u0131laca\u011f\u0131n\u0131 ele al\u0131yor. Deneysel olarak desteklenmi\u015f \u00f6nde gelen yeme bozukluklar\u0131 tedavisinin en yeni versiyonu olan \u201cGeli\u015ftirilmi\u015f\u201d Bili\u015fsel Davran\u0131\u015f\u00e7\u0131 Terapi\u2019nin (G-BDT) nas\u0131l uygulanaca\u011f\u0131n\u0131 kaps\u0131yor; farkl\u0131 profesyonel ge\u00e7mi\u015flere ve farkl\u0131 d\u00fczeylerde klinik deneyimlere sahip bilim insanlar\u0131n\u0131n katk\u0131s\u0131na yer veriliyor.Dr. Fairburn\u2019\u00fcn yay\u0131nevimizden \u00e7\u0131kan \u00f6nceki kitab\u0131yla, \u2018A\u015f\u0131r\u0131 Yemeyi Yenmek\u2019le de b\u00fct\u00fcnle\u015fen bu yap\u0131t, hastayla ilk tan\u0131\u015f\u0131ld\u0131\u011f\u0131 andan tedavi sonras\u0131 takip g\u00f6r\u00fc\u015fmelerine kadar olan s\u00fcreci ba\u015ftan sona ayr\u0131nt\u0131l\u0131 olarak anlat\u0131yor ve \u00f6zel hasta gruplar\u0131na uymas\u0131 i\u00e7in tedavinin nas\u0131l uyarlanabilece\u011fi a\u00e7\u0131klan\u0131yor.<\/p>\n","protected":false},"excerpt":{"rendered":"<p>\u2018Yeme Bozukluklar\u0131 ve Bili\u015fsel Davran\u0131\u015f\u00e7\u0131 Terapi\u2019, uygulama yapan uzmanlar da g\u00f6zetilerek haz\u0131rlanm\u0131\u015f pratik ve \u00e7ok yararl\u0131 bir k\u0131lavuz&#8230;Bu kitap, yeme bozuklu\u011fu ile ilgili olarak hastalara nas\u0131l<span class=\"excerpt-hellip\"> [\u2026]<\/span><\/p>\n","protected":false},"featured_media":0,"template":"","meta":{"_monsterinsights_skip_tracking":false,"_monsterinsights_sitenote_active":false,"_monsterinsights_sitenote_note":"","_monsterinsights_sitenote_category":0},"product_brand":[],"product_cat":[38801,12357],"product_tag":[],"class_list":{"0":"post-723861","1":"product","2":"type-product","3":"status-publish","5":"product_cat-ekoller-ve-yaklasimlar","6":"product_cat-psikoloji","7":"pa_cilt-ciltsiz","8":"pa_tur-kitap","9":"pa_yayinevi-psikonet-yayinlari","10":"pa_yazar-christopher-g-fairburn","12":"first","13":"instock","14":"sale","15":"shipping-taxable","16":"purchasable","17":"product-type-simple"},"_links":{"self":[{"href":"https:\/\/roveyayinevi.com.tr\/index.php\/wp-json\/wp\/v2\/product\/723861","targetHints":{"allow":["GET"]}}],"collection":[{"href":"https:\/\/roveyayinevi.com.tr\/index.php\/wp-json\/wp\/v2\/product"}],"about":[{"href":"https:\/\/roveyayinevi.com.tr\/index.php\/wp-json\/wp\/v2\/types\/product"}],"wp:attachment":[{"href":"https:\/\/roveyayinevi.com.tr\/index.php\/wp-json\/wp\/v2\/media?parent=723861"}],"wp:term":[{"taxonomy":"product_brand","embeddable":true,"href":"https:\/\/roveyayinevi.com.tr\/index.php\/wp-json\/wp\/v2\/product_brand?post=723861"},{"taxonomy":"product_cat","embeddable":true,"href":"https:\/\/roveyayinevi.com.tr\/index.php\/wp-json\/wp\/v2\/product_cat?post=723861"},{"taxonomy":"product_tag","embeddable":true,"href":"https:\/\/roveyayinevi.com.tr\/index.php\/wp-json\/wp\/v2\/product_tag?post=723861"}],"curies":[{"name":"wp","href":"https:\/\/api.w.org\/{rel}","templated":true}]}}