{"id":723850,"date":"2025-08-27T19:26:11","date_gmt":"2025-08-27T16:26:11","guid":{"rendered":"https:\/\/roveyayinevi.com.tr\/index.php\/urun\/hazar-havzasinda-amerikanin-enerji-diplomasisi\/"},"modified":"2026-04-16T02:31:50","modified_gmt":"2026-04-15T23:31:50","slug":"hazar-havzasinda-amerikanin-enerji-diplomasisi","status":"publish","type":"product","link":"https:\/\/roveyayinevi.com.tr\/index.php\/urun\/hazar-havzasinda-amerikanin-enerji-diplomasisi\/","title":{"rendered":"Hazar Havzas\u0131&#8217;nda Amerika&#8217;n\u0131n Enerji Diplomasisi"},"content":{"rendered":"<p>Tarihsel olarak ABD, yerli \u00fcretimdeki eksiklikleri gidermek i\u00e7in yeterli miktarda yabanc\u0131 petrol tedarikine eri\u015fimin sa\u011flanmas\u0131 konusunda endi\u015feliydi. K\u00f6rfez&#8217;e eri\u015fim tehlikeye girdi\u011finde ister Sovyetler, ister \u0130ran, ister Irak olsun ABD, K\u00f6rfez&#8217;den petrol teslimat\u0131n\u0131n g\u00fcvenli\u011fini sa\u011flamak i\u00e7in g\u00fc\u00e7 kullanmaya haz\u0131rd\u0131. Ancak, K\u00f6rfez her zaman ABD d\u0131\u015f enerji politikas\u0131n\u0131n ana odak noktas\u0131 olmu\u015f olsa da, ABD yabanc\u0131 ham petrol kaynaklar\u0131n\u0131 bir b\u00fcy\u00fck kayna\u011fa g\u00fcvenme riskini azaltmak i\u00e7in \u00e7e\u015fitlendirmeye \u00e7al\u0131\u015fm\u0131\u015ft\u0131r. Bu &#8220;\u00e7e\u015fitlilik\u201d politikas\u0131 \u00e7er\u00e7evesinde, Ba\u015fkan Clinton, ABD\u2019nin Hazar Denizi b\u00f6lgesinden petrol ithalat\u0131na olan g\u00fcvenini art\u0131rmak i\u00e7in b\u00fcy\u00fck \u00e7aba sarf etti. Bug\u00fcnlerde, ABD&#8217;nin ithal petrole olan ba\u011f\u0131ml\u0131l\u0131\u011f\u0131, yerel kaya gaz rezervlerinden elde edilen \u00fcretim art\u0131\u015f\u0131n\u0131n bir sonucu olarak azald\u0131. Sanayile\u015fme s\u00fcrecinde ve e\u015fzamanl\u0131 olarak ABD&#8217;nin yurtd\u0131\u015f\u0131ndaki enerji kaynaklar\u0131na artan gereksiniminde, petrol ve do\u011fal gaz b\u00f6lgelerini jeopolitik olarak stratejik olarak adland\u0131rd\u0131 ve arz\u0131n enerji g\u00fcvenli\u011fine yol a\u00e7an bu b\u00f6lgelerin g\u00fcvenli\u011fini s\u00fcrd\u00fcrmeye kendini adad\u0131.<\/p>\n","protected":false},"excerpt":{"rendered":"<p>Tarihsel olarak ABD, yerli \u00fcretimdeki eksiklikleri gidermek i\u00e7in yeterli miktarda yabanc\u0131 petrol tedarikine eri\u015fimin sa\u011flanmas\u0131 konusunda endi\u015feliydi. K\u00f6rfez&#8217;e eri\u015fim tehlikeye girdi\u011finde ister Sovyetler, ister \u0130ran, ister<span class=\"excerpt-hellip\"> [\u2026]<\/span><\/p>\n","protected":false},"featured_media":0,"template":"","meta":{"_monsterinsights_skip_tracking":false,"_monsterinsights_sitenote_active":false,"_monsterinsights_sitenote_note":"","_monsterinsights_sitenote_category":0},"product_brand":[],"product_cat":[12337,17225],"product_tag":[],"class_list":{"0":"post-723850","1":"product","2":"type-product","3":"status-publish","5":"product_cat-politika-siyaset","6":"product_cat-uluslararasi-iliskiler","7":"pa_cilt-ciltsiz","8":"pa_tur-kitap","9":"pa_yayinevi-astana-yayinlari","10":"pa_yazar-omid-shokri-kalehsar","12":"first","13":"instock","14":"sale","15":"shipping-taxable","16":"purchasable","17":"product-type-simple"},"_links":{"self":[{"href":"https:\/\/roveyayinevi.com.tr\/index.php\/wp-json\/wp\/v2\/product\/723850","targetHints":{"allow":["GET"]}}],"collection":[{"href":"https:\/\/roveyayinevi.com.tr\/index.php\/wp-json\/wp\/v2\/product"}],"about":[{"href":"https:\/\/roveyayinevi.com.tr\/index.php\/wp-json\/wp\/v2\/types\/product"}],"wp:attachment":[{"href":"https:\/\/roveyayinevi.com.tr\/index.php\/wp-json\/wp\/v2\/media?parent=723850"}],"wp:term":[{"taxonomy":"product_brand","embeddable":true,"href":"https:\/\/roveyayinevi.com.tr\/index.php\/wp-json\/wp\/v2\/product_brand?post=723850"},{"taxonomy":"product_cat","embeddable":true,"href":"https:\/\/roveyayinevi.com.tr\/index.php\/wp-json\/wp\/v2\/product_cat?post=723850"},{"taxonomy":"product_tag","embeddable":true,"href":"https:\/\/roveyayinevi.com.tr\/index.php\/wp-json\/wp\/v2\/product_tag?post=723850"}],"curies":[{"name":"wp","href":"https:\/\/api.w.org\/{rel}","templated":true}]}}