{"id":723842,"date":"2025-08-27T19:26:05","date_gmt":"2025-08-27T16:26:05","guid":{"rendered":"https:\/\/roveyayinevi.com.tr\/index.php\/urun\/devrim-arabasi-tesla\/"},"modified":"2026-04-16T02:31:50","modified_gmt":"2026-04-15T23:31:50","slug":"devrim-arabasi-tesla","status":"publish","type":"product","link":"https:\/\/roveyayinevi.com.tr\/index.php\/urun\/devrim-arabasi-tesla\/","title":{"rendered":"Devrim Arabas\u0131 Tesla"},"content":{"rendered":"<p>Evet, ben eski bir Tesla \u00e7al\u0131\u015fan\u0131y\u0131m. \u015eirketin misyonuna inan\u0131yorum. Hatta Tesla\u2019da hissem var. Ancak, ayn\u0131 zamanda okura hizmet etme g\u00f6revime de ba\u011fl\u0131y\u0131m. Bu sayfalarda, Tesla\u2019y\u0131 bu kadar b\u00fcy\u00fck yapan \u015feyin ne oldu\u011fu ve kar\u015f\u0131la\u015ft\u0131\u011f\u0131 son derece ger\u00e7ek zorluklar konusunda tarafs\u0131z bir g\u00f6r\u00fc\u015f sunmaya \u00e7al\u0131\u015ft\u0131m.Ne var ki bu kitap, i\u00e7eriden birinin hik\u00e2yesi de\u011fil bu i\u015fi dedikodu bloglar\u0131na b\u0131rakaca\u011f\u0131m ve sadece Tesla\u2019y\u0131 da anlatm\u0131yor. Asl\u0131nda \u00e7ok daha b\u00fcy\u00fck bir \u015feyi anlat\u0131yor: Yeni ama kararl\u0131 bir Silikon Vadisi \u015firketinin, b\u00fct\u00fcn otomotiv end\u00fcstrisini nas\u0131l de\u011fi\u015ftirdi\u011fini ve bu arada Kaliforniya\u2019dan \u00c7in\u2019e kadar bir\u00e7ok g\u00fc\u00e7l\u00fc kopyac\u0131ya nas\u0131l ilham verdi\u011fini. Gezegendeki herkesin ya\u015famlar\u0131n\u0131 etkileyecek teknolojik ve ekonomik bir d\u00f6n\u00fc\u015f\u00fcm\u00fcn sistem seviyesindeki bir incelemesinden s\u00f6z ediyoruz. Bu, Tesla\u2019n\u0131n ba\u015flatt\u0131\u011f\u0131 bir devrimin hik\u00e2yesi.<\/p>\n","protected":false},"excerpt":{"rendered":"<p>Evet, ben eski bir Tesla \u00e7al\u0131\u015fan\u0131y\u0131m. \u015eirketin misyonuna inan\u0131yorum. Hatta Tesla\u2019da hissem var. Ancak, ayn\u0131 zamanda okura hizmet etme g\u00f6revime de ba\u011fl\u0131y\u0131m. Bu sayfalarda, Tesla\u2019y\u0131 bu<span class=\"excerpt-hellip\"> [\u2026]<\/span><\/p>\n","protected":false},"featured_media":0,"template":"","meta":{"_monsterinsights_skip_tracking":false,"_monsterinsights_sitenote_active":false,"_monsterinsights_sitenote_note":"","_monsterinsights_sitenote_category":0},"product_brand":[],"product_cat":[13005,37328],"product_tag":[],"class_list":{"0":"post-723842","1":"product","2":"type-product","3":"status-publish","5":"product_cat-bilim-muhendislik","6":"product_cat-diger-bilim-muhendislik","7":"pa_cilt-ciltsiz","8":"pa_tur-kitap","9":"pa_yayinevi-babil-kitap","10":"pa_yazar-hamish-mckenzie","12":"first","13":"instock","14":"sale","15":"shipping-taxable","16":"purchasable","17":"product-type-simple"},"_links":{"self":[{"href":"https:\/\/roveyayinevi.com.tr\/index.php\/wp-json\/wp\/v2\/product\/723842","targetHints":{"allow":["GET"]}}],"collection":[{"href":"https:\/\/roveyayinevi.com.tr\/index.php\/wp-json\/wp\/v2\/product"}],"about":[{"href":"https:\/\/roveyayinevi.com.tr\/index.php\/wp-json\/wp\/v2\/types\/product"}],"wp:attachment":[{"href":"https:\/\/roveyayinevi.com.tr\/index.php\/wp-json\/wp\/v2\/media?parent=723842"}],"wp:term":[{"taxonomy":"product_brand","embeddable":true,"href":"https:\/\/roveyayinevi.com.tr\/index.php\/wp-json\/wp\/v2\/product_brand?post=723842"},{"taxonomy":"product_cat","embeddable":true,"href":"https:\/\/roveyayinevi.com.tr\/index.php\/wp-json\/wp\/v2\/product_cat?post=723842"},{"taxonomy":"product_tag","embeddable":true,"href":"https:\/\/roveyayinevi.com.tr\/index.php\/wp-json\/wp\/v2\/product_tag?post=723842"}],"curies":[{"name":"wp","href":"https:\/\/api.w.org\/{rel}","templated":true}]}}