{"id":723841,"date":"2025-08-27T19:26:04","date_gmt":"2025-08-27T16:26:04","guid":{"rendered":"https:\/\/roveyayinevi.com.tr\/index.php\/urun\/foks-mikkinin-gunlugu\/"},"modified":"2026-04-16T02:31:50","modified_gmt":"2026-04-15T23:31:50","slug":"foks-mikkinin-gunlugu","status":"publish","type":"product","link":"https:\/\/roveyayinevi.com.tr\/index.php\/urun\/foks-mikkinin-gunlugu\/","title":{"rendered":"Foks Mikki\u2019nin G\u00fcnl\u00fc\u011f\u00fc"},"content":{"rendered":"<p>Sa\u015fa \u00c7orniy\u2019in kitaplar\u0131, Rusya\u2019da oldu\u011fu kadar Avrupa\u2019da da okul \u00f6ncesi ve okul \u00e7a\u011f\u0131ndaki \u00e7ocuklar taraf\u0131ndan y\u0131llard\u0131r b\u00fcy\u00fck bir ilgiyle okunuyor. T\u00fcrk\u00e7edeki ilk kitab\u0131 Foks Mikki\u2019nin G\u00fcnl\u00fc\u011f\u00fc, d\u00fcnya \u00fczerinde yazmay\u0131 becerebilen ilk k\u00f6pe\u011fin maceralar\u0131n\u0131 anlat\u0131yor. S\u0131cac\u0131k yuvas\u0131nda, evin k\u00fc\u00e7\u00fck k\u0131z\u0131 Zino\u00e7ka ile e\u011flenceli g\u00fcnler ge\u00e7iren Foks Mikki, bir anda kendini zorlu bir maceran\u0131n i\u00e7inde bulur. Foks Mikki, s\u00fcrprizlerle dolu bu yolda yeni dostlar kazanacak ve pek \u00e7ok yeni yer g\u00f6recek. Ya\u015fad\u0131\u011f\u0131 her olay\u0131 ve tan\u0131\u015ft\u0131\u011f\u0131 herkesi g\u00fcnl\u00fc\u011f\u00fcne yazan Foks Mikki\u2019yle birlikte sen de g\u00fcnl\u00fck tutmaya var m\u0131s\u0131n? \u00d6yleyse haydi g\u00fcnl\u00fck ba\u015flas\u0131n! Hav!.. Hav!..<\/p>\n","protected":false},"excerpt":{"rendered":"<p>Sa\u015fa \u00c7orniy\u2019in kitaplar\u0131, Rusya\u2019da oldu\u011fu kadar Avrupa\u2019da da okul \u00f6ncesi ve okul \u00e7a\u011f\u0131ndaki \u00e7ocuklar taraf\u0131ndan y\u0131llard\u0131r b\u00fcy\u00fck bir ilgiyle okunuyor. T\u00fcrk\u00e7edeki ilk kitab\u0131 Foks Mikki\u2019nin G\u00fcnl\u00fc\u011f\u00fc,<span class=\"excerpt-hellip\"> [\u2026]<\/span><\/p>\n","protected":false},"featured_media":0,"template":"","meta":{"_monsterinsights_skip_tracking":false,"_monsterinsights_sitenote_active":false,"_monsterinsights_sitenote_note":"","_monsterinsights_sitenote_category":0},"product_brand":[],"product_cat":[12274,12284],"product_tag":[],"class_list":{"0":"post-723841","1":"product","2":"type-product","3":"status-publish","5":"product_cat-cocuk-ve-genclik-kitaplari","6":"product_cat-hikayeler","7":"pa_cilt-ciltsiz","8":"pa_tur-kitap","9":"pa_yayinevi-babil-kitap","10":"pa_yazar-sasa-corniy","12":"first","13":"instock","14":"sale","15":"shipping-taxable","16":"purchasable","17":"product-type-simple"},"_links":{"self":[{"href":"https:\/\/roveyayinevi.com.tr\/index.php\/wp-json\/wp\/v2\/product\/723841","targetHints":{"allow":["GET"]}}],"collection":[{"href":"https:\/\/roveyayinevi.com.tr\/index.php\/wp-json\/wp\/v2\/product"}],"about":[{"href":"https:\/\/roveyayinevi.com.tr\/index.php\/wp-json\/wp\/v2\/types\/product"}],"wp:attachment":[{"href":"https:\/\/roveyayinevi.com.tr\/index.php\/wp-json\/wp\/v2\/media?parent=723841"}],"wp:term":[{"taxonomy":"product_brand","embeddable":true,"href":"https:\/\/roveyayinevi.com.tr\/index.php\/wp-json\/wp\/v2\/product_brand?post=723841"},{"taxonomy":"product_cat","embeddable":true,"href":"https:\/\/roveyayinevi.com.tr\/index.php\/wp-json\/wp\/v2\/product_cat?post=723841"},{"taxonomy":"product_tag","embeddable":true,"href":"https:\/\/roveyayinevi.com.tr\/index.php\/wp-json\/wp\/v2\/product_tag?post=723841"}],"curies":[{"name":"wp","href":"https:\/\/api.w.org\/{rel}","templated":true}]}}