{"id":723835,"date":"2025-08-27T19:26:00","date_gmt":"2025-08-27T16:26:00","guid":{"rendered":"https:\/\/roveyayinevi.com.tr\/index.php\/urun\/akil-ve-hareket\/"},"modified":"2026-04-16T02:31:50","modified_gmt":"2026-04-15T23:31:50","slug":"akil-ve-hareket","status":"publish","type":"product","link":"https:\/\/roveyayinevi.com.tr\/index.php\/urun\/akil-ve-hareket\/","title":{"rendered":"Ak\u0131l ve Hareket"},"content":{"rendered":"<p>Ayd\u0131nlanma \u00e7a\u011f\u0131n\u0131n d\u00fcnya tasavvurunu belirleyen ilke nedir? Newton, Galileo ve Kepler\u2019in \u00e7al\u0131\u015fmalar\u0131 yepyeni bir d\u00fcnya resmi in\u015fa etmeyi nas\u0131l m\u00fcmk\u00fcn k\u0131lm\u0131\u015ft\u0131r? Hareketi alg\u0131lama \u015feklimizin kozmos kavray\u0131\u015f\u0131m\u0131zdaki rol\u00fc nedir?Engin Koca bu sorular\u0131n etraf\u0131nda \u015fekillenen Ak\u0131l ve Hareket\u2019te 17. y\u00fczy\u0131l Bat\u0131 Avrupa\u2019s\u0131nda do\u011fa felsefesindeki d\u00f6n\u00fc\u015f\u00fcm\u00fcn bir soya\u011fac\u0131n\u0131 \u00e7\u0131kar\u0131yor ve kadim d\u00fcnya tasavvuru yerini mekanik bir evren anlay\u0131\u015f\u0131na b\u0131rak\u0131rken ya\u015fanan s\u00fcreci haritaland\u0131r\u0131yor. Antik d\u00f6nemden beri s\u00fcregelen hareket anlay\u0131\u015f\u0131nda ya\u015fanan radikal k\u0131r\u0131lmaya odaklan\u0131yor ve t\u00fcm varl\u0131klar\u0131n ayn\u0131 d\u00fczleme yerle\u015ftirilip ayn\u0131 ilkelerin etkisi alt\u0131nda tan\u0131mland\u0131\u011f\u0131 bu yeni fizi\u011fin metafizik k\u00f6klerini a\u00e7\u0131\u011fa \u00e7\u0131kar\u0131yor. Niteliksel hareketin niceliksel harekete, fizi\u011fin mekani\u011fe indirgenmesini yeni do\u011fa felsefesinin temeline yerle\u015ftiren Koca, bu tezini hem fizi\u011fe hem de metafizi\u011fe uzanan y\u00f6ntemsel bir \u00e7al\u0131\u015fmayla geli\u015ftiriyor. Ama\u00e7, uyum, kemal ve anlam gibi de\u011fer ifade eden kavramlar\u0131n ve nihayetinde do\u011fa felsefesinin fizi\u011fin d\u0131\u015f\u0131na itilmesiyle sonu\u00e7lanan zihinsel d\u00f6n\u00fc\u015f\u00fcme dair ufuk a\u00e7\u0131c\u0131 bir bak\u0131\u015f a\u00e7\u0131s\u0131 sunuyor.<\/p>\n","protected":false},"excerpt":{"rendered":"<p>Ayd\u0131nlanma \u00e7a\u011f\u0131n\u0131n d\u00fcnya tasavvurunu belirleyen ilke nedir? Newton, Galileo ve Kepler\u2019in \u00e7al\u0131\u015fmalar\u0131 yepyeni bir d\u00fcnya resmi in\u015fa etmeyi nas\u0131l m\u00fcmk\u00fcn k\u0131lm\u0131\u015ft\u0131r? Hareketi alg\u0131lama \u015feklimizin kozmos kavray\u0131\u015f\u0131m\u0131zdaki<span class=\"excerpt-hellip\"> [\u2026]<\/span><\/p>\n","protected":false},"featured_media":0,"template":"","meta":{"_monsterinsights_skip_tracking":false,"_monsterinsights_sitenote_active":false,"_monsterinsights_sitenote_note":"","_monsterinsights_sitenote_category":0},"product_brand":[],"product_cat":[16038,12388],"product_tag":[],"class_list":{"0":"post-723835","1":"product","2":"type-product","3":"status-publish","5":"product_cat-arastirma-inceleme-referans-felsefe","6":"product_cat-felsefe","7":"pa_cilt-ciltsiz","8":"pa_tur-kitap","9":"pa_yayinevi-babil-kitap","10":"pa_yazar-engin-koca","12":"first","13":"instock","14":"sale","15":"shipping-taxable","16":"purchasable","17":"product-type-simple"},"_links":{"self":[{"href":"https:\/\/roveyayinevi.com.tr\/index.php\/wp-json\/wp\/v2\/product\/723835","targetHints":{"allow":["GET"]}}],"collection":[{"href":"https:\/\/roveyayinevi.com.tr\/index.php\/wp-json\/wp\/v2\/product"}],"about":[{"href":"https:\/\/roveyayinevi.com.tr\/index.php\/wp-json\/wp\/v2\/types\/product"}],"wp:attachment":[{"href":"https:\/\/roveyayinevi.com.tr\/index.php\/wp-json\/wp\/v2\/media?parent=723835"}],"wp:term":[{"taxonomy":"product_brand","embeddable":true,"href":"https:\/\/roveyayinevi.com.tr\/index.php\/wp-json\/wp\/v2\/product_brand?post=723835"},{"taxonomy":"product_cat","embeddable":true,"href":"https:\/\/roveyayinevi.com.tr\/index.php\/wp-json\/wp\/v2\/product_cat?post=723835"},{"taxonomy":"product_tag","embeddable":true,"href":"https:\/\/roveyayinevi.com.tr\/index.php\/wp-json\/wp\/v2\/product_tag?post=723835"}],"curies":[{"name":"wp","href":"https:\/\/api.w.org\/{rel}","templated":true}]}}