{"id":723833,"date":"2025-08-27T19:25:58","date_gmt":"2025-08-27T16:25:58","guid":{"rendered":"https:\/\/roveyayinevi.com.tr\/index.php\/urun\/deccal-2\/"},"modified":"2026-04-16T02:31:50","modified_gmt":"2026-04-15T23:31:50","slug":"deccal-2","status":"publish","type":"product","link":"https:\/\/roveyayinevi.com.tr\/index.php\/urun\/deccal-2\/","title":{"rendered":"Deccal"},"content":{"rendered":"<p>\u0130lk olarak 1895 y\u0131l\u0131nda yay\u0131mlanan Deccal ile Nietzsche, H\u0131ristiyanl\u0131kla ilgili ele\u015ftirilerini altm\u0131\u015f iki k\u0131sa b\u00f6l\u00fcmde a\u00e7\u0131k ve net bir \u015fekilde dile getirir. Daha \u00f6nce tanr\u0131n\u0131n \u00f6ld\u00fc\u011f\u00fcn\u00fc du-yuran yazar bu kitab\u0131nda H\u0131ristiyanl\u0131k de\u011ferlerinin, bu t\u00fcr de\u011ferleri ortaya koymak i\u00e7in ge-rekli niteliklere sahip olmayan insanlar taraf\u0131ndan yarat\u0131ld\u0131\u011f\u0131n\u0131 s\u00f6yler. Bu de\u011ferleri ger\u00e7e\u011fe ayk\u0131r\u0131 olarak niteler ve bunlar\u0131n insan\u0131 zay\u0131f k\u0131ld\u0131\u011f\u0131ndan bahseder. Ona g\u00f6re insanl\u0131\u011f\u0131 \u00e7\u00fcr\u00fc-ten ve yok olmaya g\u00f6t\u00fcren, sonradan uydurulmu\u015f bu de\u011ferlerdir. Dolay\u0131s\u0131yla insanl\u0131\u011f\u0131n kur-tulu\u015fu i\u00e7in muhakkak H\u0131ristiyanl\u0131\u011f\u0131n k\u00f6k\u00fcn\u00fcn kaz\u0131nmas\u0131 gerekir. Nietzsche\u2019nin s\u00f6z\u00fcn\u00fc etti-\u011fi Deccal, H\u0131ristiyan-olmayan-ki\u015fidir asl\u0131nda; H\u0131ristiyanl\u0131\u011f\u0131n b\u00fct\u00fcn yalanlar\u0131n\u0131 reddeden ve kendi do\u011fas\u0131n\u0131 kabullenip onu \u00e7\u00f6k\u00fc\u015fe g\u00f6t\u00fcrecek olan de\u011ferlerle sava\u015fan ki\u015fidir. Nietzsche en nihayetinde, yaln\u0131zca tek bir ger\u00e7ek H\u0131ristiyan\u0131n varl\u0131\u011f\u0131ndan s\u00f6z eder; fakat onun da \u00e7ar-m\u0131hta can verdi\u011fi ger\u00e7e\u011finin alt\u0131n\u0131 \u00e7izer.En son kaleme ald\u0131\u011f\u0131 otobiyografik eseri Ecce Homo d\u0131\u015f\u0131nda, \u00f6nemli fikirlerini ifade etti\u011fi son yap\u0131t\u0131 Deccal, Alman filozofun felsefe tarihindeki yerini anlamak a\u00e7\u0131s\u0131ndan son derece \u00f6nemlidir.<\/p>\n","protected":false},"excerpt":{"rendered":"<p>\u0130lk olarak 1895 y\u0131l\u0131nda yay\u0131mlanan Deccal ile Nietzsche, H\u0131ristiyanl\u0131kla ilgili ele\u015ftirilerini altm\u0131\u015f iki k\u0131sa b\u00f6l\u00fcmde a\u00e7\u0131k ve net bir \u015fekilde dile getirir. Daha \u00f6nce tanr\u0131n\u0131n \u00f6ld\u00fc\u011f\u00fcn\u00fc<span class=\"excerpt-hellip\"> [\u2026]<\/span><\/p>\n","protected":false},"featured_media":0,"template":"","meta":{"_monsterinsights_skip_tracking":false,"_monsterinsights_sitenote_active":false,"_monsterinsights_sitenote_note":"","_monsterinsights_sitenote_category":0},"product_brand":[],"product_cat":[20351,12388],"product_tag":[],"class_list":{"0":"post-723833","1":"product","2":"type-product","3":"status-publish","5":"product_cat-dusunce","6":"product_cat-felsefe","7":"pa_cilt-ciltsiz","8":"pa_tur-kitap","9":"pa_yayinevi-dogu-bati-yayinlari","10":"pa_yazar-friedrich-nietzsche","12":"first","13":"instock","14":"sale","15":"shipping-taxable","16":"purchasable","17":"product-type-simple"},"_links":{"self":[{"href":"https:\/\/roveyayinevi.com.tr\/index.php\/wp-json\/wp\/v2\/product\/723833","targetHints":{"allow":["GET"]}}],"collection":[{"href":"https:\/\/roveyayinevi.com.tr\/index.php\/wp-json\/wp\/v2\/product"}],"about":[{"href":"https:\/\/roveyayinevi.com.tr\/index.php\/wp-json\/wp\/v2\/types\/product"}],"wp:attachment":[{"href":"https:\/\/roveyayinevi.com.tr\/index.php\/wp-json\/wp\/v2\/media?parent=723833"}],"wp:term":[{"taxonomy":"product_brand","embeddable":true,"href":"https:\/\/roveyayinevi.com.tr\/index.php\/wp-json\/wp\/v2\/product_brand?post=723833"},{"taxonomy":"product_cat","embeddable":true,"href":"https:\/\/roveyayinevi.com.tr\/index.php\/wp-json\/wp\/v2\/product_cat?post=723833"},{"taxonomy":"product_tag","embeddable":true,"href":"https:\/\/roveyayinevi.com.tr\/index.php\/wp-json\/wp\/v2\/product_tag?post=723833"}],"curies":[{"name":"wp","href":"https:\/\/api.w.org\/{rel}","templated":true}]}}

<p>İlk olarak 1895 yılında yayımlanan Deccal ile Nietzsche, Hıristiyanlıkla ilgili eleştirilerini altmış iki kısa bölümde açık ve net bir şekilde dile getirir. Daha önce tanrının öldüğünü du-yuran yazar bu kitabında Hıristiyanlık değerlerinin, bu tür değerleri ortaya koymak için ge-rekli niteliklere sahip olmayan insanlar tarafından yaratıldığını söyler. Bu değerleri gerçeğe aykırı olarak niteler ve bunların insanı zayıf kıldığından bahseder. Ona göre insanlığı çürü-ten ve yok olmaya götüren, sonradan uydurulmuş bu değerlerdir. Dolayısıyla insanlığın kur-tuluşu için muhakkak Hıristiyanlığın kökünün kazınması gerekir. Nietzsche’nin sözünü etti-ği Deccal, Hıristiyan-olmayan-kişidir aslında; Hıristiyanlığın bütün yalanlarını reddeden ve kendi doğasını kabullenip onu çöküşe götürecek olan değerlerle savaşan kişidir. Nietzsche en nihayetinde, yalnızca tek bir gerçek Hıristiyanın varlığından söz eder; fakat onun da çar-mıhta can verdiği gerçeğinin altını çizer.En son kaleme aldığı otobiyografik eseri Ecce Homo dışında, önemli fikirlerini ifade ettiği son yapıtı Deccal, Alman filozofun felsefe tarihindeki yerini anlamak açısından son derece önemlidir.</p>

<p>İlk olarak 1895 yılında yayımlanan Deccal ile Nietzsche, Hıristiyanlıkla ilgili eleştirilerini altmış iki kısa bölümde açık ve net bir şekilde dile getirir. Daha önce tanrının öldüğünü<span class="excerpt-hellip"> […]</span></p>
