{"id":723811,"date":"2025-08-27T19:24:46","date_gmt":"2025-08-27T16:24:46","guid":{"rendered":"https:\/\/roveyayinevi.com.tr\/index.php\/urun\/canberk-ve-zorba-dinozor\/"},"modified":"2026-04-13T02:38:49","modified_gmt":"2026-04-12T23:38:49","slug":"canberk-ve-zorba-dinozor","status":"publish","type":"product","link":"https:\/\/roveyayinevi.com.tr\/index.php\/urun\/canberk-ve-zorba-dinozor\/","title":{"rendered":"Canberk ve Zorba Dinozor"},"content":{"rendered":"<p>Ben Canberk.Ben kocaman\u0131m.Dost canl\u0131s\u0131y\u0131m.Ben mutluyum.Ama bazen \u00fczg\u00fcn hissediyorum.Canberk ailesiyle beraber su park\u0131na gidiyor. Ablas\u0131yla dev su kayd\u0131ra\u011f\u0131ndan  kaymak i\u00e7in sab\u0131rs\u0131zlan\u0131yor. Ama giri\u015fe geldi\u011finde koca zorba dinozor Canberk\u2019in havuza girmesine izin vermiyor. Elbette koca zorba dinozor g\u00f6r\u00fcnd\u00fc\u011f\u00fc gibi de\u011fil. Bu \u00e7ocuklar\u0131n su kayd\u0131ra\u011f\u0131ndan kayabilmeleri i\u00e7in boylar\u0131n\u0131n hangi uzunlukta olmas\u0131 gerekti\u011fini g\u00f6steren bir tabela ve Canberk olmas\u0131 gerekenden birazc\u0131k k\u0131sa. Bu durum Canberk\u2019i \u00e7ok \u00fcz\u00fcyor!Acaba Canberk ne\u015felenmenin bir yolunu bulabilecek mi?Duygular\u0131m ve Ben\u00c7ocuklar duygular\u0131n\u0131 anlama ve aktarmada zorluk ya\u015fayabilirler.Canberk hayal g\u00fcc\u00fcn\u00fcn ve sevimli kurmaca karakterlerin yard\u0131m\u0131yla, minik okurlar\u0131n kendi duygusal tepkilerini e\u011flenceli bir \u015fekilde tan\u0131y\u0131p y\u00f6netmeleri i\u00e7in yard\u0131m eli uzat\u0131yor.<\/p>\n","protected":false},"excerpt":{"rendered":"<p>Ben Canberk.Ben kocaman\u0131m.Dost canl\u0131s\u0131y\u0131m.Ben mutluyum.Ama bazen \u00fczg\u00fcn hissediyorum.Canberk ailesiyle beraber su park\u0131na gidiyor. Ablas\u0131yla dev su kayd\u0131ra\u011f\u0131ndan kaymak i\u00e7in sab\u0131rs\u0131zlan\u0131yor. Ama giri\u015fe geldi\u011finde koca zorba dinozor<span class=\"excerpt-hellip\"> [\u2026]<\/span><\/p>\n","protected":false},"featured_media":0,"template":"","meta":{"_monsterinsights_skip_tracking":false,"_monsterinsights_sitenote_active":false,"_monsterinsights_sitenote_note":"","_monsterinsights_sitenote_category":0},"product_brand":[],"product_cat":[12274,12284],"product_tag":[],"class_list":{"0":"post-723811","1":"product","2":"type-product","3":"status-publish","5":"product_cat-cocuk-ve-genclik-kitaplari","6":"product_cat-hikayeler","7":"pa_cilt-ciltsiz","8":"pa_tur-kitap","9":"pa_yayinevi-marti-cocuk-yayinlari","10":"pa_yazar-ana-crespo","12":"first","13":"instock","14":"sale","15":"shipping-taxable","16":"purchasable","17":"product-type-simple"},"_links":{"self":[{"href":"https:\/\/roveyayinevi.com.tr\/index.php\/wp-json\/wp\/v2\/product\/723811","targetHints":{"allow":["GET"]}}],"collection":[{"href":"https:\/\/roveyayinevi.com.tr\/index.php\/wp-json\/wp\/v2\/product"}],"about":[{"href":"https:\/\/roveyayinevi.com.tr\/index.php\/wp-json\/wp\/v2\/types\/product"}],"wp:attachment":[{"href":"https:\/\/roveyayinevi.com.tr\/index.php\/wp-json\/wp\/v2\/media?parent=723811"}],"wp:term":[{"taxonomy":"product_brand","embeddable":true,"href":"https:\/\/roveyayinevi.com.tr\/index.php\/wp-json\/wp\/v2\/product_brand?post=723811"},{"taxonomy":"product_cat","embeddable":true,"href":"https:\/\/roveyayinevi.com.tr\/index.php\/wp-json\/wp\/v2\/product_cat?post=723811"},{"taxonomy":"product_tag","embeddable":true,"href":"https:\/\/roveyayinevi.com.tr\/index.php\/wp-json\/wp\/v2\/product_tag?post=723811"}],"curies":[{"name":"wp","href":"https:\/\/api.w.org\/{rel}","templated":true}]}}