{"id":723807,"date":"2025-08-27T19:24:43","date_gmt":"2025-08-27T16:24:43","guid":{"rendered":"https:\/\/roveyayinevi.com.tr\/index.php\/urun\/birim-hucresel-sagliktan-ruhsal-yolculuga\/"},"modified":"2026-04-16T02:31:49","modified_gmt":"2026-04-15T23:31:49","slug":"birim-hucresel-sagliktan-ruhsal-yolculuga","status":"publish","type":"product","link":"https:\/\/roveyayinevi.com.tr\/index.php\/urun\/birim-hucresel-sagliktan-ruhsal-yolculuga\/","title":{"rendered":"Birim &#8211; H\u00fccresel Sa\u011fl\u0131ktan Ruhsal Yolculu\u011fa"},"content":{"rendered":"<p>Ruhsal sa\u011fl\u0131\u011f\u0131n v\u00fccudumuza etkilerini ve ger\u00e7ek iyile\u015fmenin s\u0131rlar\u0131n\u0131 \u00f6\u011frenmeye haz\u0131r m\u0131s\u0131n\u0131z?Ruhsal sa\u011fl\u0131k ile b\u00fct\u00fcnc\u00fcl iyile\u015fme aras\u0131nda nas\u0131l bir ili\u015fki var?\u0130ns\u00fclin direnci nedir? Kan \u015fekeri dengesizliklerinde k\u0131s\u0131r d\u00f6ng\u00fc nas\u0131l k\u0131r\u0131l\u0131r?\u00d6strojen hormonu dost mudur d\u00fc\u015fman m\u0131d\u0131r?Tekrar eden mide ba\u011f\u0131rsak problemlerinin as\u0131l kayna\u011f\u0131 nedir?Tiroit problemleriyle nas\u0131l ba\u015f edilir?Bozuk bir ba\u011f\u0131\u015f\u0131kl\u0131k sistemi sa\u011fl\u0131\u011f\u0131m\u0131z\u0131 nas\u0131l etkiler?Ba\u011f\u0131\u015f\u0131kl\u0131k sistemimizi g\u00fc\u00e7lendirerek salg\u0131n hastal\u0131klardan(koronavir\u00fcsler ve influanza) nas\u0131l korunabiliriz?Doktor Deniz \u015eim\u015fek, t\u00fcm bu sorular\u0131n ve daha fazlas\u0131n\u0131n cevaplar\u0131n\u0131, binlerce iyile\u015fme hik\u00e2yesinden edindi\u011fi tecr\u00fcbeyle harmanlayarak bu kitapta bir araya getiriyor. Ger\u00e7ek sa\u011fl\u0131\u011fa ula\u015fman\u0131n yolunun hastal\u0131k isimlerinden s\u0131yr\u0131l\u0131p v\u00fccudun h\u00fccresel d\u00fczeyde ihtiya\u00e7lar\u0131n\u0131 kar\u015f\u0131lamaktan ve ruhsal sa\u011fl\u0131\u011f\u0131n v\u00fccudumuza etkisini anlamaktan ge\u00e7ti\u011fini vurguluyor.Birim, neredeyse t\u00fcm hastal\u0131klardaki k\u00f6k fakt\u00f6rleri; Ba\u011f\u0131rsaklar\u0131n ve b\u00fcnyesindeki trilyonlarca mikro canl\u0131n\u0131n \u00f6nemini, \u0130nflamasyonu ve uzun d\u00f6nem bozulmu\u015f ba\u011f\u0131\u015f\u0131kl\u0131k sisteminin sa\u011fl\u0131\u011f\u0131m\u0131za yans\u0131mas\u0131n\u0131,Ruhsal sistemi ve \u201cbir\u201dden b\u00fct\u00fcne kendini aray\u0131\u015ftaki rol\u00fcn\u00fc, \u0130ns\u00fclin direncini ve h\u00fccresel haberle\u015fmedeki etkisini, Metilasyon kavram\u0131n\u0131 ve genler \u00fcst\u00fc biyokimyasal sistemi temsil eden di\u011fer unsurlar\u0131, bilimsel veriler \u0131\u015f\u0131\u011f\u0131nda g\u00fcn y\u00fcz\u00fcne \u00e7\u0131kar\u0131yor.<\/p>\n","protected":false},"excerpt":{"rendered":"<p>Ruhsal sa\u011fl\u0131\u011f\u0131n v\u00fccudumuza etkilerini ve ger\u00e7ek iyile\u015fmenin s\u0131rlar\u0131n\u0131 \u00f6\u011frenmeye haz\u0131r m\u0131s\u0131n\u0131z?Ruhsal sa\u011fl\u0131k ile b\u00fct\u00fcnc\u00fcl iyile\u015fme aras\u0131nda nas\u0131l bir ili\u015fki var?\u0130ns\u00fclin direnci nedir? Kan \u015fekeri dengesizliklerinde k\u0131s\u0131r<span class=\"excerpt-hellip\"> [\u2026]<\/span><\/p>\n","protected":false},"featured_media":0,"template":"","meta":{"_monsterinsights_skip_tracking":false,"_monsterinsights_sitenote_active":false,"_monsterinsights_sitenote_note":"","_monsterinsights_sitenote_category":0},"product_brand":[],"product_cat":[20502,12357],"product_tag":[],"class_list":{"0":"post-723807","1":"product","2":"type-product","3":"status-publish","5":"product_cat-basvuru-kitaplari-psikoloji","6":"product_cat-psikoloji","7":"pa_cilt-ciltsiz","8":"pa_tur-kitap","9":"pa_yayinevi-nemesis-kitap","10":"pa_yazar-deniz-simsek","12":"first","13":"instock","14":"sale","15":"shipping-taxable","16":"purchasable","17":"product-type-simple"},"_links":{"self":[{"href":"https:\/\/roveyayinevi.com.tr\/index.php\/wp-json\/wp\/v2\/product\/723807","targetHints":{"allow":["GET"]}}],"collection":[{"href":"https:\/\/roveyayinevi.com.tr\/index.php\/wp-json\/wp\/v2\/product"}],"about":[{"href":"https:\/\/roveyayinevi.com.tr\/index.php\/wp-json\/wp\/v2\/types\/product"}],"wp:attachment":[{"href":"https:\/\/roveyayinevi.com.tr\/index.php\/wp-json\/wp\/v2\/media?parent=723807"}],"wp:term":[{"taxonomy":"product_brand","embeddable":true,"href":"https:\/\/roveyayinevi.com.tr\/index.php\/wp-json\/wp\/v2\/product_brand?post=723807"},{"taxonomy":"product_cat","embeddable":true,"href":"https:\/\/roveyayinevi.com.tr\/index.php\/wp-json\/wp\/v2\/product_cat?post=723807"},{"taxonomy":"product_tag","embeddable":true,"href":"https:\/\/roveyayinevi.com.tr\/index.php\/wp-json\/wp\/v2\/product_tag?post=723807"}],"curies":[{"name":"wp","href":"https:\/\/api.w.org\/{rel}","templated":true}]}}