{"id":723804,"date":"2025-08-27T19:24:41","date_gmt":"2025-08-27T16:24:41","guid":{"rendered":"https:\/\/roveyayinevi.com.tr\/index.php\/urun\/turk-egitim-sistemi-farkli-ulkelerle-karsilastirmali\/"},"modified":"2026-04-03T02:38:11","modified_gmt":"2026-04-02T23:38:11","slug":"turk-egitim-sistemi-farkli-ulkelerle-karsilastirmali","status":"publish","type":"product","link":"https:\/\/roveyayinevi.com.tr\/index.php\/urun\/turk-egitim-sistemi-farkli-ulkelerle-karsilastirmali\/","title":{"rendered":"T\u00fcrk E\u011fitim Sistemi Farkl\u0131 \u00dclkelerle Kar\u015f\u0131la\u015ft\u0131rmal\u0131"},"content":{"rendered":"<p>Kitab\u0131m\u0131z T\u00fcrk E\u011fitim Sistemi\u2019nin mevcut durumunu, sorunlar\u0131n\u0131, politika ve hedeflerini farkl\u0131 \u00fclkelerle kar\u015f\u0131la\u015ft\u0131rmal\u0131 olarak incelemektedir. Kitap, okuyucular\u0131n T\u00fcrk E\u011fitim Sistemi\u2019ni tan\u0131malar\u0131 ve farkl\u0131 \u00fclkelerle istatistiksel bak\u0131\u015f a\u00e7\u0131s\u0131yla mukayese edebilmelerini ama\u00e7lamaktad\u0131r. Kitap \u00f6zellikle T\u00fcrk E\u011fitim Sistemi ve Okul Y\u00f6netimi, Kar\u015f\u0131la\u015ft\u0131rmal\u0131 E\u011fitim ve E\u011fitim \u0130statistikleri derslerinde kaynak olarak kullan\u0131labilecek nitelikte haz\u0131rlanm\u0131\u015ft\u0131r. \u015eu an mevcut olan Kar\u015f\u0131la\u015ft\u0131rmal\u0131 E\u011fitim kitaplar\u0131nda T\u00fcrk E\u011fitim Sistemi ile farkl\u0131 \u00fclkelerin e\u011fitim sistemleri kar\u015f\u0131la\u015ft\u0131r\u0131l\u0131rken, bu kitapta temelde T\u00fcrk E\u011fitim Sistemi tan\u0131t\u0131l\u0131rken her b\u00f6l\u00fcmde o b\u00f6l\u00fcm\u00fcn konusuna ili\u015fkin T\u00fcrkiye ile di\u011fer \u00fclkelerle mukayeseli istatistikler yer almaktad\u0131r. S\u00f6z konusu istatistiklere; OECD (2018) Education at a Glance, Eurostat e\u011fitim istatistikleri, Milli E\u011fitim \u0130statistikleri ve OECD database statistics internet sitelerinden g\u00fcncel olarak ula\u015f\u0131lm\u0131\u015ft\u0131r. Dolay\u0131s\u0131yla kitab\u0131m\u0131z e\u011fitim alan\u0131nda kar\u015f\u0131la\u015ft\u0131rmal\u0131 istatistiki bilgilerin yer ald\u0131\u011f\u0131 ilk kaynaklardand\u0131r. Kitap 8 b\u00f6l\u00fcmden olu\u015fmaktad\u0131r. Birinci B\u00f6l\u00fcm\u2019de T\u00fcrkiye\u2019de Okul \u00d6ncesi E\u011fitim ve Tarihsel Geli\u015fimi, D\u00fcnyada Okul \u00d6ncesi E\u011fitim ve Kar\u015f\u0131la\u015ft\u0131r\u0131lmas\u0131, Ekonomik \u0130\u015fbirli\u011fi ve Kalk\u0131nma \u00d6rg\u00fct\u00fc (OECD) Verileri yer almaktad\u0131r. \u0130kinci B\u00f6l\u00fcm\u2019de; T\u00fcrkiye ile Avrupa \u00dclkelerinde \u0130lkokul D\u00fczeyinde Kar\u015f\u0131la\u015ft\u0131rmalar, T\u00fcrkiye ile Avrupa \u00dclkelerinde Ortaokul D\u00fczeyinde Kar\u015f\u0131la\u015ft\u0131rmalar ve T\u00fcrkiye \u0130le Avrupa \u00dclkelerinde Lise D\u00fczeyinde Kar\u015f\u0131la\u015ft\u0131rmalar konular\u0131na yer verilmektedir. Y\u00fcksek\u00f6\u011fretim Kurumlar\u0131, Mevcut Durum, Sorunlar, \u00c7\u00f6z\u00fcm \u00d6nerileri, Politikalar ve Hedefler\u2019in yer ald\u0131\u011f\u0131 \u00dc\u00e7\u00fcnc\u00fc B\u00f6l\u00fcm\u2019de Y\u00fcksek\u00f6\u011fretim konusu i\u015flenmi\u015ftir. D\u00f6rd\u00fcnc\u00fc B\u00f6l\u00fcm\u2019de; Ya\u015fam Boyu \u00d6\u011frenme, AB\u2019de YB\u00d6\u2019de Gelinen Son Durum, YB\u00d6 ve T\u00fcrkiye ve T\u00fcrkiye\u2019de Gelinen Son Durum konular\u0131na yer verilmi\u015ftir.Be\u015finci B\u00f6l\u00fcm\u2019de; \u00d6\u011fretmen E\u011fitimi konusu, mevcut durum, sorunlar ve \u00e7\u00f6z\u00fcm \u00f6nerileri kapsam\u0131nda ele al\u0131nm\u0131\u015ft\u0131r. Alt\u0131nc\u0131 B\u00f6l\u00fcm\u2019de; Bilgi ve \u0130leti\u015fim Teknojilerinin Kullan\u0131m Ama\u00e7lar\u0131 ve Farkl\u0131 \u00dclkelerde Teknoloji ve E\u011fitim \u0130li\u015fkisi Ba\u011flam\u0131nda Kar\u015f\u0131la\u015ft\u0131rmal\u0131 E\u011fitim Teknolojileri konusu yer almaktad\u0131r. E\u011fitim Harcamalar\u0131, E\u011fitim, \u0130stihdam, Kazan\u00e7 konular\u0131n\u0131n i\u015flendi\u011fi Yedinci B\u00f6l\u00fcm\u2019de T\u00fcrkiye\u2019de E\u011fitim ve Ekonomi konusu irdelenmi\u015ftir. Son b\u00f6l\u00fcmde; T\u00fcrkiye\u2019de E\u011fitim Vizyonu, Politika ve Hedefleri kapsam\u0131nda; E\u011fitim Politikas\u0131: T\u00fcrkiye, E\u011fitim Vizyonu, AB 2020 E\u011fitim Hedefleri ve Genel Ulusal E\u011fitim Stratejisi ve Temel Hedefler konular\u0131 de\u011ferlendirilmi\u015ftir.<\/p>\n","protected":false},"excerpt":{"rendered":"<p>Kitab\u0131m\u0131z T\u00fcrk E\u011fitim Sistemi\u2019nin mevcut durumunu, sorunlar\u0131n\u0131, politika ve hedeflerini farkl\u0131 \u00fclkelerle kar\u015f\u0131la\u015ft\u0131rmal\u0131 olarak incelemektedir. Kitap, okuyucular\u0131n T\u00fcrk E\u011fitim Sistemi\u2019ni tan\u0131malar\u0131 ve farkl\u0131 \u00fclkelerle istatistiksel bak\u0131\u015f<span class=\"excerpt-hellip\"> [\u2026]<\/span><\/p>\n","protected":false},"featured_media":0,"template":"","meta":{"_monsterinsights_skip_tracking":false,"_monsterinsights_sitenote_active":false,"_monsterinsights_sitenote_note":"","_monsterinsights_sitenote_category":0},"product_brand":[],"product_cat":[12567,12566],"product_tag":[],"class_list":{"0":"post-723804","1":"product","2":"type-product","3":"status-publish","5":"product_cat-diger-egitim","6":"product_cat-egitim","7":"pa_cilt-ciltsiz","8":"pa_tur-kitap","9":"pa_yayinevi-ani-yayincilik","10":"pa_yazar-kolektif","12":"first","13":"instock","14":"sale","15":"shipping-taxable","16":"purchasable","17":"product-type-simple"},"_links":{"self":[{"href":"https:\/\/roveyayinevi.com.tr\/index.php\/wp-json\/wp\/v2\/product\/723804","targetHints":{"allow":["GET"]}}],"collection":[{"href":"https:\/\/roveyayinevi.com.tr\/index.php\/wp-json\/wp\/v2\/product"}],"about":[{"href":"https:\/\/roveyayinevi.com.tr\/index.php\/wp-json\/wp\/v2\/types\/product"}],"wp:attachment":[{"href":"https:\/\/roveyayinevi.com.tr\/index.php\/wp-json\/wp\/v2\/media?parent=723804"}],"wp:term":[{"taxonomy":"product_brand","embeddable":true,"href":"https:\/\/roveyayinevi.com.tr\/index.php\/wp-json\/wp\/v2\/product_brand?post=723804"},{"taxonomy":"product_cat","embeddable":true,"href":"https:\/\/roveyayinevi.com.tr\/index.php\/wp-json\/wp\/v2\/product_cat?post=723804"},{"taxonomy":"product_tag","embeddable":true,"href":"https:\/\/roveyayinevi.com.tr\/index.php\/wp-json\/wp\/v2\/product_tag?post=723804"}],"curies":[{"name":"wp","href":"https:\/\/api.w.org\/{rel}","templated":true}]}}