{"id":723798,"date":"2025-08-27T19:24:36","date_gmt":"2025-08-27T16:24:36","guid":{"rendered":"https:\/\/roveyayinevi.com.tr\/index.php\/urun\/kalpteki-kiraci\/"},"modified":"2026-04-16T02:31:49","modified_gmt":"2026-04-15T23:31:49","slug":"kalpteki-kiraci","status":"publish","type":"product","link":"https:\/\/roveyayinevi.com.tr\/index.php\/urun\/kalpteki-kiraci\/","title":{"rendered":"Kalpteki Kirac\u0131"},"content":{"rendered":"<p>Ne olursa olsun nasibin ne ise o senin olacakt\u0131r. \u00c7\u00fcnk\u00fc o \u00e7ok g\u00fczel bir ihtimaldir&#8230; Ne fazlas\u0131 ne eksi\u011fi nasibin ne ise onu ya\u015fayacaks\u0131n. Onun i\u00e7in bo\u015funa isyan etmek, sitem etmek seni en fazla g\u00fcnaha ve umutsuzlu\u011fa iter; Sab\u0131rl\u0131 ol ve nasibini bekle. Senin i\u00e7in g\u00fcne\u015fin do\u011faca\u011f\u0131 g\u00fcn\u00fcn\u00fcn ayd\u0131nlanaca\u011f\u0131 g\u00fcn\u00fc bekle, yapman gerekeni yap bol bol dua et, hi\u00e7 bekledi\u011fin bir zaman da belki a\u00e7\u0131lacakt\u0131r a\u00e7\u0131lmaz dedi\u011fin kap\u0131. Ve unutma sab\u0131r ac\u0131 meyvesi tatl\u0131d\u0131r.<\/p>\n","protected":false},"excerpt":{"rendered":"<p>Ne olursa olsun nasibin ne ise o senin olacakt\u0131r. \u00c7\u00fcnk\u00fc o \u00e7ok g\u00fczel bir ihtimaldir&#8230; Ne fazlas\u0131 ne eksi\u011fi nasibin ne ise onu ya\u015fayacaks\u0131n. Onun i\u00e7in<span class=\"excerpt-hellip\"> [\u2026]<\/span><\/p>\n","protected":false},"featured_media":0,"template":"","meta":{"_monsterinsights_skip_tracking":false,"_monsterinsights_sitenote_active":false,"_monsterinsights_sitenote_note":"","_monsterinsights_sitenote_category":0},"product_brand":[],"product_cat":[12291,12509],"product_tag":[],"class_list":{"0":"post-723798","1":"product","2":"type-product","3":"status-publish","5":"product_cat-edebiyat","6":"product_cat-siir","7":"pa_cilt-ciltsiz","8":"pa_tur-kitap","9":"pa_yayinevi-herdem-kitap","10":"pa_yazar-mehmet-sutpak","12":"first","13":"instock","14":"sale","15":"shipping-taxable","16":"purchasable","17":"product-type-simple"},"_links":{"self":[{"href":"https:\/\/roveyayinevi.com.tr\/index.php\/wp-json\/wp\/v2\/product\/723798","targetHints":{"allow":["GET"]}}],"collection":[{"href":"https:\/\/roveyayinevi.com.tr\/index.php\/wp-json\/wp\/v2\/product"}],"about":[{"href":"https:\/\/roveyayinevi.com.tr\/index.php\/wp-json\/wp\/v2\/types\/product"}],"wp:attachment":[{"href":"https:\/\/roveyayinevi.com.tr\/index.php\/wp-json\/wp\/v2\/media?parent=723798"}],"wp:term":[{"taxonomy":"product_brand","embeddable":true,"href":"https:\/\/roveyayinevi.com.tr\/index.php\/wp-json\/wp\/v2\/product_brand?post=723798"},{"taxonomy":"product_cat","embeddable":true,"href":"https:\/\/roveyayinevi.com.tr\/index.php\/wp-json\/wp\/v2\/product_cat?post=723798"},{"taxonomy":"product_tag","embeddable":true,"href":"https:\/\/roveyayinevi.com.tr\/index.php\/wp-json\/wp\/v2\/product_tag?post=723798"}],"curies":[{"name":"wp","href":"https:\/\/api.w.org\/{rel}","templated":true}]}}