{"id":723794,"date":"2025-08-27T19:24:33","date_gmt":"2025-08-27T16:24:33","guid":{"rendered":"https:\/\/roveyayinevi.com.tr\/index.php\/urun\/butun-kadinlar-kahramandir\/"},"modified":"2026-04-16T02:31:49","modified_gmt":"2026-04-15T23:31:49","slug":"butun-kadinlar-kahramandir","status":"publish","type":"product","link":"https:\/\/roveyayinevi.com.tr\/index.php\/urun\/butun-kadinlar-kahramandir\/","title":{"rendered":"B\u00fct\u00fcn Kad\u0131nlar Kahramand\u0131r"},"content":{"rendered":"<p>&#8220;Bu kitap, her \u015feyden \u00f6nce, mutfakta yemek yapmaktan ziyade bir devrimin i\u00e7inde yer almay\u0131 hayal eden gen\u00e7 bir kad\u0131n\u0131n itiraf\u0131.Bu kitap, boyun e\u011fmeyen, sorgulayan ve ataerkil stat\u00fckoya kafa tutan \u00fcnl\u00fc-\u00fcns\u00fcz t\u00fcm kad\u0131nlara bir sayg\u0131 ifadesi.Bu kitap, kad\u0131nlar\u0131 bile isteye g\u00f6r\u00fcnmez k\u0131lm\u0131\u015f ve nesiller boyu k\u0131z \u00e7ocuklar\u0131na de\u011fersiz olduklar\u0131n\u0131 tekrarlay\u0131p durmu\u015f insanl\u0131k tarihine kar\u015f\u0131 bir protesto.Bu kitap, toplumumuzda ve t\u00fcm d\u00fcnyada ge\u00e7erlili\u011fini h\u00e2l\u00e2 s\u00fcrd\u00fcren basmakal\u0131p kad\u0131n anlay\u0131\u015f\u0131na kar\u015f\u0131 politik bir bildirge.Son olarak bu kitap, t\u00fcm kad\u0131nlara bir \u00e7a\u011fr\u0131. Hayatlar\u0131m\u0131za dayat\u0131lan kurallar\u0131 sorgulamak ve bu kurallar\u0131 delmek, \u00fczerimize yans\u0131t\u0131lan ataerkil bak\u0131\u015f a\u00e7\u0131s\u0131n\u0131 reddetmek i\u00e7in yap\u0131lan bir \u00e7a\u011fr\u0131. Her gen\u00e7 k\u0131z\u0131 ve her kad\u0131n\u0131, kurbana d\u00f6n\u00fc\u015fmeyi reddetmeye ve i\u00e7lerinde uyuyan kahraman\u0131 ke\u015ffetmeye \u00e7a\u011f\u0131r\u0131yorum.&#8221;<\/p>\n","protected":false},"excerpt":{"rendered":"<p>&#8220;Bu kitap, her \u015feyden \u00f6nce, mutfakta yemek yapmaktan ziyade bir devrimin i\u00e7inde yer almay\u0131 hayal eden gen\u00e7 bir kad\u0131n\u0131n itiraf\u0131.Bu kitap, boyun e\u011fmeyen, sorgulayan ve ataerkil<span class=\"excerpt-hellip\"> [\u2026]<\/span><\/p>\n","protected":false},"featured_media":0,"template":"","meta":{"_monsterinsights_skip_tracking":false,"_monsterinsights_sitenote_active":false,"_monsterinsights_sitenote_note":"","_monsterinsights_sitenote_category":0},"product_brand":[],"product_cat":[14741,13488],"product_tag":[],"class_list":{"0":"post-723794","1":"product","2":"type-product","3":"status-publish","5":"product_cat-kadin-sorunlari-feminizm","6":"product_cat-toplum-ve-insan","7":"pa_cilt-ciltsiz","8":"pa_tur-kitap","9":"pa_yayinevi-bilgi-yayinevi","10":"pa_yazar-inna-shevchenko","12":"first","13":"instock","14":"sale","15":"shipping-taxable","16":"purchasable","17":"product-type-simple"},"_links":{"self":[{"href":"https:\/\/roveyayinevi.com.tr\/index.php\/wp-json\/wp\/v2\/product\/723794","targetHints":{"allow":["GET"]}}],"collection":[{"href":"https:\/\/roveyayinevi.com.tr\/index.php\/wp-json\/wp\/v2\/product"}],"about":[{"href":"https:\/\/roveyayinevi.com.tr\/index.php\/wp-json\/wp\/v2\/types\/product"}],"wp:attachment":[{"href":"https:\/\/roveyayinevi.com.tr\/index.php\/wp-json\/wp\/v2\/media?parent=723794"}],"wp:term":[{"taxonomy":"product_brand","embeddable":true,"href":"https:\/\/roveyayinevi.com.tr\/index.php\/wp-json\/wp\/v2\/product_brand?post=723794"},{"taxonomy":"product_cat","embeddable":true,"href":"https:\/\/roveyayinevi.com.tr\/index.php\/wp-json\/wp\/v2\/product_cat?post=723794"},{"taxonomy":"product_tag","embeddable":true,"href":"https:\/\/roveyayinevi.com.tr\/index.php\/wp-json\/wp\/v2\/product_tag?post=723794"}],"curies":[{"name":"wp","href":"https:\/\/api.w.org\/{rel}","templated":true}]}}