{"id":723788,"date":"2025-08-27T19:24:29","date_gmt":"2025-08-27T16:24:29","guid":{"rendered":"https:\/\/roveyayinevi.com.tr\/index.php\/urun\/mary-ventura-ve-dokuzuncu-krallik\/"},"modified":"2026-04-16T02:31:49","modified_gmt":"2026-04-15T23:31:49","slug":"mary-ventura-ve-dokuzuncu-krallik","status":"publish","type":"product","link":"https:\/\/roveyayinevi.com.tr\/index.php\/urun\/mary-ventura-ve-dokuzuncu-krallik\/","title":{"rendered":"Mary Ventura ve Dokuzuncu Krall\u0131k"},"content":{"rendered":"<p>\u0130lk defa 2019\u2019da yay\u0131mlanan, Mary Ventura ve Dokuzuncu Krall\u0131k, Sylvia Plath\u2019\u0131n 1952\u2019de Smith College&#8217;da \u00f6\u011frenciyken yazd\u0131\u011f\u0131 bir uzun \u00f6yk\u00fc.Kendi tan\u0131mlamas\u0131yla \u201canla\u015f\u0131lmas\u0131 g\u00fc\u00e7, sembolik bir \u00f6yk\u00fc\u201d dedi\u011fi metnini yay\u0131mlamas\u0131 i\u00e7in, bir s\u00fcre \u00f6nce \u00f6d\u00fcl kazand\u0131\u011f\u0131, Mademoiselle dergisine g\u00f6ndermi\u015f ancak \u00f6yk\u00fc kabul edilmemi\u015fti.Bu hik\u00e2yeyi yazd\u0131ktan sonra Plath, ertesi yaz ilk kez intihar giri\u015fiminde bulunur. Dolay\u0131s\u0131yla bug\u00fcn \u201cintihar alegorisi\u201d ile okundu\u011funda metnin b\u00fct\u00fcn karanl\u0131\u011f\u0131 ve tekinsizli\u011fi daha iyi anla\u015f\u0131lacakt\u0131r.Mary Ventura ve Dokuzuncu Krall\u0131k, derginin reddetti\u011fi ilk, \u00f6zg\u00fcn ve en zengin versiyonuyla ilk defa okullarla bulu\u015fuyor.<\/p>\n","protected":false},"excerpt":{"rendered":"<p>\u0130lk defa 2019\u2019da yay\u0131mlanan, Mary Ventura ve Dokuzuncu Krall\u0131k, Sylvia Plath\u2019\u0131n 1952\u2019de Smith College&#8217;da \u00f6\u011frenciyken yazd\u0131\u011f\u0131 bir uzun \u00f6yk\u00fc.Kendi tan\u0131mlamas\u0131yla \u201canla\u015f\u0131lmas\u0131 g\u00fc\u00e7, sembolik bir \u00f6yk\u00fc\u201d dedi\u011fi<span class=\"excerpt-hellip\"> [\u2026]<\/span><\/p>\n","protected":false},"featured_media":0,"template":"","meta":{"_monsterinsights_skip_tracking":false,"_monsterinsights_sitenote_active":false,"_monsterinsights_sitenote_note":"","_monsterinsights_sitenote_category":0},"product_brand":[],"product_cat":[12891,12291],"product_tag":[],"class_list":{"0":"post-723788","1":"product","2":"type-product","3":"status-publish","5":"product_cat-amerikan-edebiyati","6":"product_cat-edebiyat","7":"pa_cilt-ciltsiz","8":"pa_tur-kitap","9":"pa_yayinevi-kirmizi-kedi-yayinevi","10":"pa_yazar-sylvia-plath","12":"first","13":"instock","14":"sale","15":"shipping-taxable","16":"purchasable","17":"product-type-simple"},"_links":{"self":[{"href":"https:\/\/roveyayinevi.com.tr\/index.php\/wp-json\/wp\/v2\/product\/723788","targetHints":{"allow":["GET"]}}],"collection":[{"href":"https:\/\/roveyayinevi.com.tr\/index.php\/wp-json\/wp\/v2\/product"}],"about":[{"href":"https:\/\/roveyayinevi.com.tr\/index.php\/wp-json\/wp\/v2\/types\/product"}],"wp:attachment":[{"href":"https:\/\/roveyayinevi.com.tr\/index.php\/wp-json\/wp\/v2\/media?parent=723788"}],"wp:term":[{"taxonomy":"product_brand","embeddable":true,"href":"https:\/\/roveyayinevi.com.tr\/index.php\/wp-json\/wp\/v2\/product_brand?post=723788"},{"taxonomy":"product_cat","embeddable":true,"href":"https:\/\/roveyayinevi.com.tr\/index.php\/wp-json\/wp\/v2\/product_cat?post=723788"},{"taxonomy":"product_tag","embeddable":true,"href":"https:\/\/roveyayinevi.com.tr\/index.php\/wp-json\/wp\/v2\/product_tag?post=723788"}],"curies":[{"name":"wp","href":"https:\/\/api.w.org\/{rel}","templated":true}]}}