{"id":723780,"date":"2025-08-27T19:24:23","date_gmt":"2025-08-27T16:24:23","guid":{"rendered":"https:\/\/roveyayinevi.com.tr\/index.php\/urun\/cogito-97-imaji-dusunmek\/"},"modified":"2026-04-16T02:31:48","modified_gmt":"2026-04-15T23:31:48","slug":"cogito-97-imaji-dusunmek","status":"publish","type":"product","link":"https:\/\/roveyayinevi.com.tr\/index.php\/urun\/cogito-97-imaji-dusunmek\/","title":{"rendered":"Cogito 97 &#8211; \u0130maj\u0131 D\u00fc\u015f\u00fcnmek"},"content":{"rendered":"<p>Cogito\u2019dan \u2022 \u0130maj\u0131 D\u00fc\u015f\u00fcnmek Nazile Kalayc\u0131 \u2022 Antik\u00e7a\u011f\u2019da \u015eiire Kar\u015f\u0131 Diyalektik: poetik k\u00fclt\u00fcrde ve sokratik k\u00fclt\u00fcrde imge \u00fcretimi E. Burak \u015eaman \u2022 Hat Nas\u0131l Bir Surettir? Nami Ba\u015fer \u2022 \u0130mago Cana Bostan \u2022 Divandaki Tarih Mele\u011fi: Walter Benjamin\u2019de \u0130mge-Uzam Mehmet \u015eiray \u2022 Jacques Ranci\u00e8re\u2019in \u0130mge Felsefesi: Estetik \u0130mgenin Diyalekti\u011fi Hakan Y\u00fccefer \u2022 \u0130mgenin Ard\u0131ndaki \u0130mge: Deleuze\u2019de Eylem-\u0130mgenin \u00dc\u00e7 Krizi W.J.T. Mitchell \u2022 Resimler Ne \u0130ster? Jacques Ranci\u00e8re \u2022 \u0130majlar Ger\u00e7ekten Ya\u015famak \u0130ster mi? Emmanuel Alloa \u2022 \u0130majlar\u0131n Okunurlu\u011fu: Bir G\u00f6rsel Hegemonya Ele\u015ftirisi Georges Didi-Huberman \u2022 Tarihin \u00d6zg\u00fcr G\u00f6zleri Pelin Dilara \u00c7olak \u2022 Sanat\u0131 \u2018Sanat\u2019 Yapan Nedir? Sanat\u0131n \u0130mgesel Do\u011fas\u0131 \u00dczerine Bir Deneme Lewis Johnson \u2022 \u0130majlarla \u00c7al\u0131\u015fmak: Resimlemenin Yap\u0131bozumu ve G\u00f6zde \u0130lkin\u2019in Sanat\u0131 Zeynep Talay Turner \u2022 Kavram, Metafor, Benzetme: Nietzsche, Blumenberg, Musil \u00d6zg\u00fcr Taburo\u011flu \u2022 Bilge Karasu Anlat\u0131lar\u0131nda I\u015f\u0131kl\u0131 \u0130mgeler <\/p>\n","protected":false},"excerpt":{"rendered":"<p>Cogito\u2019dan \u2022 \u0130maj\u0131 D\u00fc\u015f\u00fcnmek Nazile Kalayc\u0131 \u2022 Antik\u00e7a\u011f\u2019da \u015eiire Kar\u015f\u0131 Diyalektik: poetik k\u00fclt\u00fcrde ve sokratik k\u00fclt\u00fcrde imge \u00fcretimi E. Burak \u015eaman \u2022 Hat Nas\u0131l Bir Surettir?<span class=\"excerpt-hellip\"> [\u2026]<\/span><\/p>\n","protected":false},"featured_media":0,"template":"","meta":{"_monsterinsights_skip_tracking":false,"_monsterinsights_sitenote_active":false,"_monsterinsights_sitenote_note":"","_monsterinsights_sitenote_category":0},"product_brand":[],"product_cat":[19460,13527],"product_tag":[],"class_list":{"0":"post-723780","1":"product","2":"type-product","3":"status-publish","5":"product_cat-felsefe-sureli-yayinlar","6":"product_cat-sureli-yayinlar","7":"pa_cilt-ciltsiz","8":"pa_tur-kitap","9":"pa_yayinevi-yapi-kredi-yayinlari-dergi","10":"pa_yazar-kolektif","12":"first","13":"instock","14":"sale","15":"shipping-taxable","16":"purchasable","17":"product-type-simple"},"_links":{"self":[{"href":"https:\/\/roveyayinevi.com.tr\/index.php\/wp-json\/wp\/v2\/product\/723780","targetHints":{"allow":["GET"]}}],"collection":[{"href":"https:\/\/roveyayinevi.com.tr\/index.php\/wp-json\/wp\/v2\/product"}],"about":[{"href":"https:\/\/roveyayinevi.com.tr\/index.php\/wp-json\/wp\/v2\/types\/product"}],"wp:attachment":[{"href":"https:\/\/roveyayinevi.com.tr\/index.php\/wp-json\/wp\/v2\/media?parent=723780"}],"wp:term":[{"taxonomy":"product_brand","embeddable":true,"href":"https:\/\/roveyayinevi.com.tr\/index.php\/wp-json\/wp\/v2\/product_brand?post=723780"},{"taxonomy":"product_cat","embeddable":true,"href":"https:\/\/roveyayinevi.com.tr\/index.php\/wp-json\/wp\/v2\/product_cat?post=723780"},{"taxonomy":"product_tag","embeddable":true,"href":"https:\/\/roveyayinevi.com.tr\/index.php\/wp-json\/wp\/v2\/product_tag?post=723780"}],"curies":[{"name":"wp","href":"https:\/\/api.w.org\/{rel}","templated":true}]}}

Cogito 97 &#8211; İmajı Düşünmek

<p>Cogito’dan • İmajı Düşünmek Nazile Kalaycı • Antikçağ’da Şiire Karşı Diyalektik: poetik kültürde ve sokratik kültürde imge üretimi E. Burak Şaman • Hat Nasıl Bir Surettir? Nami Başer • İmago Cana Bostan • Divandaki Tarih Meleği: Walter Benjamin’de İmge-Uzam Mehmet Şiray • Jacques Rancière’in İmge Felsefesi: Estetik İmgenin Diyalektiği Hakan Yücefer • İmgenin Ardındaki İmge: Deleuze’de Eylem-İmgenin Üç Krizi W.J.T. Mitchell • Resimler Ne İster? Jacques Rancière • İmajlar Gerçekten Yaşamak İster mi? Emmanuel Alloa • İmajların Okunurluğu: Bir Görsel Hegemonya Eleştirisi Georges Didi-Huberman • Tarihin Özgür Gözleri Pelin Dilara Çolak • Sanatı ‘Sanat’ Yapan Nedir? Sanatın İmgesel Doğası Üzerine Bir Deneme Lewis Johnson • İmajlarla Çalışmak: Resimlemenin Yapıbozumu ve Gözde İlkin’in Sanatı Zeynep Talay Turner • Kavram, Metafor, Benzetme: Nietzsche, Blumenberg, Musil Özgür Taburoğlu • Bilge Karasu Anlatılarında Işıklı İmgeler </p>

<p>Cogito’dan • İmajı Düşünmek Nazile Kalaycı • Antikçağ’da Şiire Karşı Diyalektik: poetik kültürde ve sokratik kültürde imge üretimi E. Burak Şaman • Hat Nasıl Bir Surettir?<span class="excerpt-hellip"> […]</span></p>
