{"id":723754,"date":"2025-08-27T19:24:00","date_gmt":"2025-08-27T16:24:00","guid":{"rendered":"https:\/\/roveyayinevi.com.tr\/index.php\/urun\/dusle-dusun\/"},"modified":"2026-04-16T02:31:48","modified_gmt":"2026-04-15T23:31:48","slug":"dusle-dusun","status":"publish","type":"product","link":"https:\/\/roveyayinevi.com.tr\/index.php\/urun\/dusle-dusun\/","title":{"rendered":"D\u00fc\u015fle D\u00fc\u015f\u00fcn"},"content":{"rendered":"<p>Yarat\u0131c\u0131l\u0131k, ya\u015fam\u0131n her d\u00f6neminde ihtiya\u00e7 duyulan bir beceridir. Ayn\u0131 zamanda ki\u015finin kendine \u00f6zg\u00fc \u00f6zelliklerini de g\u00f6z \u00f6n\u00fcne serer. G\u00fcnl\u00fck ya\u015famdan bilimsel \u00e7al\u0131\u015fmalara kadar uzanan bir tutum ve davran\u0131\u015f bi\u00e7imidir. Yarat\u0131c\u0131 yazma becerisi, do\u011fru yakla\u015f\u0131mlarla in\u015fa edilerek geli\u015ftirilebilir.   \u201cD\u00dc\u015eLE D\u00dc\u015e\u00dcN\u201d kitab\u0131 tam da bu ama\u00e7la, yarat\u0131c\u0131 yazma ve d\u00fc\u015f\u00fcnme \u00e7al\u0131\u015fmalar\u0131n\u0131n ilk ad\u0131m\u0131 olmas\u0131 i\u00e7in haz\u0131rland\u0131. Haydi \u00c7ocuklar, sizlere verdi\u011fimiz ipu\u00e7lar\u0131ndan yola \u00e7\u0131k\u0131p d\u00fc\u015fleyerek d\u00fc\u015f\u00fcn\u00fcn, \u00f6zg\u00fcrce hayal edin, resimleyin, yaz\u0131n, \u00e7izin ve \u00fcretin.   YARATICI D\u00dc\u015e\u00dcNCEN\u0130N E\u011eLENCEL\u0130 D\u00dcNYASINI KE\u015eFED\u0130N. <\/p>\n","protected":false},"excerpt":{"rendered":"<p>Yarat\u0131c\u0131l\u0131k, ya\u015fam\u0131n her d\u00f6neminde ihtiya\u00e7 duyulan bir beceridir. Ayn\u0131 zamanda ki\u015finin kendine \u00f6zg\u00fc \u00f6zelliklerini de g\u00f6z \u00f6n\u00fcne serer. G\u00fcnl\u00fck ya\u015famdan bilimsel \u00e7al\u0131\u015fmalara kadar uzanan bir tutum<span class=\"excerpt-hellip\"> [\u2026]<\/span><\/p>\n","protected":false},"featured_media":0,"template":"","meta":{"_monsterinsights_skip_tracking":false,"_monsterinsights_sitenote_active":false,"_monsterinsights_sitenote_note":"","_monsterinsights_sitenote_category":0},"product_brand":[],"product_cat":[12274,15842],"product_tag":[],"class_list":{"0":"post-723754","1":"product","2":"type-product","3":"status-publish","5":"product_cat-cocuk-ve-genclik-kitaplari","6":"product_cat-egitici-kitaplar","7":"pa_cilt-ciltsiz","8":"pa_tur-kitap","9":"pa_yayinevi-dogan-egmont-yayincilik","10":"pa_yazar-umit-tan","12":"first","13":"instock","14":"sale","15":"shipping-taxable","16":"purchasable","17":"product-type-simple"},"_links":{"self":[{"href":"https:\/\/roveyayinevi.com.tr\/index.php\/wp-json\/wp\/v2\/product\/723754","targetHints":{"allow":["GET"]}}],"collection":[{"href":"https:\/\/roveyayinevi.com.tr\/index.php\/wp-json\/wp\/v2\/product"}],"about":[{"href":"https:\/\/roveyayinevi.com.tr\/index.php\/wp-json\/wp\/v2\/types\/product"}],"wp:attachment":[{"href":"https:\/\/roveyayinevi.com.tr\/index.php\/wp-json\/wp\/v2\/media?parent=723754"}],"wp:term":[{"taxonomy":"product_brand","embeddable":true,"href":"https:\/\/roveyayinevi.com.tr\/index.php\/wp-json\/wp\/v2\/product_brand?post=723754"},{"taxonomy":"product_cat","embeddable":true,"href":"https:\/\/roveyayinevi.com.tr\/index.php\/wp-json\/wp\/v2\/product_cat?post=723754"},{"taxonomy":"product_tag","embeddable":true,"href":"https:\/\/roveyayinevi.com.tr\/index.php\/wp-json\/wp\/v2\/product_tag?post=723754"}],"curies":[{"name":"wp","href":"https:\/\/api.w.org\/{rel}","templated":true}]}}