{"id":723743,"date":"2025-08-27T19:23:52","date_gmt":"2025-08-27T16:23:52","guid":{"rendered":"https:\/\/roveyayinevi.com.tr\/index.php\/urun\/cocuk-kalbi-11\/"},"modified":"2026-04-16T02:31:48","modified_gmt":"2026-04-15T23:31:48","slug":"cocuk-kalbi-11","status":"publish","type":"product","link":"https:\/\/roveyayinevi.com.tr\/index.php\/urun\/cocuk-kalbi-11\/","title":{"rendered":"\u00c7ocuk Kalbi"},"content":{"rendered":"<p>Edmondo de Amicis\u2019in \u00fcnl\u00fc roman\u0131 \u00c7ocuk Kalbi\u2019nde, \u00f6\u011frenci Enrico\u2019nun g\u00f6z\u00fcnden bir toplumun birbirinden farkl\u0131 hayatlar ya\u015fayan insanlar\u0131 anlat\u0131l\u0131yor. \u00dc\u00e7\u00fcnc\u00fc s\u0131n\u0131fa giden Enrico, arkada\u015flar\u0131yla birlikte at\u0131ld\u0131\u011f\u0131 maceralar\u0131 g\u00fcnl\u00fc\u011f\u00fcne not etmeye ba\u015flar: \u00e7al\u0131\u015fkanl\u0131\u011f\u0131yla tan\u0131nan Derossi, \u00f6n\u00fcne gelene zulmeden Nobis, herkese arma\u011fanlar da\u011f\u0131tan Garoffi ve yaramaz Franti\u2026 Bir yanda hastal\u0131klar, zor dersler ve a\u011f\u0131r i\u015fler; di\u011fer yanda cambazlar\u0131n numaralar\u0131n\u0131 g\u00f6sterdi\u011fi karnavallar, k\u0131rlardaki g\u00fczel havan\u0131n tad\u0131na var\u0131lan piknikler\u2026 Onlarca dile \u00e7evrilip d\u00fcnyan\u0131n d\u00f6rt bir yan\u0131nda yay\u0131mlanan bu kitapta, \u00e7ocuklar\u0131n iyi niyeti, fedak\u00e2rl\u0131\u011f\u0131 ve d\u00fcr\u00fcstl\u00fc\u011f\u00fc, okuyanlar\u0131 da sar\u0131p sarmal\u0131yor.<\/p>\n","protected":false},"excerpt":{"rendered":"<p>Edmondo de Amicis\u2019in \u00fcnl\u00fc roman\u0131 \u00c7ocuk Kalbi\u2019nde, \u00f6\u011frenci Enrico\u2019nun g\u00f6z\u00fcnden bir toplumun birbirinden farkl\u0131 hayatlar ya\u015fayan insanlar\u0131 anlat\u0131l\u0131yor. \u00dc\u00e7\u00fcnc\u00fc s\u0131n\u0131fa giden Enrico, arkada\u015flar\u0131yla birlikte at\u0131ld\u0131\u011f\u0131 maceralar\u0131<span class=\"excerpt-hellip\"> [\u2026]<\/span><\/p>\n","protected":false},"featured_media":0,"template":"","meta":{"_monsterinsights_skip_tracking":false,"_monsterinsights_sitenote_active":false,"_monsterinsights_sitenote_note":"","_monsterinsights_sitenote_category":0},"product_brand":[],"product_cat":[12274,12467],"product_tag":[],"class_list":{"0":"post-723743","1":"product","2":"type-product","3":"status-publish","5":"product_cat-cocuk-ve-genclik-kitaplari","6":"product_cat-dunya-klasikleri","7":"pa_cilt-ciltsiz","8":"pa_tur-kitap","9":"pa_yayinevi-iletisim-yayinlari","10":"pa_yazar-edmondo-de-amicis","12":"first","13":"instock","14":"sale","15":"shipping-taxable","16":"purchasable","17":"product-type-simple"},"_links":{"self":[{"href":"https:\/\/roveyayinevi.com.tr\/index.php\/wp-json\/wp\/v2\/product\/723743","targetHints":{"allow":["GET"]}}],"collection":[{"href":"https:\/\/roveyayinevi.com.tr\/index.php\/wp-json\/wp\/v2\/product"}],"about":[{"href":"https:\/\/roveyayinevi.com.tr\/index.php\/wp-json\/wp\/v2\/types\/product"}],"wp:attachment":[{"href":"https:\/\/roveyayinevi.com.tr\/index.php\/wp-json\/wp\/v2\/media?parent=723743"}],"wp:term":[{"taxonomy":"product_brand","embeddable":true,"href":"https:\/\/roveyayinevi.com.tr\/index.php\/wp-json\/wp\/v2\/product_brand?post=723743"},{"taxonomy":"product_cat","embeddable":true,"href":"https:\/\/roveyayinevi.com.tr\/index.php\/wp-json\/wp\/v2\/product_cat?post=723743"},{"taxonomy":"product_tag","embeddable":true,"href":"https:\/\/roveyayinevi.com.tr\/index.php\/wp-json\/wp\/v2\/product_tag?post=723743"}],"curies":[{"name":"wp","href":"https:\/\/api.w.org\/{rel}","templated":true}]}}