{"id":723741,"date":"2025-08-27T19:23:50","date_gmt":"2025-08-27T16:23:50","guid":{"rendered":"https:\/\/roveyayinevi.com.tr\/index.php\/urun\/teoride-ve-uygulamada-yerel-yonetim-4-0\/"},"modified":"2026-04-16T02:31:48","modified_gmt":"2026-04-15T23:31:48","slug":"teoride-ve-uygulamada-yerel-yonetim-4-0","status":"publish","type":"product","link":"https:\/\/roveyayinevi.com.tr\/index.php\/urun\/teoride-ve-uygulamada-yerel-yonetim-4-0\/","title":{"rendered":"Teoride ve Uygulamada Yerel Y\u00f6netim 4.0"},"content":{"rendered":"<p>21. y\u00fczy\u0131l\u0131n ilk devrimi etraf\u0131m\u0131zdaki her \u015feyin \u201cak\u0131lland\u0131\u011f\u0131\u201d End\u00fcstri 4.0 ile ba\u015flad\u0131. \u00dcretimde ve i\u015f yerlerinde insan fakt\u00f6r\u00fc yerini \u201cyapay zek\u00e2lara\u201d b\u0131rak\u0131rken, i\u00e7inde ya\u015fad\u0131\u011f\u0131m\u0131z \u015fehirlerin de bu geli\u015fmelerden ba\u011f\u0131ms\u0131z kalmas\u0131 m\u00fcmk\u00fcn olmayacak. \u0130stense de istenmese de i\u015fin sonunda her \u00fclke kentsel geli\u015fim \u00e7al\u0131\u015fmalar\u0131 yapacakt\u0131r. Geli\u015fen teknoloji bizi buna zorunlu k\u0131lacak. O halde k\u0131sa veya orta vadede uyum sa\u011flamak zorunda kalaca\u011f\u0131m\u0131z bir sistemi \u015fimdiden \u00f6ng\u00f6rebiliyorsak neden yola koyulmuyoruz?Yapay zek\u00e2, nesnelerin interneti, \u201cb\u00fcy\u00fck veri\u201d ile beraber verinin i\u015flenmesindeki gereksinim artarken, d\u00fczensiz veriler, d\u00fczenli ve anlamland\u0131r\u0131labilir hale gelecek. 2050 y\u0131l\u0131nda d\u00fcnya n\u00fcfusunun \u00fc\u00e7te ikisinin \u015fehirlerde ya\u015fayaca\u011f\u0131 \u00f6n g\u00f6r\u00fclmektedir. Kentlerimizi ak\u0131ll\u0131 \u015fehirlere d\u00f6n\u00fc\u015ft\u00fcrmekte ge\u00e7 kal\u0131n\u0131rsa bir dizi zorlu\u011fun ortaya \u00e7\u0131kaca\u011f\u0131 a\u015fik\u00e2r. Bu n\u00fcfussal de\u011fi\u015fiklikler ayr\u0131ca kamusal alan ve konut arz\u0131 noktas\u0131nda da b\u00fcy\u00fck problemleri ortaya \u00e7\u0131karacakt\u0131r. Yerel Y\u00f6netim 4.0 t\u00fcm bu olas\u0131 sorunlara kar\u015f\u0131 geli\u015fen teknoloji \u0131\u015f\u0131\u011f\u0131nda milli ve yerli bir re\u00e7ete olacakt\u0131r.<\/p>\n","protected":false},"excerpt":{"rendered":"<p>21. y\u00fczy\u0131l\u0131n ilk devrimi etraf\u0131m\u0131zdaki her \u015feyin \u201cak\u0131lland\u0131\u011f\u0131\u201d End\u00fcstri 4.0 ile ba\u015flad\u0131. \u00dcretimde ve i\u015f yerlerinde insan fakt\u00f6r\u00fc yerini \u201cyapay zek\u00e2lara\u201d b\u0131rak\u0131rken, i\u00e7inde ya\u015fad\u0131\u011f\u0131m\u0131z \u015fehirlerin de<span class=\"excerpt-hellip\"> [\u2026]<\/span><\/p>\n","protected":false},"featured_media":0,"template":"","meta":{"_monsterinsights_skip_tracking":false,"_monsterinsights_sitenote_active":false,"_monsterinsights_sitenote_note":"","_monsterinsights_sitenote_category":0},"product_brand":[],"product_cat":[12325,12324],"product_tag":[],"class_list":{"0":"post-723741","1":"product","2":"type-product","3":"status-publish","5":"product_cat-diger-sosyoloji","6":"product_cat-sosyoloji","7":"pa_cilt-ciltsiz","8":"pa_tur-kitap","9":"pa_yayinevi-hayykitap","10":"pa_yazar-oktay-saral","12":"first","13":"instock","14":"sale","15":"shipping-taxable","16":"purchasable","17":"product-type-simple"},"_links":{"self":[{"href":"https:\/\/roveyayinevi.com.tr\/index.php\/wp-json\/wp\/v2\/product\/723741","targetHints":{"allow":["GET"]}}],"collection":[{"href":"https:\/\/roveyayinevi.com.tr\/index.php\/wp-json\/wp\/v2\/product"}],"about":[{"href":"https:\/\/roveyayinevi.com.tr\/index.php\/wp-json\/wp\/v2\/types\/product"}],"wp:attachment":[{"href":"https:\/\/roveyayinevi.com.tr\/index.php\/wp-json\/wp\/v2\/media?parent=723741"}],"wp:term":[{"taxonomy":"product_brand","embeddable":true,"href":"https:\/\/roveyayinevi.com.tr\/index.php\/wp-json\/wp\/v2\/product_brand?post=723741"},{"taxonomy":"product_cat","embeddable":true,"href":"https:\/\/roveyayinevi.com.tr\/index.php\/wp-json\/wp\/v2\/product_cat?post=723741"},{"taxonomy":"product_tag","embeddable":true,"href":"https:\/\/roveyayinevi.com.tr\/index.php\/wp-json\/wp\/v2\/product_tag?post=723741"}],"curies":[{"name":"wp","href":"https:\/\/api.w.org\/{rel}","templated":true}]}}