{"id":723736,"date":"2025-08-27T19:23:46","date_gmt":"2025-08-27T16:23:46","guid":{"rendered":"https:\/\/roveyayinevi.com.tr\/index.php\/urun\/seni-seviyorum-minigim\/"},"modified":"2026-04-16T02:31:47","modified_gmt":"2026-04-15T23:31:47","slug":"seni-seviyorum-minigim","status":"publish","type":"product","link":"https:\/\/roveyayinevi.com.tr\/index.php\/urun\/seni-seviyorum-minigim\/","title":{"rendered":"Seni Seviyorum Mini\u011fim"},"content":{"rendered":"<p>Baz\u0131 anlar unutulmayacak kadar de\u011ferlidir. \u015eefkatle kucakla\u015fmak, k\u0131k\u0131r k\u0131k\u0131r k\u0131k\u0131rdamak, g\u0131d\u0131k g\u0131d\u0131k g\u0131d\u0131klanmak, uyumadan \u00f6nce sar\u0131p sarmalanmak\u2026 Kalpleri \u0131s\u0131tan bu \u00f6yk\u00fc, ailelerle ve \u00e7ocuklar\u0131 aras\u0131ndaki s\u0131ms\u0131cak sevgiyi anlat\u0131yor.<\/p>\n","protected":false},"excerpt":{"rendered":"<p>Baz\u0131 anlar unutulmayacak kadar de\u011ferlidir. \u015eefkatle kucakla\u015fmak, k\u0131k\u0131r k\u0131k\u0131r k\u0131k\u0131rdamak, g\u0131d\u0131k g\u0131d\u0131k g\u0131d\u0131klanmak, uyumadan \u00f6nce sar\u0131p sarmalanmak\u2026 Kalpleri \u0131s\u0131tan bu \u00f6yk\u00fc, ailelerle ve \u00e7ocuklar\u0131 aras\u0131ndaki s\u0131ms\u0131cak<span class=\"excerpt-hellip\"> [\u2026]<\/span><\/p>\n","protected":false},"featured_media":0,"template":"","meta":{"_monsterinsights_skip_tracking":false,"_monsterinsights_sitenote_active":false,"_monsterinsights_sitenote_note":"","_monsterinsights_sitenote_category":0},"product_brand":[],"product_cat":[12913,12274],"product_tag":[],"class_list":{"0":"post-723736","1":"product","2":"type-product","3":"status-publish","5":"product_cat-3-6-yas-kitaplari","6":"product_cat-cocuk-ve-genclik-kitaplari","7":"pa_cilt-ciltsiz","8":"pa_tur-kitap","9":"pa_yayinevi-is-bankasi-kultur-yayinlari","10":"pa_yazar-ronne-randall","12":"first","13":"instock","14":"sale","15":"shipping-taxable","16":"purchasable","17":"product-type-simple"},"_links":{"self":[{"href":"https:\/\/roveyayinevi.com.tr\/index.php\/wp-json\/wp\/v2\/product\/723736","targetHints":{"allow":["GET"]}}],"collection":[{"href":"https:\/\/roveyayinevi.com.tr\/index.php\/wp-json\/wp\/v2\/product"}],"about":[{"href":"https:\/\/roveyayinevi.com.tr\/index.php\/wp-json\/wp\/v2\/types\/product"}],"wp:attachment":[{"href":"https:\/\/roveyayinevi.com.tr\/index.php\/wp-json\/wp\/v2\/media?parent=723736"}],"wp:term":[{"taxonomy":"product_brand","embeddable":true,"href":"https:\/\/roveyayinevi.com.tr\/index.php\/wp-json\/wp\/v2\/product_brand?post=723736"},{"taxonomy":"product_cat","embeddable":true,"href":"https:\/\/roveyayinevi.com.tr\/index.php\/wp-json\/wp\/v2\/product_cat?post=723736"},{"taxonomy":"product_tag","embeddable":true,"href":"https:\/\/roveyayinevi.com.tr\/index.php\/wp-json\/wp\/v2\/product_tag?post=723736"}],"curies":[{"name":"wp","href":"https:\/\/api.w.org\/{rel}","templated":true}]}}