{"id":723723,"date":"2025-08-27T19:23:34","date_gmt":"2025-08-27T16:23:34","guid":{"rendered":"https:\/\/roveyayinevi.com.tr\/index.php\/urun\/tarih-uzerine-bir-ders\/"},"modified":"2026-04-16T02:31:47","modified_gmt":"2026-04-15T23:31:47","slug":"tarih-uzerine-bir-ders","status":"publish","type":"product","link":"https:\/\/roveyayinevi.com.tr\/index.php\/urun\/tarih-uzerine-bir-ders\/","title":{"rendered":"Tarih \u00dczerine Bir Ders"},"content":{"rendered":"<p>B\u00fct\u00fcn d\u00fcnyada tan\u0131nmas\u0131na ve tarih alan\u0131ndaki \u00e7al\u0131\u015fmalarda s\u0131k\u00e7a an\u0131lmas\u0131na ra\u011fmen, \u00f6l\u00fcm\u00fcn\u00fcn \u00fczerinden ge\u00e7en yakla\u015f\u0131k y\u00fcz yirmi y\u0131l boyunca Lord Acton\u2019\u0131n (1834-1902) \u00e7al\u0131\u015fmalar\u0131 T\u00fcrk\u00e7eye \u00e7evrilmemi\u015fti. Vak\u0131fBank K\u00fclt\u00fcr Yay\u0131nlar\u0131, liberal d\u00fc\u015f\u00fcncenin ve tarih\u00e7ili\u011fin bu \u00f6nemli isminin, 1895 y\u0131l\u0131nda Cambridge \u00dcniversitesi Tarih b\u00f6l\u00fcm\u00fcndea\u00e7\u0131l\u0131\u015f konferans\u0131 olarak verdi\u011fi dersi Tarih \u00dczerine Bir Ders ad\u0131yla T\u00fcrk\u00e7eye kazand\u0131r\u0131yor.Modern tarihi, Kolomb, Luther, Machiavelli ve Erasmus gibi isimlere at\u0131fla 16. Y\u00fczy\u0131ldan ba\u015flatan Lord Acton, y\u00fczy\u0131llara yay\u0131lan modernite deneyiminin tarihe ve tarih\u00e7ilik mesele\u011finenas\u0131l bir etkisinin oldu\u011funu \u00f6\u011frencilerine anlat\u0131rken, gen\u00e7 tarih\u00e7i adaylar\u0131na birtak\u0131m \u00f6nerilerde de bulunuyor.Tarih \u00dczerine Bir Ders, Acton\u2019\u0131n d\u00fc\u015f\u00fcnce d\u00fcnyas\u0131 \u00fczerinde b\u00fcy\u00fck etkisi olan Alman Tarih\u00e7ilik Okuluyla Victoria \u00c7a\u011f\u0131 \u0130ngiliz tarih\u00e7ili\u011finin yakla\u015f\u0131mlar\u0131n\u0131 bir araya getiren, zengin ve g\u00fcvenilir kaynak kullan\u0131m\u0131n\u0131n \u00f6nemini vurgulayan, veciz s\u00f6zlerle okurun dikkatini daima canl\u0131 tutan, derinlik sahibi bir eser&#8230;<\/p>\n","protected":false},"excerpt":{"rendered":"<p>B\u00fct\u00fcn d\u00fcnyada tan\u0131nmas\u0131na ve tarih alan\u0131ndaki \u00e7al\u0131\u015fmalarda s\u0131k\u00e7a an\u0131lmas\u0131na ra\u011fmen, \u00f6l\u00fcm\u00fcn\u00fcn \u00fczerinden ge\u00e7en yakla\u015f\u0131k y\u00fcz yirmi y\u0131l boyunca Lord Acton\u2019\u0131n (1834-1902) \u00e7al\u0131\u015fmalar\u0131 T\u00fcrk\u00e7eye \u00e7evrilmemi\u015fti. Vak\u0131fBank K\u00fclt\u00fcr<span class=\"excerpt-hellip\"> [\u2026]<\/span><\/p>\n","protected":false},"featured_media":0,"template":"","meta":{"_monsterinsights_skip_tracking":false,"_monsterinsights_sitenote_active":false,"_monsterinsights_sitenote_note":"","_monsterinsights_sitenote_category":0},"product_brand":[],"product_cat":[12305,12304],"product_tag":[],"class_list":{"0":"post-723723","1":"product","2":"type-product","3":"status-publish","5":"product_cat-dunya-tarihi","6":"product_cat-tarih","7":"pa_cilt-ciltsiz","8":"pa_tur-kitap","9":"pa_yayinevi-vakifbank-kultur-yayinlari","10":"pa_yazar-lord-acton","12":"first","13":"instock","14":"sale","15":"shipping-taxable","16":"purchasable","17":"product-type-simple"},"_links":{"self":[{"href":"https:\/\/roveyayinevi.com.tr\/index.php\/wp-json\/wp\/v2\/product\/723723","targetHints":{"allow":["GET"]}}],"collection":[{"href":"https:\/\/roveyayinevi.com.tr\/index.php\/wp-json\/wp\/v2\/product"}],"about":[{"href":"https:\/\/roveyayinevi.com.tr\/index.php\/wp-json\/wp\/v2\/types\/product"}],"wp:attachment":[{"href":"https:\/\/roveyayinevi.com.tr\/index.php\/wp-json\/wp\/v2\/media?parent=723723"}],"wp:term":[{"taxonomy":"product_brand","embeddable":true,"href":"https:\/\/roveyayinevi.com.tr\/index.php\/wp-json\/wp\/v2\/product_brand?post=723723"},{"taxonomy":"product_cat","embeddable":true,"href":"https:\/\/roveyayinevi.com.tr\/index.php\/wp-json\/wp\/v2\/product_cat?post=723723"},{"taxonomy":"product_tag","embeddable":true,"href":"https:\/\/roveyayinevi.com.tr\/index.php\/wp-json\/wp\/v2\/product_tag?post=723723"}],"curies":[{"name":"wp","href":"https:\/\/api.w.org\/{rel}","templated":true}]}}