{"id":723717,"date":"2025-08-27T19:23:29","date_gmt":"2025-08-27T16:23:29","guid":{"rendered":"https:\/\/roveyayinevi.com.tr\/index.php\/urun\/neden-su-cok-degerlidir\/"},"modified":"2026-04-16T02:31:47","modified_gmt":"2026-04-15T23:31:47","slug":"neden-su-cok-degerlidir","status":"publish","type":"product","link":"https:\/\/roveyayinevi.com.tr\/index.php\/urun\/neden-su-cok-degerlidir\/","title":{"rendered":"Neden Su \u00c7ok De\u011ferlidir?"},"content":{"rendered":"<p>Deniz suyu neden tuzludur? Su her zaman s\u0131v\u0131 halde midir? Ya\u011fmur neden ya\u011far? \u0130\u00e7me suyu nedir? D\u00fcnyadaki t\u00fcm \u00e7ocuklar i\u00e7me suyuna eri\u015febiliyor mu?   Suyun \u00f6nemini daha iyi kavramak i\u00e7in mavi gezegeni mercek alt\u0131na al!   V\u00fccudunun b\u00fcy\u00fck k\u0131sm\u0131n\u0131n sudan olu\u015ftu\u011funu, bug\u00fcn dinozorlar\u0131n i\u00e7ti\u011fi suyla ayn\u0131 suyu i\u00e7ti\u011fimizi, i\u00e7me suyunun nas\u0131l \u00fcretildi\u011fini, suyun neden \u00e7ok de\u011ferli oldu\u011funu ve ni\u00e7in tasarruflu kullan\u0131lmas\u0131 gerekti\u011fini ke\u015ffet!   ETK\u0130NL\u0130KLER \u0130\u00c7\u0130N KOLLARINI SIVA VE HAREKETE GE\u00c7: &#8211; Fanusta kendi bulutunu yarat. &#8211; Deniz suyunu tuzdan ar\u0131nd\u0131r. &#8211; Pi\u015fmemi\u015f bir yumurtan\u0131n tatl\u0131 ve tuzlu suda nas\u0131l  y\u00fczd\u00fc\u011f\u00fcn\u00fc kar\u015f\u0131la\u015ft\u0131r. &#8211; K\u0131lcall\u0131k etkisi sayesinde bir \u00e7i\u00e7e\u011fin yapraklar\u0131n\u0131 renklendir. <\/p>\n","protected":false},"excerpt":{"rendered":"<p>Deniz suyu neden tuzludur? Su her zaman s\u0131v\u0131 halde midir? Ya\u011fmur neden ya\u011far? \u0130\u00e7me suyu nedir? D\u00fcnyadaki t\u00fcm \u00e7ocuklar i\u00e7me suyuna eri\u015febiliyor mu? Suyun \u00f6nemini daha<span class=\"excerpt-hellip\"> [\u2026]<\/span><\/p>\n","protected":false},"featured_media":0,"template":"","meta":{"_monsterinsights_skip_tracking":false,"_monsterinsights_sitenote_active":false,"_monsterinsights_sitenote_note":"","_monsterinsights_sitenote_category":0},"product_brand":[],"product_cat":[12274,15842],"product_tag":[],"class_list":{"0":"post-723717","1":"product","2":"type-product","3":"status-publish","5":"product_cat-cocuk-ve-genclik-kitaplari","6":"product_cat-egitici-kitaplar","7":"pa_cilt-ciltsiz","8":"pa_tur-kitap","9":"pa_yayinevi-dinozor-cocuk","10":"pa_yazar-anne-olliver","12":"first","13":"instock","14":"sale","15":"shipping-taxable","16":"purchasable","17":"product-type-simple"},"_links":{"self":[{"href":"https:\/\/roveyayinevi.com.tr\/index.php\/wp-json\/wp\/v2\/product\/723717","targetHints":{"allow":["GET"]}}],"collection":[{"href":"https:\/\/roveyayinevi.com.tr\/index.php\/wp-json\/wp\/v2\/product"}],"about":[{"href":"https:\/\/roveyayinevi.com.tr\/index.php\/wp-json\/wp\/v2\/types\/product"}],"wp:attachment":[{"href":"https:\/\/roveyayinevi.com.tr\/index.php\/wp-json\/wp\/v2\/media?parent=723717"}],"wp:term":[{"taxonomy":"product_brand","embeddable":true,"href":"https:\/\/roveyayinevi.com.tr\/index.php\/wp-json\/wp\/v2\/product_brand?post=723717"},{"taxonomy":"product_cat","embeddable":true,"href":"https:\/\/roveyayinevi.com.tr\/index.php\/wp-json\/wp\/v2\/product_cat?post=723717"},{"taxonomy":"product_tag","embeddable":true,"href":"https:\/\/roveyayinevi.com.tr\/index.php\/wp-json\/wp\/v2\/product_tag?post=723717"}],"curies":[{"name":"wp","href":"https:\/\/api.w.org\/{rel}","templated":true}]}}