{"id":723695,"date":"2025-08-27T19:23:10","date_gmt":"2025-08-27T16:23:10","guid":{"rendered":"https:\/\/roveyayinevi.com.tr\/index.php\/urun\/copten-hazine\/"},"modified":"2026-04-16T02:31:47","modified_gmt":"2026-04-15T23:31:47","slug":"copten-hazine","status":"publish","type":"product","link":"https:\/\/roveyayinevi.com.tr\/index.php\/urun\/copten-hazine\/","title":{"rendered":"\u00c7\u00f6pten Hazine"},"content":{"rendered":"<p>\u00c7\u00f6pten hazineler yaratmak sizin elinizde! Da\u011f\u0131n\u0131kl\u0131k, da\u011f\u0131n\u0131kl\u0131k ve daha \u00e7ok da\u011f\u0131n\u0131kl\u0131k! Kur\u015fun kalemler, ayakkab\u0131lar, ders notlar\u0131, eldivenler; her \u015fey her yerde\u2026 Okul m\u00fcd\u00fcr\u00fc Kumru Han\u0131m okulun ortak alanlar\u0131ndaki da\u011f\u0131n\u0131kl\u0131ktan bir hayli \u015fik\u00e2yet\u00e7i. S\u0131n\u0131flar\u0131n durumu da pek i\u00e7 a\u00e7\u0131c\u0131 de\u011fil. Hele ki Ayaz \u00d6\u011fretmenin s\u0131n\u0131f\u0131ndaki o s\u00fcrekli devrilip duran k\u0131rm\u0131z\u0131, parlak \u00e7\u00f6p kutusu yok mu, ortal\u0131\u011f\u0131 fena kirletiyor&#8230; \u00d6\u011frencilere g\u00f6re o sadece bir \u00e7\u00f6p kutusu de\u011fil, kendisi ba\u015fl\u0131 ba\u015f\u0131na bir \u00e7\u00f6p asl\u0131nda! Oysa tek kusuru, \u00fczerindeki ufac\u0131k \u00e7izik. Kullan\u0131labilir durumda bir \u00e7\u00f6p kutusu varken yenisine gerek var m\u0131? E\u011fer varsa, eskisini ne yapmal\u0131? Art\u0131k bir i\u015fe yaramayan \u00f6teberileri koyup rafa m\u0131 kald\u0131rmal\u0131, yoksa ihtiyac\u0131 olan birine mi ba\u011f\u0131\u015flamal\u0131? Peki, \u00e7ok daha ba\u015fka ama\u00e7larla yeniden de\u011ferlendirilebilecek bir \u00e7\u00f6p kutusundan kurtulmaya \u00e7al\u0131\u015fmak niye?..S\u00fcrekli devrildi\u011fi i\u00e7in art\u0131k g\u00f6zden \u00e7\u0131kar\u0131lan bir \u00e7\u00f6p kutusunun yarat\u0131c\u0131 fikirler ve el mahareti ile nas\u0131l de\u011ferli bir hazineye d\u00f6n\u00fc\u015ft\u00fcr\u00fclebilece\u011fini g\u00f6zler \u00f6n\u00fcne seren \u00c7\u00f6pten Hazine, okurlara esin kayna\u011f\u0131 oluyor. Geri d\u00f6n\u00fc\u015f\u00fcm ve tekrar de\u011ferlendirme, s\u00fcrd\u00fcr\u00fclebilirlik, bilin\u00e7li t\u00fcketim gibi g\u00fcncel, evrensel ve \u00f6nemli konulara dikkat \u00e7eken bu e\u011flenceli kitap, \u00e7ocuklar\u0131n \u00e7evreye olan duyarl\u0131l\u0131\u011f\u0131n\u0131 artt\u0131r\u0131yor.Yazar Anne Fine ile \u00e7izer Vicki Gausden&#8217;in ortak imzas\u0131n\u0131 ta\u015f\u0131yan \u00c7\u00f6pten Hazine, Tudem&#8217;in, okumaya isteksiz ve okuma g\u00fc\u00e7l\u00fc\u011f\u00fc \u00e7eken \u00e7ocuklar i\u00e7in \u00f6zel olarak haz\u0131rlad\u0131\u011f\u0131 SEN de OKU koleksiyonundaki yerini al\u0131yor!Kelimelerle m\u00fccadele eden \u00e7ocuklar, kaderine terk edilme tehlikesi ile kar\u015f\u0131 kar\u015f\u0131ya kalan bir \u00e7\u00f6p kutusunu farkl\u0131 ama\u00e7larla kullanman\u0131n ve onu yeniden de\u011ferli k\u0131lman\u0131n yollar\u0131n\u0131 ararken, okuma sevgisi kazan\u0131yor!<\/p>\n","protected":false},"excerpt":{"rendered":"<p>\u00c7\u00f6pten hazineler yaratmak sizin elinizde! Da\u011f\u0131n\u0131kl\u0131k, da\u011f\u0131n\u0131kl\u0131k ve daha \u00e7ok da\u011f\u0131n\u0131kl\u0131k! Kur\u015fun kalemler, ayakkab\u0131lar, ders notlar\u0131, eldivenler; her \u015fey her yerde\u2026 Okul m\u00fcd\u00fcr\u00fc Kumru Han\u0131m okulun<span class=\"excerpt-hellip\"> [\u2026]<\/span><\/p>\n","protected":false},"featured_media":0,"template":"","meta":{"_monsterinsights_skip_tracking":false,"_monsterinsights_sitenote_active":false,"_monsterinsights_sitenote_note":"","_monsterinsights_sitenote_category":0},"product_brand":[],"product_cat":[12274,12284],"product_tag":[],"class_list":{"0":"post-723695","1":"product","2":"type-product","3":"status-publish","5":"product_cat-cocuk-ve-genclik-kitaplari","6":"product_cat-hikayeler","7":"pa_cilt-ciltsiz","8":"pa_tur-kitap","9":"pa_yayinevi-tudem-yayinlari","10":"pa_yazar-anne-fine","12":"first","13":"instock","14":"sale","15":"shipping-taxable","16":"purchasable","17":"product-type-simple"},"_links":{"self":[{"href":"https:\/\/roveyayinevi.com.tr\/index.php\/wp-json\/wp\/v2\/product\/723695","targetHints":{"allow":["GET"]}}],"collection":[{"href":"https:\/\/roveyayinevi.com.tr\/index.php\/wp-json\/wp\/v2\/product"}],"about":[{"href":"https:\/\/roveyayinevi.com.tr\/index.php\/wp-json\/wp\/v2\/types\/product"}],"wp:attachment":[{"href":"https:\/\/roveyayinevi.com.tr\/index.php\/wp-json\/wp\/v2\/media?parent=723695"}],"wp:term":[{"taxonomy":"product_brand","embeddable":true,"href":"https:\/\/roveyayinevi.com.tr\/index.php\/wp-json\/wp\/v2\/product_brand?post=723695"},{"taxonomy":"product_cat","embeddable":true,"href":"https:\/\/roveyayinevi.com.tr\/index.php\/wp-json\/wp\/v2\/product_cat?post=723695"},{"taxonomy":"product_tag","embeddable":true,"href":"https:\/\/roveyayinevi.com.tr\/index.php\/wp-json\/wp\/v2\/product_tag?post=723695"}],"curies":[{"name":"wp","href":"https:\/\/api.w.org\/{rel}","templated":true}]}}