{"id":723687,"date":"2025-08-27T19:23:02","date_gmt":"2025-08-27T16:23:02","guid":{"rendered":"https:\/\/roveyayinevi.com.tr\/index.php\/urun\/alpay-road\/"},"modified":"2026-04-16T02:31:46","modified_gmt":"2026-04-15T23:31:46","slug":"alpay-road","status":"publish","type":"product","link":"https:\/\/roveyayinevi.com.tr\/index.php\/urun\/alpay-road\/","title":{"rendered":"Alpay Road"},"content":{"rendered":"<p>\u00c7izgiromanc\u0131, mizah yazar\u0131, stand up\u2019\u00e7\u0131 Alpay Erdem\u2019den 20. y\u0131l alb\u00fcm\u00fc.Sevgili mizah okuru, bu kitap meslekte yirminci y\u0131l eseridir. Yirmi y\u0131l boyunca \u201c\u0130smail Hasta Ruh\u201d \u00e7izdim. \u201c\u015eevki Teyze\u201d, \u201cTop Canavar\u0131\u201d, \u201c\u00c7ocu\u011funu D\u00fcrb\u00fcnle \u0130zleyen Adam\u201d, \u201cKamil Seven Adam\u201d \u00e7izdim. Her \u015fey yolunda giderse bir yirmi y\u0131l daha \u00e7izerim. \u00c7\u00fcnk\u00fc niye \u00e7izmeyeyim? Mademki \u00e7izen bir elle do\u011fdum, \u00f6yleyse \u00e7izmeliyim.<\/p>\n","protected":false},"excerpt":{"rendered":"<p>\u00c7izgiromanc\u0131, mizah yazar\u0131, stand up\u2019\u00e7\u0131 Alpay Erdem\u2019den 20. y\u0131l alb\u00fcm\u00fc.Sevgili mizah okuru, bu kitap meslekte yirminci y\u0131l eseridir. Yirmi y\u0131l boyunca \u201c\u0130smail Hasta Ruh\u201d \u00e7izdim. \u201c\u015eevki<span class=\"excerpt-hellip\"> [\u2026]<\/span><\/p>\n","protected":false},"featured_media":0,"template":"","meta":{"_monsterinsights_skip_tracking":false,"_monsterinsights_sitenote_active":false,"_monsterinsights_sitenote_note":"","_monsterinsights_sitenote_category":0},"product_brand":[],"product_cat":[12416,12291],"product_tag":[],"class_list":{"0":"post-723687","1":"product","2":"type-product","3":"status-publish","5":"product_cat-cizgi-roman","6":"product_cat-edebiyat","7":"pa_cilt-ciltsiz","8":"pa_tur-kitap","9":"pa_yayinevi-kara-karga-yayinlari","10":"pa_yazar-alpay-erdem","12":"first","13":"instock","14":"sale","15":"shipping-taxable","16":"purchasable","17":"product-type-simple"},"_links":{"self":[{"href":"https:\/\/roveyayinevi.com.tr\/index.php\/wp-json\/wp\/v2\/product\/723687","targetHints":{"allow":["GET"]}}],"collection":[{"href":"https:\/\/roveyayinevi.com.tr\/index.php\/wp-json\/wp\/v2\/product"}],"about":[{"href":"https:\/\/roveyayinevi.com.tr\/index.php\/wp-json\/wp\/v2\/types\/product"}],"wp:attachment":[{"href":"https:\/\/roveyayinevi.com.tr\/index.php\/wp-json\/wp\/v2\/media?parent=723687"}],"wp:term":[{"taxonomy":"product_brand","embeddable":true,"href":"https:\/\/roveyayinevi.com.tr\/index.php\/wp-json\/wp\/v2\/product_brand?post=723687"},{"taxonomy":"product_cat","embeddable":true,"href":"https:\/\/roveyayinevi.com.tr\/index.php\/wp-json\/wp\/v2\/product_cat?post=723687"},{"taxonomy":"product_tag","embeddable":true,"href":"https:\/\/roveyayinevi.com.tr\/index.php\/wp-json\/wp\/v2\/product_tag?post=723687"}],"curies":[{"name":"wp","href":"https:\/\/api.w.org\/{rel}","templated":true}]}}