{"id":723686,"date":"2025-08-27T19:23:01","date_gmt":"2025-08-27T16:23:01","guid":{"rendered":"https:\/\/roveyayinevi.com.tr\/index.php\/urun\/serdengecti\/"},"modified":"2026-04-16T02:31:46","modified_gmt":"2026-04-15T23:31:46","slug":"serdengecti","status":"publish","type":"product","link":"https:\/\/roveyayinevi.com.tr\/index.php\/urun\/serdengecti\/","title":{"rendered":"Serdenge\u00e7ti"},"content":{"rendered":"<p>Bir devir kapand\u0131\u011f\u0131nda kendi yi\u011fitlerini yitirmi\u015fti Osmano\u011flu&#8230;Devletleri i\u00e7in can siperane ve kelle koltukta bir \u00f6m\u00fcr ge\u00e7irenler, serdenge\u00e7tiler.Orta Asya&#8217;dan, Gazne&#8217;den, Sel\u00e7uk&#8217;tan miras kalan bir te\u015fkilat\u0131n o g\u00fcnk\u00fc erleriydi onlar&#8230;Dilekleri, Osmanl\u0131 tebaas\u0131n\u0131n huzuru; ama\u00e7lar\u0131, u\u00e7larda f\u00fct\u00fcvvet yolunu a\u00e7makt\u0131.Onlar, devletin g\u00f6rmeyen g\u00f6z\u00fc; i\u015fitmeyen kula\u011f\u0131yd\u0131.Bildi\u011fimiz tek ger\u00e7ek: onlar isimsiz kahramanlard\u0131.Bu hikaye, ak\u0131nc\u0131lar\u0131n hususi bir kolu olan serdenge\u00e7tilerin hikayesidir. Bu hikaye, Osmanl\u0131n\u0131n unutulmu\u015f has evlatlar\u0131n\u0131n hikayesidir.Onlar T\u00fcrk-\u0130slam davas\u0131 i\u00e7in s\u0131rland\u0131lar. S\u0131rland\u0131k\u00e7a da amans\u0131z bir co\u011frafyada \u00e7etin bir sava\u015f verdiler. Hakk&#8217;a y\u00fcr\u00fcd\u00fcklerinde kimdiler, kimdendiler; bilinmedi.Yegane emelimiz; T\u00fcrk evlad\u0131n\u0131n onlar\u0131 anmalar\u0131, and\u0131k\u00e7a minnet duymalar\u0131d\u0131r. \u0130simsiz kahramanlar\u0131n ruhu, \u015fad ola.<\/p>\n","protected":false},"excerpt":{"rendered":"<p>Bir devir kapand\u0131\u011f\u0131nda kendi yi\u011fitlerini yitirmi\u015fti Osmano\u011flu&#8230;Devletleri i\u00e7in can siperane ve kelle koltukta bir \u00f6m\u00fcr ge\u00e7irenler, serdenge\u00e7tiler.Orta Asya&#8217;dan, Gazne&#8217;den, Sel\u00e7uk&#8217;tan miras kalan bir te\u015fkilat\u0131n o g\u00fcnk\u00fc<span class=\"excerpt-hellip\"> [\u2026]<\/span><\/p>\n","protected":false},"featured_media":0,"template":"","meta":{"_monsterinsights_skip_tracking":false,"_monsterinsights_sitenote_active":false,"_monsterinsights_sitenote_note":"","_monsterinsights_sitenote_category":0},"product_brand":[],"product_cat":[12291,12745],"product_tag":[],"class_list":{"0":"post-723686","1":"product","2":"type-product","3":"status-publish","5":"product_cat-edebiyat","6":"product_cat-tarihi-roman","7":"pa_cilt-ciltsiz","8":"pa_tur-kitap","9":"pa_yayinevi-kilit-yayinevi","10":"pa_yazar-nazim-yasar","12":"first","13":"instock","14":"sale","15":"shipping-taxable","16":"purchasable","17":"product-type-simple"},"_links":{"self":[{"href":"https:\/\/roveyayinevi.com.tr\/index.php\/wp-json\/wp\/v2\/product\/723686","targetHints":{"allow":["GET"]}}],"collection":[{"href":"https:\/\/roveyayinevi.com.tr\/index.php\/wp-json\/wp\/v2\/product"}],"about":[{"href":"https:\/\/roveyayinevi.com.tr\/index.php\/wp-json\/wp\/v2\/types\/product"}],"wp:attachment":[{"href":"https:\/\/roveyayinevi.com.tr\/index.php\/wp-json\/wp\/v2\/media?parent=723686"}],"wp:term":[{"taxonomy":"product_brand","embeddable":true,"href":"https:\/\/roveyayinevi.com.tr\/index.php\/wp-json\/wp\/v2\/product_brand?post=723686"},{"taxonomy":"product_cat","embeddable":true,"href":"https:\/\/roveyayinevi.com.tr\/index.php\/wp-json\/wp\/v2\/product_cat?post=723686"},{"taxonomy":"product_tag","embeddable":true,"href":"https:\/\/roveyayinevi.com.tr\/index.php\/wp-json\/wp\/v2\/product_tag?post=723686"}],"curies":[{"name":"wp","href":"https:\/\/api.w.org\/{rel}","templated":true}]}}