{"id":723683,"date":"2025-08-27T19:22:58","date_gmt":"2025-08-27T16:22:58","guid":{"rendered":"https:\/\/roveyayinevi.com.tr\/index.php\/urun\/artik-gulsem-de-gam-yemem\/"},"modified":"2025-08-31T16:31:15","modified_gmt":"2025-08-31T13:31:15","slug":"artik-gulsem-de-gam-yemem","status":"publish","type":"product","link":"https:\/\/roveyayinevi.com.tr\/index.php\/urun\/artik-gulsem-de-gam-yemem\/","title":{"rendered":"Art\u0131k G\u00fclsem de Gam Yemem"},"content":{"rendered":"<p>Dikkat! Hik\u00e2yelerin i\u00e7ine kahkaha may\u0131nlar\u0131 d\u00f6\u015fenmi\u015ftir.Ve boooommm!Hik\u00e2yelerin i\u00e7ine d\u00f6\u015fenmi\u015f kahkaha may\u0131nlar\u0131na bas\u0131p kahkahay\u0131 patlataca\u011f\u0131n\u0131z bu kitaptan etrafa sa\u00e7\u0131lacak \u00fcj bej tanesini sizin i\u00e7in araklad\u0131k.Perili bir \u201cKont B\u0131rak Ula Oteli!\u201d ve koridorlar\u0131nda dola\u015fan sinir hastas\u0131 bir hortlak&#8230;Kafay\u0131 yemi\u015f bir banyo ve g\u00fcne\u015f g\u00f6zl\u00fckleriyle uyuyan bir kad\u0131n\u2026Otel havuzunun dibindeki Mezarl\u0131k! ve ka\u00e7\u0131k b\u00fcfe restoranttaki patatiz \u00e7ay\u0131\u2026D\u00fcnyaca \u00fcnl\u00fc palya\u00e7o Z\u0131rr Delyy! ve a\u011flayan kafatas\u0131\u2026!Michael Jackson Teyze\u2026Moda \u0130guanas\u0131\u2026Kravatl\u0131 bir horoz ve u\u00e7an oturma odas\u0131\u2026Eve kuma yerine puma getiren bir adam\u2026Veee\u2026Fosstradamus\u2019un Kehanetleri..!Albert Eni\u015ftemin \u201cBak\u0131c\u0131l\u0131k de\u011fil g\u00f6recelik kanunu!\u201d ana fikriyle yaz\u0131lm\u0131\u015f bu baba kitap, ne kadar paralel evren varsa fellik fellik gezip tozutarak \u00e7iziktirilmi\u015ftir. Ve yan tesirleri; Bir m\u00fcddet bo\u015f bo\u015f bakmak, Rintintin gibi \u201cBu insanlar beni \u00e7ok sevdi. Hemen gidip \u00fcstlerine atlamal\u0131y\u0131m\u201d demek, elmay\u0131 \u0131s\u0131r\u0131nca \u201ccan\u0131 ac\u0131d\u0131 m\u0131 acaba?\u201d diye d\u00fc\u015f\u00fcnmek faland\u0131r.Ona g\u00f6re i\u015fte. Herkes kitab\u0131n\u0131 denk als\u0131n\u2026<\/p>\n","protected":false},"excerpt":{"rendered":"<p>Dikkat! Hik\u00e2yelerin i\u00e7ine kahkaha may\u0131nlar\u0131 d\u00f6\u015fenmi\u015ftir.Ve boooommm!Hik\u00e2yelerin i\u00e7ine d\u00f6\u015fenmi\u015f kahkaha may\u0131nlar\u0131na bas\u0131p kahkahay\u0131 patlataca\u011f\u0131n\u0131z bu kitaptan etrafa sa\u00e7\u0131lacak \u00fcj bej tanesini sizin i\u00e7in araklad\u0131k.Perili bir \u201cKont<span class=\"excerpt-hellip\"> [\u2026]<\/span><\/p>\n","protected":false},"featured_media":0,"template":"","meta":{"_monsterinsights_skip_tracking":false,"_monsterinsights_sitenote_active":false,"_monsterinsights_sitenote_note":"","_monsterinsights_sitenote_category":0},"product_brand":[],"product_cat":[12291,14825],"product_tag":[],"class_list":{"0":"post-723683","1":"product","2":"type-product","3":"status-publish","5":"product_cat-edebiyat","6":"product_cat-mizah","7":"pa_cilt-ciltsiz","8":"pa_tur-kitap","9":"pa_yayinevi-hayykitap","10":"pa_yazar-mine-sota","12":"first","13":"instock","14":"sale","15":"shipping-taxable","16":"purchasable","17":"product-type-simple"},"_links":{"self":[{"href":"https:\/\/roveyayinevi.com.tr\/index.php\/wp-json\/wp\/v2\/product\/723683","targetHints":{"allow":["GET"]}}],"collection":[{"href":"https:\/\/roveyayinevi.com.tr\/index.php\/wp-json\/wp\/v2\/product"}],"about":[{"href":"https:\/\/roveyayinevi.com.tr\/index.php\/wp-json\/wp\/v2\/types\/product"}],"wp:attachment":[{"href":"https:\/\/roveyayinevi.com.tr\/index.php\/wp-json\/wp\/v2\/media?parent=723683"}],"wp:term":[{"taxonomy":"product_brand","embeddable":true,"href":"https:\/\/roveyayinevi.com.tr\/index.php\/wp-json\/wp\/v2\/product_brand?post=723683"},{"taxonomy":"product_cat","embeddable":true,"href":"https:\/\/roveyayinevi.com.tr\/index.php\/wp-json\/wp\/v2\/product_cat?post=723683"},{"taxonomy":"product_tag","embeddable":true,"href":"https:\/\/roveyayinevi.com.tr\/index.php\/wp-json\/wp\/v2\/product_tag?post=723683"}],"curies":[{"name":"wp","href":"https:\/\/api.w.org\/{rel}","templated":true}]}}