{"id":723678,"date":"2025-08-27T19:22:53","date_gmt":"2025-08-27T16:22:53","guid":{"rendered":"https:\/\/roveyayinevi.com.tr\/index.php\/urun\/kapitalizmin-dogdugu-yer-orta-dogu\/"},"modified":"2026-04-16T02:31:46","modified_gmt":"2026-04-15T23:31:46","slug":"kapitalizmin-dogdugu-yer-orta-dogu","status":"publish","type":"product","link":"https:\/\/roveyayinevi.com.tr\/index.php\/urun\/kapitalizmin-dogdugu-yer-orta-dogu\/","title":{"rendered":"Kapitalizmin Do\u011fdu\u011fu Yer &#8211; Orta Do\u011fu"},"content":{"rendered":"<p>Irak ve Suriye denince, akla, bombalar, ter\u00f6r ve insan\u00ee dram geliyor. Ancak, \u015fiddet ne zaman biraz dinse, Musul\u2019da veya Halep\u2019te \u00e7ar\u015f\u0131 pazar, g\u00fcnl\u00fck hayat hemen canlan\u0131r.  Avrupa\u2019ya t\u00fcccarlar y\u00fczy\u0131llar boyunca ak\u0131n edip burada faaliyetlerini s\u00fcrd\u00fcrd\u00fcler; siyaset \u015f\u00f6yle veya b\u00f6yle de\u011fi\u015firken gelenekler kolay kolay de\u011fi\u015fmez.   Elinizdeki iddial\u0131 ve g\u00fc\u00e7l\u00fc tarih\u00ee anlat\u0131mda, \u0130ranl\u0131 K\u00fcrt yazar Dr. Nima Sanandaji, binlerce y\u0131l \u00f6nce bankalar\u0131n ve kapitalizmin ortaya \u00e7\u0131kt\u0131\u011f\u0131 Orta Do\u011fu\u2019da serbest piyasalar\u0131n uzun ve kadim tarihini ele al\u0131yor. Tasvir, ilim ve irfan y\u00f6n\u00fcnden zengin bir tarih, \u00f6yle ki belki de bu \u00e7al\u0131\u015fman\u0131n en \u00f6nemli yan\u0131 bug\u00fcn\u00fcn Bat\u0131 d\u00fcnyas\u0131na vazetti\u011fi derslerde\u2026  Bizi bir zamanlar ba\u015far\u0131l\u0131 k\u0131lan davran\u0131\u015flar\u0131 ve sosyal dokuyu yeniden kazanmak i\u00e7in kadim Orta Do\u011fu\u2019ya m\u0131 bakmal\u0131y\u0131z?  Kapitalizmin Do\u011fdu\u011fu Yer: Orta Do\u011fu bar\u0131\u015fa ve \u00f6zg\u00fcrl\u00fc\u011fe   giden yolun, yeniden te\u015febb\u00fcs h\u00fcrriyetini ve uluslararas\u0131 m\u00fcbadele serbestiyetini benimsemekten ge\u00e7ti\u011fini g\u00f6steriyor. Gelecek ge\u00e7mi\u015fte yat\u0131yor.<\/p>\n","protected":false},"excerpt":{"rendered":"<p>Irak ve Suriye denince, akla, bombalar, ter\u00f6r ve insan\u00ee dram geliyor. Ancak, \u015fiddet ne zaman biraz dinse, Musul\u2019da veya Halep\u2019te \u00e7ar\u015f\u0131 pazar, g\u00fcnl\u00fck hayat hemen canlan\u0131r.<span class=\"excerpt-hellip\"> [\u2026]<\/span><\/p>\n","protected":false},"featured_media":0,"template":"","meta":{"_monsterinsights_skip_tracking":false,"_monsterinsights_sitenote_active":false,"_monsterinsights_sitenote_note":"","_monsterinsights_sitenote_category":0},"product_brand":[],"product_cat":[12370,12304],"product_tag":[],"class_list":{"0":"post-723678","1":"product","2":"type-product","3":"status-publish","5":"product_cat-arastirma-inceleme","6":"product_cat-tarih","7":"pa_cilt-ciltsiz","8":"pa_tur-kitap","9":"pa_yayinevi-liberte-yayinlari","10":"pa_yazar-nima-sanandaji","12":"first","13":"instock","14":"sale","15":"shipping-taxable","16":"purchasable","17":"product-type-simple"},"_links":{"self":[{"href":"https:\/\/roveyayinevi.com.tr\/index.php\/wp-json\/wp\/v2\/product\/723678","targetHints":{"allow":["GET"]}}],"collection":[{"href":"https:\/\/roveyayinevi.com.tr\/index.php\/wp-json\/wp\/v2\/product"}],"about":[{"href":"https:\/\/roveyayinevi.com.tr\/index.php\/wp-json\/wp\/v2\/types\/product"}],"wp:attachment":[{"href":"https:\/\/roveyayinevi.com.tr\/index.php\/wp-json\/wp\/v2\/media?parent=723678"}],"wp:term":[{"taxonomy":"product_brand","embeddable":true,"href":"https:\/\/roveyayinevi.com.tr\/index.php\/wp-json\/wp\/v2\/product_brand?post=723678"},{"taxonomy":"product_cat","embeddable":true,"href":"https:\/\/roveyayinevi.com.tr\/index.php\/wp-json\/wp\/v2\/product_cat?post=723678"},{"taxonomy":"product_tag","embeddable":true,"href":"https:\/\/roveyayinevi.com.tr\/index.php\/wp-json\/wp\/v2\/product_tag?post=723678"}],"curies":[{"name":"wp","href":"https:\/\/api.w.org\/{rel}","templated":true}]}}