{"id":723676,"date":"2025-08-27T19:22:51","date_gmt":"2025-08-27T16:22:51","guid":{"rendered":"https:\/\/roveyayinevi.com.tr\/index.php\/urun\/dunyanin-hakimi\/"},"modified":"2026-04-16T02:31:46","modified_gmt":"2026-04-15T23:31:46","slug":"dunyanin-hakimi","status":"publish","type":"product","link":"https:\/\/roveyayinevi.com.tr\/index.php\/urun\/dunyanin-hakimi\/","title":{"rendered":"D\u00fcnyan\u0131n Hakimi"},"content":{"rendered":"<p>Amerika\u2019n\u0131n Atlantik Okyanusu k\u0131y\u0131s\u0131 boyunca uzanan ve Mavi Da\u011flar olarak adland\u0131r\u0131lan s\u0131rada\u011flar\u0131n, en yetenekli da\u011fc\u0131lar\u0131n bile ula\u015fmay\u0131 ba\u015faramad\u0131\u011f\u0131 tepelerinden deh\u015fet verici g\u00fcr\u00fclt\u00fcler gelmeye ba\u015flar. Da\u011flar\u0131n zirvesinden \u00e7\u0131kan parlak \u0131\u015f\u0131klar, alevler ve meydana gelen sars\u0131nt\u0131lar yak\u0131nlardaki kasaba halk\u0131na b\u00fcy\u00fck bir korku salar.    Bu gizemli olaylar\u0131n arkas\u0131nda yatan ger\u00e7ekleri ara\u015ft\u0131rmas\u0131 i\u00e7in Washington Emniyet M\u00fcd\u00fcrl\u00fc\u011f\u00fc Ba\u015fm\u00fcfetti\u015fi John Strock g\u00f6revlendirilir. Soru\u015fturma s\u0131ras\u0131nda farkl\u0131 b\u00f6lgelerden yeni ve gizemli haberler de gelmeye devam eder. Tuhaf \u015fekilli gemiler, a\u015f\u0131r\u0131 h\u0131zl\u0131 arabalar ve u\u00e7an makineler, sanki hep ayn\u0131 arac\u0131 i\u015faret etmektedir. Ba\u015fm\u00fcfetti\u015f ipu\u00e7lar\u0131n\u0131 birle\u015ftirdik\u00e7e, deh\u015fet verici bir s\u0131rr\u0131n perdesi aralanmaya ba\u015flar. Bakal\u0131m Bay Strock bu gizemi \u00e7\u00f6zmeyi ba\u015farabilecek mi? <\/p>\n","protected":false},"excerpt":{"rendered":"<p>Amerika\u2019n\u0131n Atlantik Okyanusu k\u0131y\u0131s\u0131 boyunca uzanan ve Mavi Da\u011flar olarak adland\u0131r\u0131lan s\u0131rada\u011flar\u0131n, en yetenekli da\u011fc\u0131lar\u0131n bile ula\u015fmay\u0131 ba\u015faramad\u0131\u011f\u0131 tepelerinden deh\u015fet verici g\u00fcr\u00fclt\u00fcler gelmeye ba\u015flar. Da\u011flar\u0131n zirvesinden<span class=\"excerpt-hellip\"> [\u2026]<\/span><\/p>\n","protected":false},"featured_media":0,"template":"","meta":{"_monsterinsights_skip_tracking":false,"_monsterinsights_sitenote_active":false,"_monsterinsights_sitenote_note":"","_monsterinsights_sitenote_category":0},"product_brand":[],"product_cat":[12274,12284],"product_tag":[],"class_list":{"0":"post-723676","1":"product","2":"type-product","3":"status-publish","5":"product_cat-cocuk-ve-genclik-kitaplari","6":"product_cat-hikayeler","7":"pa_cilt-ciltsiz","8":"pa_tur-kitap","9":"pa_yayinevi-arkadas-yayinlari","10":"pa_yazar-jules-verne","12":"first","13":"instock","14":"sale","15":"shipping-taxable","16":"purchasable","17":"product-type-simple"},"_links":{"self":[{"href":"https:\/\/roveyayinevi.com.tr\/index.php\/wp-json\/wp\/v2\/product\/723676","targetHints":{"allow":["GET"]}}],"collection":[{"href":"https:\/\/roveyayinevi.com.tr\/index.php\/wp-json\/wp\/v2\/product"}],"about":[{"href":"https:\/\/roveyayinevi.com.tr\/index.php\/wp-json\/wp\/v2\/types\/product"}],"wp:attachment":[{"href":"https:\/\/roveyayinevi.com.tr\/index.php\/wp-json\/wp\/v2\/media?parent=723676"}],"wp:term":[{"taxonomy":"product_brand","embeddable":true,"href":"https:\/\/roveyayinevi.com.tr\/index.php\/wp-json\/wp\/v2\/product_brand?post=723676"},{"taxonomy":"product_cat","embeddable":true,"href":"https:\/\/roveyayinevi.com.tr\/index.php\/wp-json\/wp\/v2\/product_cat?post=723676"},{"taxonomy":"product_tag","embeddable":true,"href":"https:\/\/roveyayinevi.com.tr\/index.php\/wp-json\/wp\/v2\/product_tag?post=723676"}],"curies":[{"name":"wp","href":"https:\/\/api.w.org\/{rel}","templated":true}]}}