{"id":723668,"date":"2025-08-27T19:22:45","date_gmt":"2025-08-27T16:22:45","guid":{"rendered":"https:\/\/roveyayinevi.com.tr\/index.php\/urun\/genclerle-bas-basa-sosyalizm\/"},"modified":"2026-04-16T02:31:46","modified_gmt":"2026-04-15T23:31:46","slug":"genclerle-bas-basa-sosyalizm","status":"publish","type":"product","link":"https:\/\/roveyayinevi.com.tr\/index.php\/urun\/genclerle-bas-basa-sosyalizm\/","title":{"rendered":"Gen\u00e7lerle Ba\u015f Ba\u015fa &#8211; Sosyalizm"},"content":{"rendered":"<p>Sosyalizm s\u00f6z konusu oldu\u011funda, \u00fczerinde h\u00e2l\u00e2 tart\u0131\u015f\u0131lan, birbirinden farkl\u0131 g\u00f6r\u00fc\u015flerin ortaya at\u0131ld\u0131\u011f\u0131 konu ba\u015fl\u0131klar\u0131, \u00fczerinde g\u00f6r\u00fc\u015f birli\u011fi sa\u011flanm\u0131\u015f ba\u015fl\u0131klardan \u00e7ok daha fazla. Metin \u00c7ulhao\u011flu bu g\u00fc\u00e7l\u00fc\u011f\u00fc hat\u0131rda tutarak, gen\u00e7 bir \u00fcniversite \u00f6\u011frencisiyle sosyalizm \u00fczerine yapt\u0131\u011f\u0131 ak\u0131c\u0131 sohbeti k\u00e2\u011f\u0131da d\u00f6k\u00fcyor. Merakl\u0131 gencin sorular\u0131 ne kadar zorluysa, yazar\u0131n yan\u0131tlar\u0131 da basmakal\u0131p olmaktan o kadar uzak. Neden Deniz Gezmi\u015f\u2019e \u201cdevrimci\u201d, N\u00e2z\u0131m Hikmet\u2019e \u201ckom\u00fcnist \u015fair\u201d deniyor? Sosyalizm ile kom\u00fcnizmin fark\u0131 ne? Marx ve Engels\u2019in temsilcisi olduklar\u0131 \u201cbilimsel sosyalizm\u201d ne anlama geliyor? Sosyalizm \u00f6zel m\u00fclkiyetin her bi\u00e7imini ret mi eder? Sosyalist bir \u00fclkenin anayasas\u0131 olur mu? Sosyalizmde muhalif \u00f6rg\u00fctlenmelere, \u00f6rne\u011fin muhalif siyasal partilere izin verilir mi? E\u011fitim ve \u00f6\u011fretim, haklar ve \u00f6zg\u00fcrl\u00fckler bug\u00fcnk\u00fcnden \u00e7ok mu farkl\u0131 olur? Sosyalizm dini ve ibadet yerlerini yasaklar m\u0131? Sosyalizm Sovyetler Birli\u011fi\u2019nde neden \u00e7\u00f6kt\u00fc? Kapitalist sistemden kopu\u015flar bundan sonra da belirli aral\u0131klarla gene tek tek \u00fclkelerde mi ger\u00e7ekle\u015fir? Kad\u0131n ve \u00e7evre hareketleri sosyalizmin m\u00fcttefiki say\u0131lmal\u0131 m\u0131? Sosyalistlerin iktidara bar\u0131\u015f\u00e7\u0131 yollardan, \u00f6rne\u011fin se\u00e7imlerle gelmesi m\u00fcmk\u00fcn m\u00fc? Sosyalizmin gelece\u011fi hakk\u0131nda neden \u00fcmitli olmal\u0131y\u0131z? \u201cGen\u00e7lerle Ba\u015f Ba\u015fa: Sosyalizm\u201d, hem gen\u00e7ler hem de sosyalizm etraf\u0131nda d\u00f6nen tart\u0131\u015fmalara ilgi duyanlar i\u00e7in de\u011ferli bir kaynak. Yazar\u0131n yer yer ba\u015fvurdu\u011fu mizahi dil, bu ciddi sohbete ayr\u0131 bir renk kat\u0131yor. Pek \u00e7ok terimin ve kavram\u0131n kar\u015f\u0131l\u0131\u011f\u0131 sohbetin ak\u0131\u015f\u0131yla birlikte verildi\u011fi gibi, bunlar\u0131n d\u0131\u015f\u0131nda kalanlar i\u00e7in kitab\u0131n sonunda bir de s\u00f6zl\u00fck\u00e7e yer al\u0131yor. \u201cG\u00fcn\u00fcm\u00fczde, bir insan devrim ve sosyalizmin ger\u00e7ekle\u015fmesi olas\u0131l\u0131klar\u0131ndan da ba\u011f\u0131ms\u0131z olarak, salt daha geli\u015fkin bir birey olmak i\u00e7in bile sosyalizmle bir \u015fekilde ili\u015fkilenmek zorundad\u0131r\u201d diyor Metin \u00c7ulhao\u011flu. <\/p>\n","protected":false},"excerpt":{"rendered":"<p>Sosyalizm s\u00f6z konusu oldu\u011funda, \u00fczerinde h\u00e2l\u00e2 tart\u0131\u015f\u0131lan, birbirinden farkl\u0131 g\u00f6r\u00fc\u015flerin ortaya at\u0131ld\u0131\u011f\u0131 konu ba\u015fl\u0131klar\u0131, \u00fczerinde g\u00f6r\u00fc\u015f birli\u011fi sa\u011flanm\u0131\u015f ba\u015fl\u0131klardan \u00e7ok daha fazla. Metin \u00c7ulhao\u011flu bu g\u00fc\u00e7l\u00fc\u011f\u00fc<span class=\"excerpt-hellip\"> [\u2026]<\/span><\/p>\n","protected":false},"featured_media":0,"template":"","meta":{"_monsterinsights_skip_tracking":false,"_monsterinsights_sitenote_active":false,"_monsterinsights_sitenote_note":"","_monsterinsights_sitenote_category":0},"product_brand":[],"product_cat":[13590,12337],"product_tag":[],"class_list":{"0":"post-723668","1":"product","2":"type-product","3":"status-publish","5":"product_cat-arastirma-inceleme-politika-siyaset","6":"product_cat-politika-siyaset","7":"pa_cilt-ciltsiz","8":"pa_tur-kitap","9":"pa_yayinevi-yordam-kitap","10":"pa_yazar-metin-culhaoglu","12":"first","13":"instock","14":"sale","15":"shipping-taxable","16":"purchasable","17":"product-type-simple"},"_links":{"self":[{"href":"https:\/\/roveyayinevi.com.tr\/index.php\/wp-json\/wp\/v2\/product\/723668","targetHints":{"allow":["GET"]}}],"collection":[{"href":"https:\/\/roveyayinevi.com.tr\/index.php\/wp-json\/wp\/v2\/product"}],"about":[{"href":"https:\/\/roveyayinevi.com.tr\/index.php\/wp-json\/wp\/v2\/types\/product"}],"wp:attachment":[{"href":"https:\/\/roveyayinevi.com.tr\/index.php\/wp-json\/wp\/v2\/media?parent=723668"}],"wp:term":[{"taxonomy":"product_brand","embeddable":true,"href":"https:\/\/roveyayinevi.com.tr\/index.php\/wp-json\/wp\/v2\/product_brand?post=723668"},{"taxonomy":"product_cat","embeddable":true,"href":"https:\/\/roveyayinevi.com.tr\/index.php\/wp-json\/wp\/v2\/product_cat?post=723668"},{"taxonomy":"product_tag","embeddable":true,"href":"https:\/\/roveyayinevi.com.tr\/index.php\/wp-json\/wp\/v2\/product_tag?post=723668"}],"curies":[{"name":"wp","href":"https:\/\/api.w.org\/{rel}","templated":true}]}}