{"id":723663,"date":"2025-08-27T19:22:41","date_gmt":"2025-08-27T16:22:41","guid":{"rendered":"https:\/\/roveyayinevi.com.tr\/index.php\/urun\/ay-isiginda-istanbul\/"},"modified":"2026-04-16T02:31:46","modified_gmt":"2026-04-15T23:31:46","slug":"ay-isiginda-istanbul","status":"publish","type":"product","link":"https:\/\/roveyayinevi.com.tr\/index.php\/urun\/ay-isiginda-istanbul\/","title":{"rendered":"Ay I\u015f\u0131\u011f\u0131nda \u0130stanbul"},"content":{"rendered":"<p>G\u00fczeller g\u00fczeli T\u00fcrk k\u0131z\u0131 Ventura, ailesinin uygun g\u00f6rd\u00fc\u011f\u00fc bir evlili\u011fi yapmak \u00fczere Meksika\u2019ya do\u011fru yola \u00e7\u0131kar. Giderken de yan\u0131na sadece e\u015fyalar\u0131n\u0131 de\u011fil, bilinmezli\u011fe k\u0131rd\u0131\u011f\u0131 d\u00fcmenin sebep olaca\u011f\u0131 yan\u0131lsamalar\u0131 da al\u0131r. Do\u011fdu\u011fu topraklardan \u00e7ok uzakta yeni bir hayata ba\u015flamaya haz\u0131rlan\u0131rken, yolculu\u011fu s\u0131ras\u0131nda umulmad\u0131k bir s\u00fcrprizle kar\u015f\u0131la\u015f\u0131r. \u0130stanbul\u2019u \u00f6zlemeye devam ettik\u00e7e, bu duygusuyla ba\u015f edebilmek i\u00e7in ilgin\u00e7 bir \u015fifa kayna\u011f\u0131 ke\u015ffeder&#8230; Mexico City do\u011fumlu Sophie Goldberg\u2019in ilk roman\u0131 AY I\u015eI\u011eINDA \u0130STANBUL T\u00fcrk ve Sefarad yemeklerinin tarifiyle birlikte k\u00fclt\u00fcr\u00fcn\u00fc de \u00f6ncelikle i\u015fleyen e\u015fsiz bir kurgu roman&#8230; <\/p>\n","protected":false},"excerpt":{"rendered":"<p>G\u00fczeller g\u00fczeli T\u00fcrk k\u0131z\u0131 Ventura, ailesinin uygun g\u00f6rd\u00fc\u011f\u00fc bir evlili\u011fi yapmak \u00fczere Meksika\u2019ya do\u011fru yola \u00e7\u0131kar. Giderken de yan\u0131na sadece e\u015fyalar\u0131n\u0131 de\u011fil, bilinmezli\u011fe k\u0131rd\u0131\u011f\u0131 d\u00fcmenin sebep<span class=\"excerpt-hellip\"> [\u2026]<\/span><\/p>\n","protected":false},"featured_media":0,"template":"","meta":{"_monsterinsights_skip_tracking":false,"_monsterinsights_sitenote_active":false,"_monsterinsights_sitenote_note":"","_monsterinsights_sitenote_category":0},"product_brand":[],"product_cat":[12291,12711],"product_tag":[],"class_list":{"0":"post-723663","1":"product","2":"type-product","3":"status-publish","5":"product_cat-edebiyat","6":"product_cat-roman-oyku","7":"pa_cilt-ciltsiz","8":"pa_tur-kitap","9":"pa_yayinevi-destek-yayinlari","10":"pa_yazar-sophie-goldberg","12":"first","13":"instock","14":"sale","15":"shipping-taxable","16":"purchasable","17":"product-type-simple"},"_links":{"self":[{"href":"https:\/\/roveyayinevi.com.tr\/index.php\/wp-json\/wp\/v2\/product\/723663","targetHints":{"allow":["GET"]}}],"collection":[{"href":"https:\/\/roveyayinevi.com.tr\/index.php\/wp-json\/wp\/v2\/product"}],"about":[{"href":"https:\/\/roveyayinevi.com.tr\/index.php\/wp-json\/wp\/v2\/types\/product"}],"wp:attachment":[{"href":"https:\/\/roveyayinevi.com.tr\/index.php\/wp-json\/wp\/v2\/media?parent=723663"}],"wp:term":[{"taxonomy":"product_brand","embeddable":true,"href":"https:\/\/roveyayinevi.com.tr\/index.php\/wp-json\/wp\/v2\/product_brand?post=723663"},{"taxonomy":"product_cat","embeddable":true,"href":"https:\/\/roveyayinevi.com.tr\/index.php\/wp-json\/wp\/v2\/product_cat?post=723663"},{"taxonomy":"product_tag","embeddable":true,"href":"https:\/\/roveyayinevi.com.tr\/index.php\/wp-json\/wp\/v2\/product_tag?post=723663"}],"curies":[{"name":"wp","href":"https:\/\/api.w.org\/{rel}","templated":true}]}}