{"id":723656,"date":"2025-08-27T19:22:36","date_gmt":"2025-08-27T16:22:36","guid":{"rendered":"https:\/\/roveyayinevi.com.tr\/index.php\/urun\/oyun-ve-fiziki-etkinlikler-ogretimi\/"},"modified":"2026-04-16T02:31:46","modified_gmt":"2026-04-15T23:31:46","slug":"oyun-ve-fiziki-etkinlikler-ogretimi","status":"publish","type":"product","link":"https:\/\/roveyayinevi.com.tr\/index.php\/urun\/oyun-ve-fiziki-etkinlikler-ogretimi\/","title":{"rendered":"Oyun ve Fiziki Etkinlikler \u00d6\u011fretimi"},"content":{"rendered":"<p>Oyun ve fiziki etkinlikler \u00f6\u011frencinin b\u00fct\u00fcnc\u00fcl e\u011fitiminde \u00f6nemli bir potansiyele sahiptir. \u00d6\u011frenciler oyun ve fiziki etkinliklere kat\u0131l\u0131rken fiziksel, duygusal, sosyal, zihinsel vb. \u00f6zelliklerini geli\u015ftirme ve bunlara ba\u011fl\u0131 sa\u011fl\u0131\u011f\u0131n\u0131 iyile\u015ftirme f\u0131rsatlar\u0131n\u0131 elde etmektedir. Bu nedenle, \u00f6\u011frencilerde ilkokuldan itibaren oyun ve fiziki etkinliklere d\u00fczenli kat\u0131l\u0131m al\u0131\u015fkanl\u0131\u011f\u0131 geli\u015ftirme ve bunlara ba\u011fl\u0131 bilgi birikimini edinme, genel e\u011fitimin \u00f6nemli hedeflerinden biridir. \u0130lkokul d\u00fczeyinde, oyun ve fiziki etkinliklere kat\u0131l\u0131mdan \u00f6zellikle hareket yetkinli\u011fi, aktif ve sa\u011fl\u0131kl\u0131 ya\u015fam al\u0131\u015fkanl\u0131klar\u0131n\u0131n altyap\u0131s\u0131n\u0131n olu\u015fturulmas\u0131 bu \u00e7al\u0131\u015fman\u0131n temel amac\u0131d\u0131r.<\/p>\n","protected":false},"excerpt":{"rendered":"<p>Oyun ve fiziki etkinlikler \u00f6\u011frencinin b\u00fct\u00fcnc\u00fcl e\u011fitiminde \u00f6nemli bir potansiyele sahiptir. \u00d6\u011frenciler oyun ve fiziki etkinliklere kat\u0131l\u0131rken fiziksel, duygusal, sosyal, zihinsel vb. \u00f6zelliklerini geli\u015ftirme ve bunlara<span class=\"excerpt-hellip\"> [\u2026]<\/span><\/p>\n","protected":false},"featured_media":0,"template":"","meta":{"_monsterinsights_skip_tracking":false,"_monsterinsights_sitenote_active":false,"_monsterinsights_sitenote_note":"","_monsterinsights_sitenote_category":0},"product_brand":[],"product_cat":[12573,12566],"product_tag":[],"class_list":{"0":"post-723656","1":"product","2":"type-product","3":"status-publish","5":"product_cat-akademik-kitaplar","6":"product_cat-egitim","7":"pa_cilt-ciltsiz","8":"pa_tur-kitap","9":"pa_yayinevi-egiten-kitap","10":"pa_yazar-onur-kurtulus-kara","12":"first","13":"instock","14":"sale","15":"shipping-taxable","16":"purchasable","17":"product-type-simple"},"_links":{"self":[{"href":"https:\/\/roveyayinevi.com.tr\/index.php\/wp-json\/wp\/v2\/product\/723656","targetHints":{"allow":["GET"]}}],"collection":[{"href":"https:\/\/roveyayinevi.com.tr\/index.php\/wp-json\/wp\/v2\/product"}],"about":[{"href":"https:\/\/roveyayinevi.com.tr\/index.php\/wp-json\/wp\/v2\/types\/product"}],"wp:attachment":[{"href":"https:\/\/roveyayinevi.com.tr\/index.php\/wp-json\/wp\/v2\/media?parent=723656"}],"wp:term":[{"taxonomy":"product_brand","embeddable":true,"href":"https:\/\/roveyayinevi.com.tr\/index.php\/wp-json\/wp\/v2\/product_brand?post=723656"},{"taxonomy":"product_cat","embeddable":true,"href":"https:\/\/roveyayinevi.com.tr\/index.php\/wp-json\/wp\/v2\/product_cat?post=723656"},{"taxonomy":"product_tag","embeddable":true,"href":"https:\/\/roveyayinevi.com.tr\/index.php\/wp-json\/wp\/v2\/product_tag?post=723656"}],"curies":[{"name":"wp","href":"https:\/\/api.w.org\/{rel}","templated":true}]}}