{"id":723647,"date":"2025-08-27T19:22:29","date_gmt":"2025-08-27T16:22:29","guid":{"rendered":"https:\/\/roveyayinevi.com.tr\/index.php\/urun\/elma-kurdu\/"},"modified":"2026-04-16T02:31:46","modified_gmt":"2026-04-15T23:31:46","slug":"elma-kurdu","status":"publish","type":"product","link":"https:\/\/roveyayinevi.com.tr\/index.php\/urun\/elma-kurdu\/","title":{"rendered":"Elma Kurdu"},"content":{"rendered":"<p>Bu hik\u00e2ye sizlere on ya\u015f\u0131nda, mutsuz bir k\u0131z\u0131n mutlulu\u011fa varaca\u011f\u0131 yolculu\u011fu anlatacak. Elmalar\u0131yla me\u015fhur bir k\u00f6yde elma yemeyi sevmeyen bir k\u0131z \u00e7ocu\u011fu, evine misafir gelen anne k\u0131z sayesinde elmalar\u0131 \u00e7ok sevecek. Elmalar\u0131 \u00e7ok sevecek olmas\u0131n\u0131n ise g\u00fc\u00e7l\u00fc sebepleri var. Bu masaldaki g\u00fczel insanlarla tan\u0131\u015fmaya haz\u0131r m\u0131s\u0131n\u0131z? <\/p>\n","protected":false},"excerpt":{"rendered":"<p>Bu hik\u00e2ye sizlere on ya\u015f\u0131nda, mutsuz bir k\u0131z\u0131n mutlulu\u011fa varaca\u011f\u0131 yolculu\u011fu anlatacak. Elmalar\u0131yla me\u015fhur bir k\u00f6yde elma yemeyi sevmeyen bir k\u0131z \u00e7ocu\u011fu, evine misafir gelen anne<span class=\"excerpt-hellip\"> [\u2026]<\/span><\/p>\n","protected":false},"featured_media":0,"template":"","meta":{"_monsterinsights_skip_tracking":false,"_monsterinsights_sitenote_active":false,"_monsterinsights_sitenote_note":"","_monsterinsights_sitenote_category":0},"product_brand":[],"product_cat":[12274,12284],"product_tag":[],"class_list":{"0":"post-723647","1":"product","2":"type-product","3":"status-publish","5":"product_cat-cocuk-ve-genclik-kitaplari","6":"product_cat-hikayeler","7":"pa_cilt-ciltsiz","8":"pa_tur-kitap","9":"pa_yayinevi-dahi-cocuk-yayinlari","10":"pa_yazar-cansu-tirasoglu","12":"first","13":"instock","14":"sale","15":"shipping-taxable","16":"purchasable","17":"product-type-simple"},"_links":{"self":[{"href":"https:\/\/roveyayinevi.com.tr\/index.php\/wp-json\/wp\/v2\/product\/723647","targetHints":{"allow":["GET"]}}],"collection":[{"href":"https:\/\/roveyayinevi.com.tr\/index.php\/wp-json\/wp\/v2\/product"}],"about":[{"href":"https:\/\/roveyayinevi.com.tr\/index.php\/wp-json\/wp\/v2\/types\/product"}],"wp:attachment":[{"href":"https:\/\/roveyayinevi.com.tr\/index.php\/wp-json\/wp\/v2\/media?parent=723647"}],"wp:term":[{"taxonomy":"product_brand","embeddable":true,"href":"https:\/\/roveyayinevi.com.tr\/index.php\/wp-json\/wp\/v2\/product_brand?post=723647"},{"taxonomy":"product_cat","embeddable":true,"href":"https:\/\/roveyayinevi.com.tr\/index.php\/wp-json\/wp\/v2\/product_cat?post=723647"},{"taxonomy":"product_tag","embeddable":true,"href":"https:\/\/roveyayinevi.com.tr\/index.php\/wp-json\/wp\/v2\/product_tag?post=723647"}],"curies":[{"name":"wp","href":"https:\/\/api.w.org\/{rel}","templated":true}]}}