{"id":723644,"date":"2025-08-27T19:22:27","date_gmt":"2025-08-27T16:22:27","guid":{"rendered":"https:\/\/roveyayinevi.com.tr\/index.php\/urun\/dersimiz-hayal-bilgisi-2\/"},"modified":"2026-04-16T02:31:45","modified_gmt":"2026-04-15T23:31:45","slug":"dersimiz-hayal-bilgisi-2","status":"publish","type":"product","link":"https:\/\/roveyayinevi.com.tr\/index.php\/urun\/dersimiz-hayal-bilgisi-2\/","title":{"rendered":"Dersimiz Hayal Bilgisi 2"},"content":{"rendered":"<p>Hayat\u0131nda ka\u00e7 kez biriktirmeyi denedin bug\u00fcne kadar? Ya da biriktirmek deyine, neler geliyor akl\u0131na? D\u00fc\u015f\u00fcnsene, ne kadar g\u00fczel an\u0131n var hat\u0131rlad\u0131\u011f\u0131n? Ya da ka\u00e7 samimi dost edindin \u015fimdiye kadar? Bunca g\u00fczelli\u011fe sahip oldu\u011funun fark\u0131nda m\u0131yd\u0131n? Hayatta para biriktirmekten daha \u00f6nemli \u015feyler var, ak\u0131ll\u0131m. Bug\u00fcnden itibaren hayal biriktirece\u011fiz kumbaram\u0131zda. Bakal\u0131m en \u00e7ok hayali hangimiz biriktirecek. Hadi \u015fimdi a\u00e7 kitab\u0131n kapa\u011f\u0131n\u0131 ve kendini, birlikte yazd\u0131\u011f\u0131m\u0131z ikinci eserin b\u00fcy\u00fcs\u00fcne b\u0131rak. <\/p>\n","protected":false},"excerpt":{"rendered":"<p>Hayat\u0131nda ka\u00e7 kez biriktirmeyi denedin bug\u00fcne kadar? Ya da biriktirmek deyine, neler geliyor akl\u0131na? D\u00fc\u015f\u00fcnsene, ne kadar g\u00fczel an\u0131n var hat\u0131rlad\u0131\u011f\u0131n? Ya da ka\u00e7 samimi dost<span class=\"excerpt-hellip\"> [\u2026]<\/span><\/p>\n","protected":false},"featured_media":0,"template":"","meta":{"_monsterinsights_skip_tracking":false,"_monsterinsights_sitenote_active":false,"_monsterinsights_sitenote_note":"","_monsterinsights_sitenote_category":0},"product_brand":[],"product_cat":[12274,12284],"product_tag":[],"class_list":{"0":"post-723644","1":"product","2":"type-product","3":"status-publish","5":"product_cat-cocuk-ve-genclik-kitaplari","6":"product_cat-hikayeler","7":"pa_cilt-ciltsiz","8":"pa_tur-kitap","9":"pa_yayinevi-dahi-cocuk-yayinlari","10":"pa_yazar-serkan-sengul","12":"first","13":"instock","14":"sale","15":"shipping-taxable","16":"purchasable","17":"product-type-simple"},"_links":{"self":[{"href":"https:\/\/roveyayinevi.com.tr\/index.php\/wp-json\/wp\/v2\/product\/723644","targetHints":{"allow":["GET"]}}],"collection":[{"href":"https:\/\/roveyayinevi.com.tr\/index.php\/wp-json\/wp\/v2\/product"}],"about":[{"href":"https:\/\/roveyayinevi.com.tr\/index.php\/wp-json\/wp\/v2\/types\/product"}],"wp:attachment":[{"href":"https:\/\/roveyayinevi.com.tr\/index.php\/wp-json\/wp\/v2\/media?parent=723644"}],"wp:term":[{"taxonomy":"product_brand","embeddable":true,"href":"https:\/\/roveyayinevi.com.tr\/index.php\/wp-json\/wp\/v2\/product_brand?post=723644"},{"taxonomy":"product_cat","embeddable":true,"href":"https:\/\/roveyayinevi.com.tr\/index.php\/wp-json\/wp\/v2\/product_cat?post=723644"},{"taxonomy":"product_tag","embeddable":true,"href":"https:\/\/roveyayinevi.com.tr\/index.php\/wp-json\/wp\/v2\/product_tag?post=723644"}],"curies":[{"name":"wp","href":"https:\/\/api.w.org\/{rel}","templated":true}]}}