{"id":723627,"date":"2025-08-27T19:21:39","date_gmt":"2025-08-27T16:21:39","guid":{"rendered":"https:\/\/roveyayinevi.com.tr\/index.php\/urun\/murebbiye-5\/"},"modified":"2026-04-16T02:31:45","modified_gmt":"2026-04-15T23:31:45","slug":"murebbiye-5","status":"publish","type":"product","link":"https:\/\/roveyayinevi.com.tr\/index.php\/urun\/murebbiye-5\/","title":{"rendered":"M\u00fcrebbiye"},"content":{"rendered":"<p>G\u00f6n\u00fcl kurdu\u011fu a\u015fk saray\u0131n\u0131 y\u0131k\u0131lm\u0131\u015f g\u00f6rmektense, baz\u0131 ger\u00e7ekleri \u00e7i\u011fnemekten \u00e7ekinmez.\u201dT\u00fcrk edebiyat\u0131na bir\u00e7ok \u00f6nemli eser kazand\u0131ran, romanlar\u0131 g\u00fcn\u00fcm\u00fczde de de\u011ferini ve \u00f6zg\u00fcnl\u00fc\u011f\u00fcn\u00fc koruyan H\u00fcseyin Rahmi G\u00fcrp\u0131nar, toplumun \u00e7e\u015fitli s\u0131n\u0131f ve tabakalar\u0131na mensup ki\u015filerin belirli \u00f6zelliklerini ustal\u0131kla ortaya koyar, olaylar\u0131 abart\u0131l\u0131 olmayan bir g\u00fcld\u00fcr\u00fc ve anlat\u0131m rahatl\u0131\u011f\u0131yla okuyucuya sunar.Fransal\u0131 bir kad\u0131n olan Matmazel Anjel\u2019in Dehri Efendi\u2019nin kona\u011f\u0131nda m\u00fcrebbiye olarak \u00e7al\u0131\u015fmas\u0131yla ba\u015flayan trajikomik olaylar\u0131n anlat\u0131ld\u0131\u011f\u0131 M\u00fcrebbiye&#8217;de G\u00fcrp\u0131nar kurgu, diyalog ve hiciv unsurlar\u0131n\u0131 aktarmadaki  ustal\u0131\u011f\u0131yla okura katmanl\u0131 bir eser sunuyor.Soka\u011f\u0131 edebiyata ta\u015f\u0131yan yazar olarak bilinen H\u00fcseyin Rahmi G\u00fcrp\u0131nar\u2019a \u015f\u00f6hretin kap\u0131s\u0131n\u0131 a\u00e7an M\u00fcrebbiye\u2019yi g\u00fcn\u00fcm\u00fcz T\u00fcrk\u00e7esiyle sunuyoruz\u2026<\/p>\n","protected":false},"excerpt":{"rendered":"<p>G\u00f6n\u00fcl kurdu\u011fu a\u015fk saray\u0131n\u0131 y\u0131k\u0131lm\u0131\u015f g\u00f6rmektense, baz\u0131 ger\u00e7ekleri \u00e7i\u011fnemekten \u00e7ekinmez.\u201dT\u00fcrk edebiyat\u0131na bir\u00e7ok \u00f6nemli eser kazand\u0131ran, romanlar\u0131 g\u00fcn\u00fcm\u00fczde de de\u011ferini ve \u00f6zg\u00fcnl\u00fc\u011f\u00fcn\u00fc koruyan H\u00fcseyin Rahmi G\u00fcrp\u0131nar, toplumun<span class=\"excerpt-hellip\"> [\u2026]<\/span><\/p>\n","protected":false},"featured_media":0,"template":"","meta":{"_monsterinsights_skip_tracking":false,"_monsterinsights_sitenote_active":false,"_monsterinsights_sitenote_note":"","_monsterinsights_sitenote_category":0},"product_brand":[],"product_cat":[12291,12711],"product_tag":[],"class_list":{"0":"post-723627","1":"product","2":"type-product","3":"status-publish","5":"product_cat-edebiyat","6":"product_cat-roman-oyku","7":"pa_cilt-ciltsiz","8":"pa_tur-kitap","9":"pa_yayinevi-bilgi-yayinevi","10":"pa_yazar-huseyin-rahmi-gurpinar","12":"first","13":"instock","14":"sale","15":"shipping-taxable","16":"purchasable","17":"product-type-simple"},"_links":{"self":[{"href":"https:\/\/roveyayinevi.com.tr\/index.php\/wp-json\/wp\/v2\/product\/723627","targetHints":{"allow":["GET"]}}],"collection":[{"href":"https:\/\/roveyayinevi.com.tr\/index.php\/wp-json\/wp\/v2\/product"}],"about":[{"href":"https:\/\/roveyayinevi.com.tr\/index.php\/wp-json\/wp\/v2\/types\/product"}],"wp:attachment":[{"href":"https:\/\/roveyayinevi.com.tr\/index.php\/wp-json\/wp\/v2\/media?parent=723627"}],"wp:term":[{"taxonomy":"product_brand","embeddable":true,"href":"https:\/\/roveyayinevi.com.tr\/index.php\/wp-json\/wp\/v2\/product_brand?post=723627"},{"taxonomy":"product_cat","embeddable":true,"href":"https:\/\/roveyayinevi.com.tr\/index.php\/wp-json\/wp\/v2\/product_cat?post=723627"},{"taxonomy":"product_tag","embeddable":true,"href":"https:\/\/roveyayinevi.com.tr\/index.php\/wp-json\/wp\/v2\/product_tag?post=723627"}],"curies":[{"name":"wp","href":"https:\/\/api.w.org\/{rel}","templated":true}]}}