{"id":723607,"date":"2025-08-27T19:21:21","date_gmt":"2025-08-27T16:21:21","guid":{"rendered":"https:\/\/roveyayinevi.com.tr\/index.php\/urun\/bahcede-dunyayi-ogreniyorum\/"},"modified":"2026-04-16T02:31:44","modified_gmt":"2026-04-15T23:31:44","slug":"bahcede-dunyayi-ogreniyorum","status":"publish","type":"product","link":"https:\/\/roveyayinevi.com.tr\/index.php\/urun\/bahcede-dunyayi-ogreniyorum\/","title":{"rendered":"Bah\u00e7ede &#8211; D\u00fcnyay\u0131 \u00d6\u011freniyorum"},"content":{"rendered":"<p>Bah\u00e7ede \u00e7al\u0131\u015fmak b\u00fcy\u00fck keyif! Gizem ile Mert, babaanne ve dedelerine bah\u00e7ede yard\u0131m ederken bah\u00e7\u0131van olacak kadar \u00e7ok bilgi edindiler. Hem \u00e7i\u00e7eklerin ve bitkilerin isimlerini \u00f6\u011frendiler hem de onlara nas\u0131l bakacaklar\u0131n\u0131. Kompost nas\u0131l yap\u0131l\u0131r? Hangi sebzeler hangi mevsimde yeti\u015fir? Bah\u00e7e k\u0131\u015fa nas\u0131l haz\u0131rlan\u0131r? \u00c7ocuklar bah\u00e7e ile ilgili \u00e7e\u015fitli bilgiler edinirken, do\u011fa sevgileri de artacak.<\/p>\n","protected":false},"excerpt":{"rendered":"<p>Bah\u00e7ede \u00e7al\u0131\u015fmak b\u00fcy\u00fck keyif! Gizem ile Mert, babaanne ve dedelerine bah\u00e7ede yard\u0131m ederken bah\u00e7\u0131van olacak kadar \u00e7ok bilgi edindiler. Hem \u00e7i\u00e7eklerin ve bitkilerin isimlerini \u00f6\u011frendiler hem<span class=\"excerpt-hellip\"> [\u2026]<\/span><\/p>\n","protected":false},"featured_media":0,"template":"","meta":{"_monsterinsights_skip_tracking":false,"_monsterinsights_sitenote_active":false,"_monsterinsights_sitenote_note":"","_monsterinsights_sitenote_category":0},"product_brand":[],"product_cat":[12274,12284],"product_tag":[],"class_list":{"0":"post-723607","1":"product","2":"type-product","3":"status-publish","5":"product_cat-cocuk-ve-genclik-kitaplari","6":"product_cat-hikayeler","7":"pa_cilt-ciltsiz","8":"pa_tur-kitap","9":"pa_yayinevi-is-bankasi-kultur-yayinlari","10":"pa_yazar-christine-lange","12":"first","13":"instock","14":"sale","15":"shipping-taxable","16":"purchasable","17":"product-type-simple"},"_links":{"self":[{"href":"https:\/\/roveyayinevi.com.tr\/index.php\/wp-json\/wp\/v2\/product\/723607","targetHints":{"allow":["GET"]}}],"collection":[{"href":"https:\/\/roveyayinevi.com.tr\/index.php\/wp-json\/wp\/v2\/product"}],"about":[{"href":"https:\/\/roveyayinevi.com.tr\/index.php\/wp-json\/wp\/v2\/types\/product"}],"wp:attachment":[{"href":"https:\/\/roveyayinevi.com.tr\/index.php\/wp-json\/wp\/v2\/media?parent=723607"}],"wp:term":[{"taxonomy":"product_brand","embeddable":true,"href":"https:\/\/roveyayinevi.com.tr\/index.php\/wp-json\/wp\/v2\/product_brand?post=723607"},{"taxonomy":"product_cat","embeddable":true,"href":"https:\/\/roveyayinevi.com.tr\/index.php\/wp-json\/wp\/v2\/product_cat?post=723607"},{"taxonomy":"product_tag","embeddable":true,"href":"https:\/\/roveyayinevi.com.tr\/index.php\/wp-json\/wp\/v2\/product_tag?post=723607"}],"curies":[{"name":"wp","href":"https:\/\/api.w.org\/{rel}","templated":true}]}}