{"id":723571,"date":"2025-08-27T19:20:51","date_gmt":"2025-08-27T16:20:51","guid":{"rendered":"https:\/\/roveyayinevi.com.tr\/index.php\/urun\/cingoz-recai-sultan-azizin-mucevherleri\/"},"modified":"2026-04-03T02:38:06","modified_gmt":"2026-04-02T23:38:06","slug":"cingoz-recai-sultan-azizin-mucevherleri","status":"publish","type":"product","link":"https:\/\/roveyayinevi.com.tr\/index.php\/urun\/cingoz-recai-sultan-azizin-mucevherleri\/","title":{"rendered":"Cing\u00f6z Recai Sultan Aziz&#8217;in M\u00fccevherleri"},"content":{"rendered":"<p>Cing\u00f6z Recai serisinin ge\u00e7 \u00f6rneklerinden biri olan Sultan Aziz\u2019in M\u00fccevherleri, ilk defa 29 Mart 1959-26 May\u0131s 1959 tarihleri aras\u0131nda Terc\u00fcman gazetesinde tefrika edilerek okuyucuyla bulu\u015fmu\u015f, 1962 y\u0131l\u0131nda kitapla\u015fm\u0131\u015ft\u0131r.Mesadet Han\u0131m, sahip oldu\u011fu Sultan Aziz\u2019in paha bi\u00e7ilemez m\u00fccevherat\u0131n\u0131 v\u00e2rislerden ka\u00e7\u0131rmak i\u00e7in tertip etti\u011fi plan\u0131n kurban\u0131 olur. Mesadet Han\u0131m\u2019\u0131n Bostanc\u0131\u2019daki k\u00f6\u015fk\u00fcnde \u015f\u00fcpheli \u00f6l\u00fcm\u00fc, t\u00fcm \u0130stanbul\u2019un dilinde olan m\u00fccevherlerin Cing\u00f6z Recai\u2019nin de dikkatini \u00e7ekmesini sa\u011flar. M\u00fccevherat\u0131n yerini \u00f6\u011frenmek i\u00e7in \u00e7abalayan Cing\u00f6z Recai, bu zorlu macerada Mesadet Han\u0131m\u2019\u0131n k\u0131z\u0131 T\u00fclin, damad\u0131 Faruk ve \u015fof\u00f6r\u00fc Nuri\u2019yi tetkik edecek, hadiseyi derinlemesine ara\u015ft\u0131rd\u0131k\u00e7a meselenin \u00e7ok daha b\u00fcy\u00fck tertiplerle \u00f6r\u00fcld\u00fc\u011f\u00fcn\u00fc anlayacakt\u0131r. Cing\u00f6z Recai\u2019yi bu macerada T\u00fcrk ve \u0130talyan rakipleri rahat b\u0131rakmad\u0131\u011f\u0131 gibi, eski dostu ve amans\u0131z d\u00fc\u015fman\u0131 Ba\u015fkomiser Mehmet R\u0131za da onu yakalamak i\u00e7in t\u00fcm g\u00fcc\u00fcn\u00fc seferber edecektir!Prof. Dr. Seval \u015eahin\u2019in notlar\u0131 ve T\u00fclin Ural\u2019\u0131n takdimiyle ne\u015fretti\u011fimiz Sultan Aziz\u2019in M\u00fccevherleri\u2019nde gen\u00e7lik ya\u015flar\u0131n\u0131 geride b\u0131rakm\u0131\u015f bir Cing\u00f6z\u2019le kar\u015f\u0131la\u015fsak da o h\u00e2l\u00e2 keskin bak\u0131\u015flar\u0131, m\u00fcthi\u015f zek\u00e2s\u0131, kurdu\u011fu te\u015fkilat\u0131 ve sevgilisi Jale ile t\u00fcm karma\u015f\u0131k olaylar\u0131n \u00fcstesinden gelecek bir heyecana sahiptir!<\/p>\n","protected":false},"excerpt":{"rendered":"<p>Cing\u00f6z Recai serisinin ge\u00e7 \u00f6rneklerinden biri olan Sultan Aziz\u2019in M\u00fccevherleri, ilk defa 29 Mart 1959-26 May\u0131s 1959 tarihleri aras\u0131nda Terc\u00fcman gazetesinde tefrika edilerek okuyucuyla bulu\u015fmu\u015f, 1962<span class=\"excerpt-hellip\"> [\u2026]<\/span><\/p>\n","protected":false},"featured_media":0,"template":"","meta":{"_monsterinsights_skip_tracking":false,"_monsterinsights_sitenote_active":false,"_monsterinsights_sitenote_note":"","_monsterinsights_sitenote_category":0},"product_brand":[],"product_cat":[12291,12711],"product_tag":[],"class_list":{"0":"post-723571","1":"product","2":"type-product","3":"status-publish","5":"product_cat-edebiyat","6":"product_cat-roman-oyku","7":"pa_cilt-ciltsiz","8":"pa_tur-kitap","9":"pa_yayinevi-otuken-nesriyat","10":"pa_yazar-peyami-safa","12":"first","13":"instock","14":"sale","15":"shipping-taxable","16":"purchasable","17":"product-type-simple"},"_links":{"self":[{"href":"https:\/\/roveyayinevi.com.tr\/index.php\/wp-json\/wp\/v2\/product\/723571","targetHints":{"allow":["GET"]}}],"collection":[{"href":"https:\/\/roveyayinevi.com.tr\/index.php\/wp-json\/wp\/v2\/product"}],"about":[{"href":"https:\/\/roveyayinevi.com.tr\/index.php\/wp-json\/wp\/v2\/types\/product"}],"wp:attachment":[{"href":"https:\/\/roveyayinevi.com.tr\/index.php\/wp-json\/wp\/v2\/media?parent=723571"}],"wp:term":[{"taxonomy":"product_brand","embeddable":true,"href":"https:\/\/roveyayinevi.com.tr\/index.php\/wp-json\/wp\/v2\/product_brand?post=723571"},{"taxonomy":"product_cat","embeddable":true,"href":"https:\/\/roveyayinevi.com.tr\/index.php\/wp-json\/wp\/v2\/product_cat?post=723571"},{"taxonomy":"product_tag","embeddable":true,"href":"https:\/\/roveyayinevi.com.tr\/index.php\/wp-json\/wp\/v2\/product_tag?post=723571"}],"curies":[{"name":"wp","href":"https:\/\/api.w.org\/{rel}","templated":true}]}}