{"id":723570,"date":"2025-08-27T19:20:50","date_gmt":"2025-08-27T16:20:50","guid":{"rendered":"https:\/\/roveyayinevi.com.tr\/index.php\/urun\/oyun-arkadasim-olur-musun\/"},"modified":"2026-04-16T02:31:44","modified_gmt":"2026-04-15T23:31:44","slug":"oyun-arkadasim-olur-musun","status":"publish","type":"product","link":"https:\/\/roveyayinevi.com.tr\/index.php\/urun\/oyun-arkadasim-olur-musun\/","title":{"rendered":"Oyun Arkada\u015f\u0131m Olur Musun?"},"content":{"rendered":"<p>Tohum toplar\u0131 yapmak ve onlar\u0131 do\u011fayla bulu\u015fturmak ister misiniz? Kompost ya da ku\u015flar i\u00e7in k\u00fc\u00e7\u00fck bir yuva yapmay\u0131? Do\u011fan\u0131n sesini dinlemeyi? G\u00f6ky\u00fcz\u00fcn\u00fcn neden mavi oldu\u011funu \u00f6\u011frenmeyi?\u201cOyun Arkada\u015f\u0131m Olur Musun?\u201d, \u00e7ocuklar\u0131 do\u011fayla yeniden tan\u0131\u015fmaya \u00e7a\u011f\u0131r\u0131yor. \u00c7ocuklar\u0131n t\u00fcm zek\u00e2 alanlar\u0131n\u0131 kullanabilecekleri, yeni beceriler kazanabilecekleri, duygusal olarak zenginle\u015fecekleri bu kitap, onlar\u0131 s\u0131n\u0131f d\u0131\u015f\u0131na \u00e7\u0131kararak do\u011fay\u0131 dinlemeye \u00e7a\u011f\u0131r\u0131yor.Okul \u00f6ncesi \u00f6\u011fretmenleri i\u00e7in yard\u0131mc\u0131, \u00e7ocuklar i\u00e7in e\u011fitici bir oyuncak olan \u201cOyun Arkada\u015f\u0131m Olur Musun?\u201da cevap vermeye ne dersiniz?.<\/p>\n","protected":false},"excerpt":{"rendered":"<p>Tohum toplar\u0131 yapmak ve onlar\u0131 do\u011fayla bulu\u015fturmak ister misiniz? Kompost ya da ku\u015flar i\u00e7in k\u00fc\u00e7\u00fck bir yuva yapmay\u0131? Do\u011fan\u0131n sesini dinlemeyi? G\u00f6ky\u00fcz\u00fcn\u00fcn neden mavi oldu\u011funu \u00f6\u011frenmeyi?\u201cOyun<span class=\"excerpt-hellip\"> [\u2026]<\/span><\/p>\n","protected":false},"featured_media":0,"template":"","meta":{"_monsterinsights_skip_tracking":false,"_monsterinsights_sitenote_active":false,"_monsterinsights_sitenote_note":"","_monsterinsights_sitenote_category":0},"product_brand":[],"product_cat":[12274,17859],"product_tag":[],"class_list":{"0":"post-723570","1":"product","2":"type-product","3":"status-publish","5":"product_cat-cocuk-ve-genclik-kitaplari","6":"product_cat-oyun-kitaplari","7":"pa_cilt-ciltsiz","8":"pa_tur-kitap","9":"pa_yayinevi-timas-cocuk","10":"pa_yazar-semra-aydin-avsar","12":"first","13":"instock","14":"sale","15":"shipping-taxable","16":"purchasable","17":"product-type-simple"},"_links":{"self":[{"href":"https:\/\/roveyayinevi.com.tr\/index.php\/wp-json\/wp\/v2\/product\/723570","targetHints":{"allow":["GET"]}}],"collection":[{"href":"https:\/\/roveyayinevi.com.tr\/index.php\/wp-json\/wp\/v2\/product"}],"about":[{"href":"https:\/\/roveyayinevi.com.tr\/index.php\/wp-json\/wp\/v2\/types\/product"}],"wp:attachment":[{"href":"https:\/\/roveyayinevi.com.tr\/index.php\/wp-json\/wp\/v2\/media?parent=723570"}],"wp:term":[{"taxonomy":"product_brand","embeddable":true,"href":"https:\/\/roveyayinevi.com.tr\/index.php\/wp-json\/wp\/v2\/product_brand?post=723570"},{"taxonomy":"product_cat","embeddable":true,"href":"https:\/\/roveyayinevi.com.tr\/index.php\/wp-json\/wp\/v2\/product_cat?post=723570"},{"taxonomy":"product_tag","embeddable":true,"href":"https:\/\/roveyayinevi.com.tr\/index.php\/wp-json\/wp\/v2\/product_tag?post=723570"}],"curies":[{"name":"wp","href":"https:\/\/api.w.org\/{rel}","templated":true}]}}